--
-- Host: localhost    Database: aasharec_share
-- ------------------------------------------------------


--
-- Table structure for table `anasthesa`
--

CREATE TABLE `anasthesa` (
  `id` int(11) NOT NULL AUTO_INCREMENT,
  `name` varchar(255) COLLATE utf8mb4_unicode_ci NOT NULL,
  `del` int(11) NOT NULL,
  PRIMARY KEY (`id`) USING BTREE
) ENGINE=InnoDB AUTO_INCREMENT=45 DEFAULT CHARSET=utf8mb4 COLLATE=utf8mb4_unicode_ci ROW_FORMAT=COMPACT;

--
-- Dumping data for table `anasthesa`
--

INSERT INTO `anasthesa` VALUES (2,'regional',0),(44,'general',0);

--
-- Table structure for table `andcomplaint`
--

CREATE TABLE `andcomplaint` (
  `id` int(11) NOT NULL AUTO_INCREMENT,
  `name` varchar(255) NOT NULL,
  `deleted` int(11) NOT NULL,
  PRIMARY KEY (`id`) USING BTREE
) ENGINE=InnoDB DEFAULT CHARSET=latin1 ROW_FORMAT=COMPACT;

--
-- Dumping data for table `andcomplaint`
--


--
-- Table structure for table `andcontraception`
--

CREATE TABLE `andcontraception` (
  `id` int(11) NOT NULL AUTO_INCREMENT,
  `patientid` int(11) NOT NULL,
  `date` date NOT NULL,
  `typeid` int(11) DEFAULT NULL,
  `duration` varchar(255) COLLATE utf8mb4_unicode_ci DEFAULT NULL,
  `stopped` varchar(255) COLLATE utf8mb4_unicode_ci DEFAULT NULL,
  `notes` text COLLATE utf8mb4_unicode_ci,
  `doctorid` int(11) NOT NULL,
  `deleted` int(11) NOT NULL DEFAULT '0',
  PRIMARY KEY (`id`) USING BTREE
) ENGINE=InnoDB DEFAULT CHARSET=utf8mb4 COLLATE=utf8mb4_unicode_ci ROW_FORMAT=COMPACT;

--
-- Dumping data for table `andcontraception`
--


--
-- Table structure for table `andcontratype`
--

CREATE TABLE `andcontratype` (
  `id` int(11) NOT NULL AUTO_INCREMENT,
  `name` varchar(255) COLLATE utf8mb4_unicode_ci NOT NULL,
  `deleted` int(11) NOT NULL DEFAULT '0',
  PRIMARY KEY (`id`) USING BTREE
) ENGINE=InnoDB DEFAULT CHARSET=utf8mb4 COLLATE=utf8mb4_unicode_ci ROW_FORMAT=COMPACT;

--
-- Dumping data for table `andcontratype`
--


--
-- Table structure for table `anddiagnosis`
--

CREATE TABLE `anddiagnosis` (
  `id` int(11) unsigned NOT NULL AUTO_INCREMENT,
  `name` varchar(191) COLLATE utf8mb4_unicode_ci DEFAULT NULL,
  `deleted` int(11) unsigned DEFAULT NULL,
  PRIMARY KEY (`id`) USING BTREE
) ENGINE=InnoDB DEFAULT CHARSET=utf8mb4 COLLATE=utf8mb4_unicode_ci ROW_FORMAT=COMPACT;

--
-- Dumping data for table `anddiagnosis`
--


--
-- Table structure for table `andejaculation`
--

CREATE TABLE `andejaculation` (
  `id` int(11) NOT NULL AUTO_INCREMENT,
  `patientid` int(11) NOT NULL,
  `date` date NOT NULL,
  `diseaseid` int(11) DEFAULT NULL,
  `notes` text CHARACTER SET utf8mb4 COLLATE utf8mb4_unicode_ci,
  `doctorid` int(11) NOT NULL,
  `deleted` int(11) NOT NULL DEFAULT '0',
  PRIMARY KEY (`id`) USING BTREE
) ENGINE=InnoDB DEFAULT CHARSET=latin1 ROW_FORMAT=COMPACT;

--
-- Dumping data for table `andejaculation`
--


--
-- Table structure for table `anderection`
--

CREATE TABLE `anderection` (
  `id` int(11) NOT NULL AUTO_INCREMENT,
  `patientid` int(11) NOT NULL,
  `date` date NOT NULL,
  `diseaseid` int(11) DEFAULT NULL,
  `notes` text CHARACTER SET utf8mb4 COLLATE utf8mb4_unicode_ci,
  `doctorid` int(11) NOT NULL,
  `deleted` int(11) NOT NULL DEFAULT '0',
  PRIMARY KEY (`id`) USING BTREE
) ENGINE=InnoDB DEFAULT CHARSET=latin1 ROW_FORMAT=COMPACT;

--
-- Dumping data for table `anderection`
--


--
-- Table structure for table `andexamination`
--

CREATE TABLE `andexamination` (
  `id` int(11) NOT NULL AUTO_INCREMENT,
  `patientid` int(11) NOT NULL,
  `date` date DEFAULT NULL,
  `details` text CHARACTER SET utf8mb4 COLLATE utf8mb4_unicode_ci,
  `testesr` varchar(255) CHARACTER SET utf8mb4 COLLATE utf8mb4_unicode_ci DEFAULT NULL,
  `testesl` varchar(255) CHARACTER SET utf8mb4 COLLATE utf8mb4_unicode_ci DEFAULT NULL,
  `epidr` varchar(255) CHARACTER SET utf8mb4 COLLATE utf8mb4_unicode_ci DEFAULT NULL,
  `epidl` varchar(255) CHARACTER SET utf8mb4 COLLATE utf8mb4_unicode_ci DEFAULT NULL,
  `vasr` varchar(255) CHARACTER SET utf8mb4 COLLATE utf8mb4_unicode_ci DEFAULT NULL,
  `vasl` varchar(255) CHARACTER SET utf8mb4 COLLATE utf8mb4_unicode_ci DEFAULT NULL,
  `cordr` varchar(255) CHARACTER SET utf8mb4 COLLATE utf8mb4_unicode_ci DEFAULT NULL,
  `cordl` varchar(255) CHARACTER SET utf8mb4 COLLATE utf8mb4_unicode_ci DEFAULT NULL,
  `notes` text CHARACTER SET utf8mb4 COLLATE utf8mb4_unicode_ci,
  `doctorid` int(11) NOT NULL,
  `deleted` int(11) NOT NULL DEFAULT '0',
  PRIMARY KEY (`id`) USING BTREE
) ENGINE=InnoDB DEFAULT CHARSET=latin1 ROW_FORMAT=COMPACT;

--
-- Dumping data for table `andexamination`
--


--
-- Table structure for table `andhistory`
--

CREATE TABLE `andhistory` (
  `id` int(11) NOT NULL AUTO_INCREMENT,
  `patientid` int(11) NOT NULL,
  `date` date DEFAULT NULL,
  `marriage` varchar(255) COLLATE utf8mb4_unicode_ci DEFAULT NULL,
  `fertile` int(11) DEFAULT NULL COMMENT '1 fertile  , 2 infertile ',
  `fertiletype` int(11) DEFAULT NULL COMMENT '1 primary , 2 secondary',
  `durationid` int(11) DEFAULT NULL,
  `abortionno` int(11) NOT NULL DEFAULT '0',
  `trauma` int(11) DEFAULT NULL COMMENT '1 no , 2 yes',
  `inflammation` int(11) DEFAULT NULL COMMENT '1 no , 2 yes',
  `smoking` int(11) DEFAULT NULL COMMENT '1 no , 2 yes',
  `smokinglevel` int(11) DEFAULT NULL COMMENT '1 mild , 2 moderate , 3 seafarer',
  `doctorid` int(11) NOT NULL,
  `deleted` int(11) NOT NULL DEFAULT '0',
  PRIMARY KEY (`id`) USING BTREE
) ENGINE=InnoDB DEFAULT CHARSET=utf8mb4 COLLATE=utf8mb4_unicode_ci ROW_FORMAT=COMPACT;

--
-- Dumping data for table `andhistory`
--


--
-- Table structure for table `andmedicalproblems`
--

CREATE TABLE `andmedicalproblems` (
  `id` int(11) NOT NULL AUTO_INCREMENT,
  `patientid` int(11) NOT NULL,
  `date` date DEFAULT NULL,
  `diseaseid` int(11) DEFAULT NULL,
  `notes` text CHARACTER SET utf8mb4 COLLATE utf8mb4_unicode_ci,
  `doctorid` int(11) NOT NULL,
  `deleted` int(11) NOT NULL DEFAULT '0',
  PRIMARY KEY (`id`) USING BTREE
) ENGINE=InnoDB DEFAULT CHARSET=latin1 ROW_FORMAT=COMPACT;

--
-- Dumping data for table `andmedicalproblems`
--


--
-- Table structure for table `andvisits`
--

CREATE TABLE `andvisits` (
  `id` int(11) unsigned NOT NULL AUTO_INCREMENT,
  `patientid` int(11) unsigned DEFAULT NULL,
  `date` date DEFAULT NULL,
  `complaint` text COLLATE utf8mb4_unicode_ci,
  `diagnosisid` text COLLATE utf8mb4_unicode_ci,
  `notes` text COLLATE utf8mb4_unicode_ci,
  `deleted` int(11) unsigned DEFAULT NULL,
  `doctorid` int(11) unsigned DEFAULT NULL,
  `diagnosistxt` varchar(191) COLLATE utf8mb4_unicode_ci DEFAULT NULL,
  `complaintid` varchar(191) COLLATE utf8mb4_unicode_ci DEFAULT NULL,
  PRIMARY KEY (`id`) USING BTREE
) ENGINE=InnoDB DEFAULT CHARSET=utf8mb4 COLLATE=utf8mb4_unicode_ci ROW_FORMAT=COMPACT;

--
-- Dumping data for table `andvisits`
--


--
-- Table structure for table `andvisitsdrugs`
--

CREATE TABLE `andvisitsdrugs` (
  `id` int(11) NOT NULL AUTO_INCREMENT,
  `patientid` int(11) NOT NULL,
  `date` date DEFAULT NULL,
  `drugid` varchar(150) COLLATE utf8mb4_unicode_ci DEFAULT NULL,
  `drugtype` varchar(100) COLLATE utf8mb4_unicode_ci DEFAULT NULL,
  `drugdos` varchar(255) COLLATE utf8mb4_unicode_ci DEFAULT NULL,
  `deleted` int(11) NOT NULL DEFAULT '0',
  `doctorid` int(11) NOT NULL,
  `drugname` varchar(191) COLLATE utf8mb4_unicode_ci DEFAULT NULL,
  `forhusband` int(11) unsigned DEFAULT NULL,
  `recepittmpid` int(11) DEFAULT '0',
  `recepitdrugid` int(11) DEFAULT '0',
  PRIMARY KEY (`id`) USING BTREE
) ENGINE=InnoDB DEFAULT CHARSET=utf8mb4 COLLATE=utf8mb4_unicode_ci ROW_FORMAT=COMPACT;

--
-- Dumping data for table `andvisitsdrugs`
--


--
-- Table structure for table `andvisitsficils`
--

CREATE TABLE `andvisitsficils` (
  `id` int(11) NOT NULL AUTO_INCREMENT,
  `andvisitsusid` int(11) NOT NULL,
  `name` varchar(100) COLLATE utf8mb4_unicode_ci DEFAULT NULL,
  `length` varchar(100) COLLATE utf8mb4_unicode_ci DEFAULT NULL,
  `width` varchar(100) COLLATE utf8mb4_unicode_ci DEFAULT NULL,
  `volume` varchar(100) COLLATE utf8mb4_unicode_ci DEFAULT NULL,
  `type` int(11) NOT NULL DEFAULT '0',
  `sysdate` date DEFAULT NULL,
  PRIMARY KEY (`id`) USING BTREE
) ENGINE=InnoDB DEFAULT CHARSET=utf8mb4 COLLATE=utf8mb4_unicode_ci ROW_FORMAT=COMPACT;

--
-- Dumping data for table `andvisitsficils`
--


--
-- Table structure for table `andvisitsgenetictesting`
--

CREATE TABLE `andvisitsgenetictesting` (
  `id` int(11) NOT NULL AUTO_INCREMENT,
  `patientid` int(11) NOT NULL,
  `date` date DEFAULT NULL,
  `chromosome` int(11) DEFAULT NULL,
  `azf` int(11) DEFAULT NULL,
  `notes` text COLLATE utf8mb4_unicode_ci,
  `doctorid` int(11) NOT NULL,
  `deleted` int(11) NOT NULL DEFAULT '0',
  PRIMARY KEY (`id`) USING BTREE
) ENGINE=InnoDB DEFAULT CHARSET=utf8mb4 COLLATE=utf8mb4_unicode_ci ROW_FORMAT=COMPACT;

--
-- Dumping data for table `andvisitsgenetictesting`
--


--
-- Table structure for table `andvisitsinvestigation`
--

CREATE TABLE `andvisitsinvestigation` (
  `id` int(11) NOT NULL AUTO_INCREMENT,
  `patientid` int(11) NOT NULL,
  `date` date DEFAULT NULL,
  `investid` int(11) NOT NULL,
  `offer_id` int(11) DEFAULT '0',
  `investresult` varchar(250) COLLATE utf8mb4_unicode_ci DEFAULT NULL,
  `deleted` int(11) NOT NULL DEFAULT '0',
  `doctorid` int(11) NOT NULL,
  `forhusband` int(11) DEFAULT NULL,
  PRIMARY KEY (`id`) USING BTREE
) ENGINE=InnoDB DEFAULT CHARSET=utf8mb4 COLLATE=utf8mb4_unicode_ci ROW_FORMAT=COMPACT;

--
-- Dumping data for table `andvisitsinvestigation`
--


--
-- Table structure for table `andvisitsrays`
--

CREATE TABLE `andvisitsrays` (
  `id` int(11) NOT NULL AUTO_INCREMENT,
  `patientid` int(11) NOT NULL,
  `date` date DEFAULT NULL,
  `rayid` int(11) NOT NULL,
  `rayresult` varchar(250) COLLATE utf8mb4_unicode_ci DEFAULT NULL,
  `deleted` int(11) NOT NULL DEFAULT '0',
  `doctorid` int(11) NOT NULL,
  `forhusband` int(11) DEFAULT NULL,
  `resultdoctorid` int(11) DEFAULT '0',
  `rayimg` varchar(255) COLLATE utf8mb4_unicode_ci DEFAULT NULL,
  PRIMARY KEY (`id`) USING BTREE
) ENGINE=InnoDB DEFAULT CHARSET=utf8mb4 COLLATE=utf8mb4_unicode_ci ROW_FORMAT=COMPACT;

--
-- Dumping data for table `andvisitsrays`
--


--
-- Table structure for table `andvisitssemen`
--

CREATE TABLE `andvisitssemen` (
  `id` int(11) NOT NULL AUTO_INCREMENT,
  `patientid` int(11) DEFAULT NULL,
  `date` date DEFAULT NULL,
  `vol` varchar(255) COLLATE utf8mb4_unicode_ci DEFAULT NULL,
  `ph` varchar(255) COLLATE utf8mb4_unicode_ci DEFAULT NULL,
  `viscosity` varchar(255) COLLATE utf8mb4_unicode_ci DEFAULT NULL,
  `aggl` varchar(255) COLLATE utf8mb4_unicode_ci DEFAULT NULL,
  `conc` varchar(255) COLLATE utf8mb4_unicode_ci DEFAULT NULL,
  `ab` varchar(255) COLLATE utf8mb4_unicode_ci DEFAULT NULL,
  `nf` varchar(255) COLLATE utf8mb4_unicode_ci DEFAULT NULL,
  `pus` varchar(255) COLLATE utf8mb4_unicode_ci DEFAULT NULL,
  `others` varchar(255) COLLATE utf8mb4_unicode_ci DEFAULT NULL,
  `doctorid` int(11) NOT NULL,
  `deleted` int(11) DEFAULT '0',
  PRIMARY KEY (`id`) USING BTREE
) ENGINE=InnoDB DEFAULT CHARSET=utf8mb4 COLLATE=utf8mb4_unicode_ci ROW_FORMAT=COMPACT;

--
-- Dumping data for table `andvisitssemen`
--


--
-- Table structure for table `andvisitsus`
--

CREATE TABLE `andvisitsus` (
  `id` int(11) NOT NULL AUTO_INCREMENT,
  `patientid` int(11) DEFAULT NULL,
  `date` date DEFAULT NULL,
  `day` varchar(50) COLLATE utf8mb4_unicode_ci DEFAULT NULL,
  `endo` varchar(50) COLLATE utf8mb4_unicode_ci DEFAULT NULL,
  `ovrayll` varchar(50) COLLATE utf8mb4_unicode_ci DEFAULT NULL,
  `ovraylw` varchar(50) COLLATE utf8mb4_unicode_ci DEFAULT NULL,
  `ovraylv` varchar(50) COLLATE utf8mb4_unicode_ci DEFAULT NULL,
  `ovraylno` varchar(50) COLLATE utf8mb4_unicode_ci DEFAULT NULL,
  `ovraylsize` varchar(50) COLLATE utf8mb4_unicode_ci DEFAULT NULL,
  `ovrayrl` varchar(50) COLLATE utf8mb4_unicode_ci DEFAULT NULL,
  `ovrayrw` varchar(50) COLLATE utf8mb4_unicode_ci DEFAULT NULL,
  `ovrayrv` varchar(50) COLLATE utf8mb4_unicode_ci DEFAULT NULL,
  `ovrayrno` varchar(50) COLLATE utf8mb4_unicode_ci DEFAULT NULL,
  `ovrayrsize` varchar(50) COLLATE utf8mb4_unicode_ci DEFAULT NULL,
  `uterusl` varchar(50) COLLATE utf8mb4_unicode_ci DEFAULT NULL,
  `uterusw` varchar(50) COLLATE utf8mb4_unicode_ci DEFAULT NULL,
  `uterusv` varchar(50) COLLATE utf8mb4_unicode_ci DEFAULT NULL,
  `cervixl` varchar(50) COLLATE utf8mb4_unicode_ci DEFAULT NULL,
  `cervixw` varchar(50) COLLATE utf8mb4_unicode_ci DEFAULT NULL,
  `cervixv` varchar(50) COLLATE utf8mb4_unicode_ci DEFAULT NULL,
  `notes` text COLLATE utf8mb4_unicode_ci,
  `lfolliclesno` int(11) NOT NULL DEFAULT '0',
  `rfolliclesno` int(11) NOT NULL DEFAULT '0',
  `doctorid` int(11) NOT NULL,
  `deleted` int(11) DEFAULT '0',
  `mainantenatalid` int(11) unsigned DEFAULT NULL,
  PRIMARY KEY (`id`) USING BTREE
) ENGINE=InnoDB DEFAULT CHARSET=utf8mb4 COLLATE=utf8mb4_unicode_ci ROW_FORMAT=COMPACT COMMENT='ultrasound for gyna visits';

--
-- Dumping data for table `andvisitsus`
--


--
-- Table structure for table `anesthesia_types`
--

CREATE TABLE `anesthesia_types` (
  `id` int(11) NOT NULL AUTO_INCREMENT,
  `name` varchar(150) COLLATE utf8mb4_unicode_ci DEFAULT NULL,
  `deleted` int(11) NOT NULL DEFAULT '0',
  PRIMARY KEY (`id`) USING BTREE
) ENGINE=InnoDB DEFAULT CHARSET=utf8mb4 COLLATE=utf8mb4_unicode_ci ROW_FORMAT=COMPACT COMMENT=' ';

--
-- Dumping data for table `anesthesia_types`
--


--
-- Table structure for table `antenalvisit`
--

CREATE TABLE `antenalvisit` (
  `id` int(11) unsigned NOT NULL AUTO_INCREMENT,
  `patientid` int(11) unsigned DEFAULT NULL,
  `doctorid` int(11) unsigned DEFAULT NULL,
  `antenaldate` date DEFAULT NULL,
  `complaint` text COLLATE utf8mb4_unicode_ci,
  `wt` varchar(191) COLLATE utf8mb4_unicode_ci DEFAULT NULL,
  `bp` varchar(191) COLLATE utf8mb4_unicode_ci DEFAULT NULL,
  `notes` text COLLATE utf8mb4_unicode_ci,
  `conditions` int(11) unsigned DEFAULT NULL,
  `mainantenentalid` int(11) unsigned DEFAULT NULL,
  `diagnosisid` varchar(191) COLLATE utf8mb4_unicode_ci DEFAULT NULL,
  `complaintid` varchar(191) COLLATE utf8mb4_unicode_ci DEFAULT NULL,
  PRIMARY KEY (`id`) USING BTREE
) ENGINE=InnoDB AUTO_INCREMENT=4 DEFAULT CHARSET=utf8mb4 COLLATE=utf8mb4_unicode_ci ROW_FORMAT=COMPACT;

--
-- Dumping data for table `antenalvisit`
--

INSERT INTO `antenalvisit` VALUES (1,2,4,'2021-04-01','','','','',1,1,'',''),(2,2,4,'2021-04-19','','','','',1,1,'',''),(3,2,4,'2021-04-30','','','','',1,1,'','');

--
-- Table structure for table `antibiotic_sensitivity`
--

CREATE TABLE `antibiotic_sensitivity` (
  `id` int(11) NOT NULL AUTO_INCREMENT,
  `abbr` varchar(255) DEFAULT NULL,
  `scientific_name` varchar(255) DEFAULT NULL,
  `sensitive` varchar(255) DEFAULT NULL,
  `sensitivity` varchar(255) DEFAULT NULL,
  `deleted` int(11) DEFAULT '0',
  PRIMARY KEY (`id`)
) ENGINE=MyISAM DEFAULT CHARSET=latin1;

--
-- Dumping data for table `antibiotic_sensitivity`
--


--
-- Table structure for table `avf`
--

CREATE TABLE `avf` (
  `id` int(11) NOT NULL AUTO_INCREMENT,
  `avf` varchar(255) CHARACTER SET utf8 NOT NULL,
  PRIMARY KEY (`id`) USING BTREE
) ENGINE=InnoDB AUTO_INCREMENT=57 DEFAULT CHARSET=utf8mb4 COLLATE=utf8mb4_unicode_ci ROW_FORMAT=COMPACT;

--
-- Dumping data for table `avf`
--

INSERT INTO `avf` VALUES (36,'AVF'),(55,'RVF'),(56,'S');

--
-- Table structure for table `awcontroll`
--

CREATE TABLE `awcontroll` (
  `id` int(11) unsigned NOT NULL AUTO_INCREMENT,
  `label` varchar(191) COLLATE utf8mb4_unicode_ci DEFAULT NULL,
  `name` varchar(191) COLLATE utf8mb4_unicode_ci DEFAULT NULL,
  PRIMARY KEY (`id`) USING BTREE
) ENGINE=InnoDB AUTO_INCREMENT=89 DEFAULT CHARSET=utf8mb4 COLLATE=utf8mb4_unicode_ci ROW_FORMAT=COMPACT;

--
-- Dumping data for table `awcontroll`
--

INSERT INTO `awcontroll` VALUES (1,'Roles','_role'),(2,'Menus','_menu'),(3,'Members','_member'),(4,'Controls','_controll'),(18,'My information','_myprofile'),(19,'drugs','drugs'),(20,'Medicine','medicine'),(21,'Buys','buys'),(26,'Receipt','receipt'),(27,'Store','store'),(31,'Requests','requests'),(32,'Sessions','sessions'),(33,'gyna','gyna'),(34,'Investigations','investigation'),(35,'Patient History','patienthistory'),(36,'Antenatal visits','antenalvisit'),(37,'drugs','drugsex'),(38,'instruction','instruction'),(39,'Program Setting','programesetting'),(40,'Help','help'),(41,'Pictures and Videos','sonar'),(42,'addinvestigation','addinvestigation'),(43,'expected delivery','expected'),(44,'Complete Report','completereport'),(45,'Financial Report','financialreport'),(46,'Examination','examination'),(47,'Patient History Data','_phmain'),(48,'Patients','patients'),(49,'Operative Details','operativedetails'),(50,'GT Image','gtimage'),(51,'Visits','visits'),(52,'Backup','backup'),(53,'setup','setup'),(54,'excel','excel'),(55,'Infertility','infertility'),(56,'Record','record '),(57,'Follow up','followup'),(58,'Ultrasound','ultrasound'),(59,'Ultrasound Obstetric','ultrasoundobst'),(60,'Termination report','termination'),(61,'Risk types report','risktype'),(62,'merge','merge'),(63,'combined report ','combinedreport '),(64,'ultrasound gyna','Ultrasoundgyna'),(65,'Follow up card','Followupcard'),(66,'full report','Fullreport'),(67,'Ovum pickup','embryology'),(68,'sperm freezing report','spermfreezing'),(69,'decleration','Decleration'),(70,'Radiation Report','Radiation'),(71,'patientdecleration','patientdecleration'),(72,'embryofreezing','embryofreezing'),(73,'Show Reports','showreports'),(74,'Embryo transfer','embryoslab'),(75,'Reports','Reports'),(76,'Fast Options','fast_options'),(77,'ovumpickupembryotrans ','ovumpickupembryotrans'),(78,'Rays','py_rays'),(79,'invsdept','invsdept'),(80,'raysdept','raysdept'),(81,'addrays','addrays'),(82,'and_examination','and_examination'),(83,'and_history','and_history'),(84,'and_visits','and_visits'),(85,'Operationreport','Operationreport'),(86,'invoffers','invoffers'),(87,'Customer Service','customer_service'),(88,'Reserve Clinic','reserve_clinic');

--
-- Table structure for table `awcontrollprop`
--

CREATE TABLE `awcontrollprop` (
  `id` int(11) unsigned NOT NULL AUTO_INCREMENT,
  `proplabel` varchar(191) COLLATE utf8mb4_unicode_ci DEFAULT NULL,
  `checkval` tinyint(1) unsigned DEFAULT NULL,
  `awcontroll_id` int(11) unsigned DEFAULT NULL,
  PRIMARY KEY (`id`) USING BTREE,
  KEY `index_foreignkey_awcontrollprop_awcontroll` (`awcontroll_id`) USING BTREE,
  CONSTRAINT `c_fk_awcontrollprop_awcontroll_id` FOREIGN KEY (`awcontroll_id`) REFERENCES `awcontroll` (`id`) ON DELETE SET NULL ON UPDATE SET NULL
) ENGINE=InnoDB AUTO_INCREMENT=751 DEFAULT CHARSET=utf8mb4 COLLATE=utf8mb4_unicode_ci ROW_FORMAT=COMPACT;

--
-- Dumping data for table `awcontrollprop`
--

INSERT INTO `awcontrollprop` VALUES (1,'index',1,1),(2,'addit',1,1),(3,'show',1,1),(4,'edit',1,1),(5,'updateit',1,1),(6,'del',1,1),(7,'setting',1,1),(8,'insetting',1,1),(9,'index',1,2),(10,'addit',1,2),(11,'show',1,2),(12,'edit',1,2),(13,'updateit',1,2),(14,'del',1,2),(15,'index',0,3),(16,'addit',1,3),(17,'show',1,3),(18,'edit',1,3),(19,'updateit',1,3),(20,'del',1,3),(21,'index',1,4),(22,'addit',1,4),(23,'show',1,4),(24,'edit',1,4),(25,'updateit',1,4),(26,'del',1,4),(27,'delprop',1,4),(116,'index',1,18),(117,'updateit',1,18),(118,'index',1,19),(119,'show',1,20),(120,'index',0,21),(121,'index',0,26),(122,'show',0,27),(123,'show',0,21),(124,'addnew',0,21),(125,'invoice',0,21),(126,'edit',0,21),(127,'update',0,21),(128,'del',0,21),(129,'delup',0,21),(130,'show',0,26),(131,'showdetails',0,26),(132,'updatereceipt',0,26),(133,'drugsselected',0,21),(134,'show',1,19),(135,'getthisserach',1,19),(136,'adddrug',1,19),(137,'updatedrug',1,19),(138,'deletedrug',1,19),(166,'index',0,31),(167,'update',0,31),(168,'sendrequest',0,31),(169,'showall',0,31),(170,'archiveshowall',0,31),(171,'requestDetails',0,31),(172,'requestcomments',0,31),(173,'addcomment',0,31),(174,'deletecomment',0,31),(175,'requestDetailsArchive',0,31),(176,'index',0,32),(177,'savesession',0,32),(178,'archiveshowall',0,32),(179,'requestDetails',0,32),(180,'requestDetailsArchive',0,32),(181,'sessiondetails',0,32),(182,'addsessionmember',0,32),(183,'removesessionmember',0,32),(184,'delay',0,32),(185,'notdelay',0,32),(186,'saveopinion',0,32),(187,'savedecision',0,32),(188,'index',1,33),(189,'index',1,34),(190,'index',1,35),(191,'show',1,35),(192,'addPhamount',1,35),(193,'index',1,36),(194,'index',1,37),(195,'show',1,37),(196,'getthisserach',1,37),(197,'adddrug',1,37),(198,'updatedrug',1,37),(199,'deletedrug',1,37),(200,'addRegualrity',1,35),(201,'index',1,38),(202,'addit',1,38),(203,'show',1,38),(204,'edit',1,38),(205,'updateit',1,38),(206,'del',1,38),(207,'newrow',1,33),(208,'addnewmenstural',1,35),(209,'addphcontype',1,35),(210,'del',1,33),(211,'update',1,33),(212,'adddiagnosis',1,33),(213,'addphdysmenorrhoea',1,35),(214,'index',1,39),(215,'addit',1,39),(216,'newrow',1,36),(217,'del',1,36),(218,'update',1,36),(219,'loadusrow',1,33),(220,'delgynaus',1,33),(221,'addnewconstract',1,35),(223,'addphobstericterminate',1,35),(224,'addphobstericterplace',1,35),(225,'addnewobstetric',1,35),(226,'index',1,40),(227,'addit',1,40),(228,'show',1,40),(229,'edit',1,40),(230,'updateit',1,40),(231,'del',1,40),(233,'elementupdate',1,35),(234,'index',1,41),(235,'addit',1,41),(236,'show',1,41),(237,'edit',1,41),(238,'update',1,41),(239,'del',1,41),(240,'addnewimg',1,41),(241,'addnewvid',1,41),(242,'addnewpasthmedical',1,35),(243,'addphpastmedical',1,35),(244,'addphpastsurgical',1,35),(245,'addnewpasthsurgical',1,35),(246,'index',1,42),(247,'addnewinv',1,42),(248,'update',1,42),(249,'del',1,42),(250,'addnewpastgynecological',1,35),(251,'addphgynecologicaloperation',1,35),(252,'addnewcat',1,42),(253,'addnewpastart',1,35),(254,'addphpastarttype',1,35),(255,'addphpastartcenter',1,35),(256,'addRow',1,34),(257,'delData',1,34),(258,'update',1,34),(259,'index',1,43),(260,'index',1,44),(261,'index',1,45),(262,'getinvbycatid',1,42),(263,'delRows',1,35),(264,'addtofavorite',1,42),(265,'addnewFamily',1,35),(266,'addphFamilyDisease',1,35),(267,'addphFamilyRelative',1,35),(268,'search',1,43),(269,'index',1,46),(270,'addNewRow',1,46),(271,'update',1,46),(272,'delData',1,46),(275,'editselect',1,35),(276,'updateselect',1,35),(280,'alldiagnosis',1,33),(281,'drawRow',1,33),(282,'search',1,33),(283,'addprescription',1,33),(284,'deldiagnosis',1,33),(285,'upload',1,41),(286,'delRowsommedel',1,35),(287,'endpreg',1,36),(288,'search',1,45),(289,'addtermination',1,36),(290,'addplace',1,36),(291,'show',1,46),(292,'alltermination',1,36),(293,'allplace',1,36),(294,'deltermination',1,36),(295,'delplace',1,36),(296,'index',1,47),(297,'show',1,47),(298,'mensturaldetail',1,47),(299,'savefocil',1,33),(300,'showprescription',1,33),(301,'search',1,44),(302,'index',1,48),(303,'search',1,48),(304,'add',1,48),(305,'checkingwifename',1,48),(306,'checkingnationalwifename',1,48),(307,'checkingnationalhusband',1,48),(308,'calcage',1,48),(309,'show',1,48),(310,'edit',1,48),(311,'update',1,48),(312,'addwifetype',1,48),(313,'getallwifetype',1,48),(314,'updatewifetype',1,48),(315,'delwifetype',1,48),(316,'addwifeeducation',1,48),(317,'getalleducation',1,48),(318,'updateeducation',1,48),(319,'deleducation',1,48),(320,'addhusbandtype',1,48),(321,'getallhustype',1,48),(322,'updatehus',1,48),(323,'delhustype',1,48),(324,'addhusbandjob',1,48),(325,'getallhusbandjobs',1,48),(326,'updatehusjob',1,48),(327,'delhusjob',1,48),(328,'addwifejob',1,48),(329,'getallwifejob',1,48),(330,'updatewifejob',1,48),(331,'delwifejob',1,48),(332,'addwifestatus',1,48),(333,'getallwifestatus',1,48),(334,'updatewifestatus',1,48),(335,'delstatus',1,48),(336,'addbloodtype',1,48),(337,'getallbloodtype',1,48),(338,'updatebl',1,48),(339,'delbl',1,48),(340,'del',1,48),(341,'contractdetail',1,47),(342,'obstetricdetail',1,47),(343,'pastmedicaldetail',1,47),(344,'pastsurgicaldetail',1,47),(345,'pastgynecologicaldetail',1,47),(346,'pastartdetail',1,47),(347,'familydetail',1,47),(348,'index',1,49),(349,'showdata',1,49),(354,'addselect',1,49),(355,'addanasthesa',1,49),(356,'addjncision',1,49),(357,'loadanasthesa',1,49),(358,'addanasthesachild',1,49),(359,'loadjncision',1,49),(360,'addjncisionchild',1,49),(361,'update',1,49),(362,'addinvestigation',1,33),(363,'showInvs',1,33),(364,'loadusrow',1,36),(365,'addprescription',1,36),(366,'showprescription',1,36),(367,'addinvestigation',1,36),(368,'showInvs',1,36),(369,'index',1,50),(370,'update',1,50),(371,'getprint',1,38),(372,'delantus',1,36),(373,'index',1,51),(374,'patientdata',1,51),(375,'add',1,51),(376,'show',1,51),(377,'adddetection',1,51),(378,'del',1,51),(379,'delv',1,51),(380,'edit',1,51),(381,'update',1,51),(382,'printpre',1,36),(383,'printpre',1,33),(384,'printinv',1,36),(385,'printinv',1,33),(386,'updatecheckbox',1,49),(387,'show',1,49),(388,'addnew',1,49),(389,'arrangemain',1,2),(390,'sortable',1,2),(391,'updatearrange',1,2),(392,'index',1,52),(393,'takeit',1,52),(394,'arrangesub',1,2),(395,'index',1,53),(396,'settingdatabse',1,53),(397,'settingdb',1,53),(398,'checkingwifestatusno',1,48),(399,'index',1,54),(400,'checktime',1,54),(401,'createexcel',1,54),(402,'checkpatientlist',1,35),(403,'delData',1,50),(404,'updateComment',1,50),(405,'updateSize',1,50),(406,'index',1,55),(407,'update',1,55),(408,'index',1,56),(409,'update',1,56),(410,'index',1,57),(411,'update',1,57),(412,'editselect',1,49),(413,'newrow',1,56),(414,'del',1,56),(415,'updateselect',1,49),(416,'delRowsommedel',1,49),(417,'newdiagnosis',1,55),(418,'newlmp',1,55),(419,'newgyna',1,55),(420,'newinvest',1,55),(421,'newnote',1,55),(422,'del',1,55),(423,'newdiag',1,57),(424,'newexam',1,57),(425,'newvisit',1,57),(426,'newinv',1,57),(427,'del',1,57),(428,'delData',1,49),(429,'drawRow',1,49),(430,'delodrug',1,49),(431,'downloadfile',1,41),(432,'archive',1,36),(433,'printpic',1,41),(434,'pregdetail',1,36),(435,'index',1,58),(436,'getspecial',1,3),(437,'getposition',1,3),(438,'add',1,58),(439,'update',1,58),(440,'index',1,59),(441,'add',1,59),(442,'update',1,59),(443,'index',1,60),(444,'search',1,60),(445,'index',1,61),(446,'search',1,61),(447,'updateradio',1,58),(448,'showdetails',1,58),(449,'addDeteail',1,58),(450,'delData',1,58),(451,'show',1,58),(452,'delRow',1,58),(453,'Updateradio',1,59),(454,'Showdetails',1,59),(455,'AddDeteail',1,59),(456,'DelData',1,59),(457,'Show',1,59),(458,'DelRow',1,59),(459,'getexcel',1,44),(460,'getDrugModel',1,33),(461,'saveDrugTable',1,33),(462,'showprint',1,58),(463,'index',1,62),(464,'mergedb',1,62),(465,'editselect',1,51),(466,'otherinvests',1,34),(467,'otherinvestsAdd',1,34),(468,'otherinvestsRow',1,34),(469,'adddetectionRow',1,51),(470,'delotherinvestsRow',1,34),(471,'addNewRow',1,35),(472,'delotherinvest',1,34),(473,'adddiagnosis',1,36),(474,'alldiagnosis',1,36),(475,'deldiagnosis',1,36),(476,'addwtRow',1,48),(477,'addNewRow',1,33),(478,'addNewRow',1,36),(479,'addNewRow',1,49),(480,'showprint',1,59),(481,'index',1,63),(482,'search',1,63),(483,'uploadmulti',1,41),(484,'caldatefromage',1,48),(485,'showprint',1,44),(486,'showprint',1,61),(487,'showprint',1,43),(488,'Showprint',1,45),(489,'showprint',1,63),(490,'index',1,64),(491,'add',1,64),(492,'showprint',1,64),(493,'show',1,64),(494,'update',1,64),(495,'delRow',1,64),(497,'index',1,65),(498,'printit',1,65),(499,'endvisit',1,48),(500,'showendvisits',1,48),(501,'addendvisits',1,48),(502,'addit',1,65),(503,'update',1,65),(504,'drawRow',1,65),(505,'Index',1,66),(506,'Search',1,66),(507,'Getexcel',1,66),(508,'Showprint',1,66),(511,'getalldepts',1,51),(512,'emptydeptvisit',1,51),(513,'showtransfer',1,38),(514,'printtransfer',1,38),(515,'addnewhospital',1,38),(516,'editselect',1,38),(517,'delhospital',1,38),(518,'printus',1,33),(519,'show',1,50),(520,'showdata',1,50),(521,'addprescription',1,57),(522,'showprescription',1,57),(523,'printpre',1,57),(524,'addprescription',1,55),(525,'showprescription',1,55),(526,'printpre',1,55),(527,'addprescription',1,56),(528,'showprescription',1,56),(529,'printpre',1,56),(530,'archive',1,57),(531,'pregdetail',1,57),(532,'add',1,50),(533,'DelRow',1,50),(534,'index',1,67),(535,'Addit',1,67),(536,'Show',1,67),(537,'Edit',1,67),(538,'Updateit',1,67),(539,'Del',1,67),(540,'Getprint',1,67),(541,'index',1,68),(542,'show',1,68),(543,'addit',1,68),(544,'edit',1,68),(545,'updateit',1,68),(546,'Del',1,68),(547,'Getprint',1,68),(548,'Index',1,69),(550,'index',1,70),(551,'show',1,70),(552,'addit',1,70),(553,'edit',1,70),(554,'updateit',1,70),(555,'del',1,70),(556,'Getprint',1,70),(557,'addit',1,69),(558,'show',1,69),(559,'edit',1,69),(560,'updateit',1,69),(561,'del',1,69),(562,'Index',1,27),(563,'Showstores',1,27),(564,'Addstore',1,27),(565,'Updatestore',1,27),(566,'Deletestore',1,27),(567,'index',1,71),(568,'show',1,71),(569,'addit',1,71),(570,'edit',1,71),(571,'updateit',1,71),(572,'del',1,71),(573,'addmedia',1,68),(574,'addprotocol',1,68),(575,'showprint',1,71),(576,'getinstdetail',1,71),(577,'add',1,69),(578,'showallreports',1,68),(579,'index',1,72),(581,'show',1,72),(582,'edit',1,72),(583,'addit',1,72),(584,'index',1,73),(585,'editModal',1,68),(586,'addNewRow',1,68),(587,'updateModal',1,68),(588,'addkit',1,72),(589,'editModal',1,72),(590,'index',1,74),(591,'addDevice',1,72),(592,'addCathetr',1,72),(593,'addNewRow',1,72),(594,'delRowsommedel',1,72),(595,'updateModal',1,72),(596,'drawRow',1,72),(597,'addStage',1,72),(598,'addGrade',1,72),(599,'addstage',1,74),(600,'addGrade',1,74),(601,'getprint',1,74),(602,'editModal',1,74),(603,'addNewRow',1,74),(604,'updateModal',1,74),(605,'delRowsommedel',1,74),(606,'updateit',1,74),(607,'del',1,72),(608,'updateit',1,72),(609,'show',1,74),(610,'edit',1,74),(611,'del',1,74),(612,'transfer',1,27),(613,'Search',1,27),(614,'Details',1,26),(615,'Drugreport',1,75),(616,'Importreport',1,75),(617,'Internalexport',1,75),(618,'Externalexport',1,75),(619,'Validation',1,75),(620,'Minimum',1,75),(621,'Searchresult',1,75),(622,'Index',1,75),(623,'index',1,76),(624,'addit',1,76),(625,'show',1,76),(626,'edit',1,76),(627,'updateit',1,76),(628,'del',1,76),(629,'index',1,77),(630,'show',1,77),(631,'ovumPickUp',1,77),(632,'embryoTransfer',1,77),(633,'addOvum',1,77),(634,'addEmbryoTransfer',1,77),(635,'addEasy',1,77),(636,'del',1,77),(637,'addUt',1,77),(638,'addAvf',1,77),(639,'editModal',1,77),(640,'updateModal',1,77),(641,'delRowsommedel',1,77),(642,'updateOvm',1,77),(643,'updateEmbryotransfer',1,77),(644,'editOvm',1,77),(645,'editEmbryoTransfer',1,77),(646,'addNewRow',1,77),(647,'index',1,78),(648,'addit',1,78),(649,'show',1,78),(650,'edit',1,78),(651,'updateit',1,78),(652,'del',1,78),(653,'addray',1,36),(654,'showRays',1,36),(655,'printray',1,36),(656,'addray',1,33),(657,'showRays',1,33),(658,'printray',1,33),(659,'index',1,79),(660,'showdetails',1,79),(661,'update',1,79),(662,'index',1,80),(663,'showdetails',1,80),(664,'update',1,80),(665,'index',1,81),(666,'addnewcat',1,81),(667,'addnewray',1,81),(668,'update',1,81),(669,'del',1,81),(670,'getraybycatid',1,81),(671,'addtofavorite',1,81),(672,'index',1,82),(673,'newexam',1,82),(674,'update',1,82),(675,'del',1,82),(676,'index',1,83),(677,'update',1,83),(678,'del',1,83),(679,'newrow',1,83),(680,'addduration',1,83),(681,'editselect',1,83),(682,'adddmdisease',1,83),(683,'addderectiondisease',1,83),(684,'addejaculationdisease',1,83),(685,'addcontraception',1,83),(686,'index',1,84),(687,'newrow',1,84),(688,'update',1,84),(689,'del',1,84),(690,'alldiagnosis',1,84),(691,'editselect',1,84),(692,'adddiagnosis',1,84),(693,'addray',1,84),(694,'showRays',1,84),(695,'printray',1,84),(696,'addinvestigation',1,84),(697,'showInvs',1,84),(698,'printinv',1,84),(699,'showprescription',1,84),(700,'printpre',1,84),(701,'loadusrow',1,84),(702,'savefocil',1,84),(703,'printselected',1,84),(704,'add',1,72),(705,'add',1,71),(706,'newvisit',1,80),(707,'savenewvisit',1,80),(708,'newvisit',1,79),(709,'savenewvisit',1,79),(710,'archive',1,79),(711,'archive',1,80),(712,'upload',1,80),(713,'add',1,68),(714,'add',1,67),(715,'add',1,70),(716,'editModal',1,38),(717,'addNewRow',1,38),(718,'updateModal',1,38),(719,'delRowsommedel',1,38),(720,'index',1,85),(721,'search',1,85),(722,'showprint',1,85),(723,'index',1,86),(724,'show',1,86),(725,'del',1,86),(726,'update',1,86),(727,'edit',1,86),(728,'addnew',1,86),(729,'chooseinv',1,86),(730,'addit',1,86),(731,'updateit',1,86),(732,'ranges',1,42),(733,'Index',1,87),(734,'prices',1,87),(735,'complaint',1,87),(736,'visits',1,87),(737,'complaint_show',1,87),(738,'complaint_add',1,87),(739,'complaint_edit',1,87),(740,'complaint_update',1,87),(741,'complaint_delete',1,87),(742,'del',1,87),(743,'complaint_details',1,87),(744,'Index',1,88),(745,'show',1,88),(746,'del',1,88),(747,'update',1,88),(748,'drReport',1,45),(749,'centerReport',1,45),(750,'organizationReport',1,45);

--
-- Table structure for table `awmenu`
--

CREATE TABLE `awmenu` (
  `id` int(11) unsigned NOT NULL AUTO_INCREMENT,
  `label` varchar(191) COLLATE utf8mb4_unicode_ci DEFAULT NULL,
  `link` varchar(191) COLLATE utf8mb4_unicode_ci DEFAULT NULL,
  `parent` varchar(191) COLLATE utf8mb4_unicode_ci DEFAULT NULL,
  `sort` int(11) unsigned DEFAULT NULL,
  `icon` varchar(191) COLLATE utf8mb4_unicode_ci DEFAULT NULL,
  `active_name` varchar(191) COLLATE utf8mb4_unicode_ci DEFAULT NULL,
  `display` varchar(191) COLLATE utf8mb4_unicode_ci DEFAULT NULL,
  `image` varchar(191) COLLATE utf8mb4_unicode_ci DEFAULT NULL,
  `form` int(11) NOT NULL DEFAULT '0',
  `withpatient` int(11) DEFAULT '1',
  PRIMARY KEY (`id`) USING BTREE
) ENGINE=InnoDB AUTO_INCREMENT=127 DEFAULT CHARSET=utf8mb4 COLLATE=utf8mb4_unicode_ci ROW_FORMAT=COMPACT;

--
-- Dumping data for table `awmenu`
--

INSERT INTO `awmenu` VALUES (1,'Dashboard','../core/controllers/index.php?ac=index','0',1,'icon-home','index','image','b533000941a923b6e6dd594d828b7bcc.jpg',2,0),(2,'Roles','../core/controllers/managment.php?ac=index','0',40,'icon-settings','managment','icon','52b590aa29de4b4c021261296f5f1c51.png',2,0),(3,'Members','../core/controllers/_member.php?ac=show','0',4,'icon-users','member','image','01f01231d64aa729b6194a34f27ab04d.jpg',2,0),(6,'Roles','../core/controllers/_role.php?ac=show','53',25,'icon-puzzle','role','icon','b244313217a64b36bf8ddf9f2b5adc05.jpg',2,0),(9,'Menu','../core/controllers/_menu.php?ac=show','53',24,'icon-calendar','menu','icon','fe2fa07db92348977058781f3d8cc3f1.jpg',2,0),(12,'Controlls','../core/controllers/_controll.php?ac=show','2',4,'icon-action-redo','controll','icon','fe2fa07db92348977058781f3d8cc3f1.jpg',2,0),(16,'الأدوية الواردة','../pharmacy/controllers/buys.php?ac=show','0',21,'icon-bulb','الأدوية الواردة','image','e0b884e1a917c5c6aa7339ca3ff5b185.png',0,0),(18,'عرض الروشتات','../pharmacy/controllers/receipt.php?ac=show','0',22,'icon-docs','عرض الروشتات','image','80fca9d777c589c6e19c65a6cec88e54.png',0,0),(19,'الصيدلية','../pharmacy/controllers/store.php?ac=show','0',23,'icon-home','Pharmacy Reports','image','125b562eaa1c39f3b80565fb941c66df.png',0,0),(20,'اضاÙة ادوية جديدة','../pharmacy/controllers/drugs.php?ac=index','0',16,'icon-basket','اضاÙة ادوية جديدة','image','34f83adf32c96afbc9cb3b5b500cce04.jpg',0,0),(32,'Request','../board/controllers/requests.php?ac=index','31',1,'icon-envelope','Request','icon','fe2fa07db92348977058781f3d8cc3f1.jpg',0,0),(34,'Sessions','../board/controllers/sessions.php?ac=index','31',2,'icon-clock','sessions','icon','fe2fa07db92348977058781f3d8cc3f1.jpg',0,0),(35,'Add Request','../board/controllers/requests.php?ac=index','32',1,'icon-docs','addrequests','icon','fe2fa07db92348977058781f3d8cc3f1.jpg',0,0),(36,'Show Requests','../board/controllers/requests.php?ac=showall','32',1,'icon-eye','showrequests','icon','fe2fa07db92348977058781f3d8cc3f1.jpg',0,0),(37,'Archive ','../board/controllers/requests.php?ac=archiveshowall','32',1,'icon-folder','archive','icon','fe2fa07db92348977058781f3d8cc3f1.jpg',0,0),(38,'Add Session','../board/controllers/sessions.php?ac=index','34',1,'icon-docs','addsession','icon','fe2fa07db92348977058781f3d8cc3f1.jpg',0,0),(39,'Archive','../board/controllers/sessions.php?ac=archiveshowall','34',1,'icon-folder','archivesess','icon','fe2fa07db92348977058781f3d8cc3f1.jpg',0,0),(40,'Investigations','../core/controllers/investigation.php?ac=index','0',11,'icon-eye','Investigations','image','d2d6362c6ff316ed985a9a055a05b379.jpg',0,1),(41,'Patient History','../core/controllers/patienthistory.php?ac=show','0',8,'icon-calendar','Patient History','image','7554708a5fa3c35d1b0ffca2debc1806.jpg',0,1),(42,'Drugs','../core/controllers/drugsex.php?ac=index','0',17,'icon-handbag','drugs','image','565c2aef5c3ab2985dbaf702f50c7a2b.jpg',0,0),(43,'instruction','instruction','0',38,'icon-speech','instruction','image','e7163803501d167910f3c8e358498263.png',0,1),(44,'Add instruction','../core/controllers/instruction.php?ac=index','43',1,'icon-speech','instructionadd','icon','fe2fa07db92348977058781f3d8cc3f1.jpg',0,1),(45,'Show instruction','../core/controllers/instruction.php?ac=show','43',1,'icon-speech','instructionshow','icon','fe2fa07db92348977058781f3d8cc3f1.jpg',0,1),(46,'Visits','../core/controllers/gyna.php?ac=index','0',12,'icon-user','visits','image','abad39e35ed50b2a32d6b04f277f5870.jpg',0,1),(47,'Antenatal visits','../core/controllers/antenalvisit.php?ac=index','0',13,'icon-user-following','antenalvisit','image','64646e7540d9258fbd5b830ff471d946.jpg',0,1),(48,'Setting','../core/controllers/programesetting.php','53',1,'icon-globe','setting','icon','fe2fa07db92348977058781f3d8cc3f1.jpg',2,0),(50,'Add new','../core/controllers/help.php?ac=index','49',1,'icon-bulb','helpadd','icon','fe2fa07db92348977058781f3d8cc3f1.jpg',0,0),(51,'Show All','../core/controllers/help.php?ac=show','49',1,'icon-bulb','helpshow','icon','fe2fa07db92348977058781f3d8cc3f1.jpg',0,0),(52,'Pictures and Videos','../core/controllers/sonar.php?ac=index','0',15,'icon-bell','sonar','image','b40507eb205a0a153dfb3406b17d7e93.jpg',0,1),(53,'Program Setting','#','0',39,'icon-settings','programesetting','image','4eeee45c6524c10848b06ec5982a3062.jpg',2,0),(54,'Add Investigations','../core/controllers/addinvestigation.php?ac=index','0',18,'icon-home','add Investigation','image','1cb2ccb1cbab83ba1fb384d93eceeeb0.jpg',0,0),(55,'Reports','#','0',19,'icon-wallet','Reports','image','007b8b258c9591a40d2daa39746cd0ca.jpg',0,0),(56,'Expected Delivery','../core/controllers/expected.php?ac=index','55',1,'icon-action-redo','Expected Delivery','icon','fe2fa07db92348977058781f3d8cc3f1.jpg',0,1),(57,'Complete Report','../core/controllers/completereport.php?ac=index','55',3,'icon-docs','Complete Report','icon','fe2fa07db92348977058781f3d8cc3f1.jpg',0,1),(58,'Financial Report','../core/controllers/financialreport.php?ac=index','55',2,'icon-graph','Financial Report','icon','fe2fa07db92348977058781f3d8cc3f1.jpg',0,1),(59,'Examination','../core/controllers/examination.php?ac=index','0',10,'icon-docs','Examination','image','122f18a02df46c5d8979d3d592aa4785.jpg',0,1),(62,'GT Image','../core/controllers/gtimage.php?ac=show','0',14,'icon-camera','GT Image','image','f29c6c8b793879e544e4f7962e4c5b8b.png',0,1),(66,'Take Backup','../core/controllers/backup.php?ac=takeit','53',2,'icon-folder','TakeBackup','icon','fe2fa07db92348977058781f3d8cc3f1.jpg',2,0),(67,'Setup','../core/controllers/setup.php?ac=index','0',41,'icon-power','setup','icon','0dc1158534e27197848e9f98c6eb836e.png',0,0),(68,'pregnancy','../core/controllers/followup.php?ac=index','0',26,'icon-docs','followup','icon','7ddc53e8f4472e9ec2dbe41188653d1f.png',1,1),(69,'Record','../core/controllers/record.php?ac=index','0',27,'icon-home','record','icon','738051be3b5fc39b23707694db1d633f.png',1,1),(70,'Infertility','../core/controllers/infertility.php?ac=index','0',28,'icon-star','infertility','icon','5a5cf5295757517220456c9e0ee3da3f.png',1,1),(71,'First','../Core/Controllers/Ultrasoundobst.Php?Ac=Index','72',23,'icon-home','Second','icon','dd2950d000dace888a3fd784d792b89f.png',0,1),(73,'Second','../Core/Controllers/Ultrasound.Php?Ac=Index','72',24,'icon-eye','Ultrasound Obstetric','icon',NULL,0,1),(74,'Termination report','../core/controllers/termination.php?ac=index','55',4,'icon-power','termination','icon',NULL,0,1),(75,'Risk types report','../core/controllers/risktype.php?ac=index','55',5,'icon-bell','risktype','icon',NULL,0,1),(80,'Combined Report','../Core/Controllers/Combinedreport.Php?Ac=Index','55',6,'icon-bar-chart','Combined Report','icon',NULL,0,1),(83,'full report','../Core/Controllers/fullreport.Php?Ac=Index','55',7,'icon-calendar','Full Report','icon',NULL,0,1),(85,'sperm freezing report','../Core/Controllers/spermfreezing.Php?Ac=index','0',29,'icon-graph','Spermfreezing','image','25354bfe3fc9d9fad59eab5b2cd9d52c.jpg',0,1),(86,'عرض المخازن','../Pharmacy/Controllers/Store.Php?Ac=Index','0',2,'icon-wallet','عرض المخازن','image','9d4b0353b94cb1eaefb03662e86d9ab3.png',0,1),(87,'Ovum Pickup','../core/controllers/embryology.php?ac=index','0',30,'icon-graph','Embryology','image','de7c50ffd3b3615e1186ee6e5d6c2370.jpg',0,1),(88,'Sonar Report','../Core/Controllers/radiation.Php?Ac=Index','0',31,'icon-graph','Radiation','image','be2d79b4baccd04dab094f35c88f4138.jpg',0,1),(90,'patient decleration','../Core/Controllers/patientdecleration.Php?Ac=Show','0',20,'icon-docs','patient decleration','icon',NULL,0,1),(91,'decleration','../Core/Controllers/Decleration.Php?ac=show','0',24,'icon-docs','decleration','icon',NULL,0,1),(95,'Show Reports','../Core/Controllers/showreports.Php?Ac=index','0',32,'icon-eye','Show reports','image','cbb2cb065026eeb4f070064eb009a96a.jpg',0,1),(96,'Embryo Freezing','../Core/Controllers/embryofreezing.php?ac=index','0',33,'icon-handbag','Embryo freezing','image','d408926592e49f290a30815e490821ac.png',0,1),(97,'Embryo Lab','../core/controllers/embryoslab.php?ac=show','0',34,'icon-home','Embryoslab','image','a8ac67950b07edd75573dfd5ad838c1f.jpg',0,1),(98,'النقل بين المخازن','../Pharmacy/controllers/store.Php?ac=transfer','0',25,'icon-logout','النقل بين المخازن','image','a1eab7a78c1aa55b936052ee34a2cfd8.jpg',0,1),(99,'تقرير  الوارد','../Pharmacy/Controllers/reports.Php?ac=importreport','19',1,'icon-bar-chart','Import Report','icon',NULL,0,1),(100,'كميات الادوية','../Pharmacy/Controllers/reports.Php?ac=drugreport','19',2,'icon-bar-chart','Drug Report','icon',NULL,0,1),(101,'الادوية المنصرÙة','../Pharmacy/Controllers/reports.Php?ac=internalexport','19',3,'icon-bar-chart','Internal Export Report','icon',NULL,0,1),(102,'تقرير الأدوية الخارجية','../Pharmacy/Controllers/Reports.Php?ac=externalexport','19',4,'icon-bar-chart','External Export Report','icon',NULL,0,1),(103,'تقرير الصلاحية','../Pharmacy/Controllers/Reports.Php?ac=validation','19',5,'icon-bar-chart','Validation Report','icon',NULL,0,1),(104,'الكميات بالمخازن','../Pharmacy/Controllers/Reports.Php?ac=minimum','19',6,'icon-bar-chart','Minimum Report','icon',NULL,0,1),(107,'Operations','../Core/Controllers/Ovumpickupembryotrans.Php?Ac=index','0',35,'icon-star','Ovumpickup embryotrans','image','4a2d44cce4a826cd111ecfdea56bb2e0.jpg',0,1),(109,'Add Imaging','../core/controllers/addrays.php?ac=index','0',9,'icon-home','addrays','image','1e23821932942f88ff71508949f8a08a.jpg',0,1),(110,'Sonar','../core/controllers/raysdept.php?ac=index','0',36,'icon-camera','raysdept','image','125c541d259fff3006c2571b3b264023.png',0,1),(111,'Lab','../core/controllers/invsdept.php?ac=index','0',37,'icon-bar-chart','invsdept','image','63282c12526356f4a7c758b0bb603f3d.jpg',0,1),(113,'Andrology visit ','../Core/Controllers/and_visits.Php?ac=index','0',7,'icon-home','and_visits','image','5ea6bec5c5125f2a5a5e61e062cede9c.png',0,1),(114,'history','../Core/Controllers/and_history.Php?ac=index','0',3,'icon-home','and_history','image','cc2872dd22448b5a1ff95e0a6e0b3c31.jpg',0,1),(115,'Andrology Examination','../Core/Controllers/and_examination.Php?ac=index','0',5,'icon-home','and_examination','image','3baf69534c5380a042211274472f521a.jpg',0,1),(116,'operation report','../core/controllers/operationreport.php?ac=index','55',8,'icon-calendar','Operationreport','icon',NULL,0,1),(117,'تقرير الأطباء','../pharmacy/controllers/reports.Php?ac=doctorreport','19',7,'icon-users','تقرير الأطباء','icon',NULL,0,1),(118,'investigation offers','../Core/Controllers/invoffers.Php?ac=index','0',42,'icon-present','invoffers','icon',NULL,0,1),(119,'patients','../Core/Controllers/patients.php?ac=show','0',43,'icon-home','Patients','image','eb7b952d3862050878e8a5c9821acc95.png',0,1),(120,' Complaints','../core/controllers/customer_service.php?ac=complaint_show','0',44,'icon-speech','Complaints','icon',NULL,0,1),(121,'Price List ','../core/controllers/customer_service.php?ac=prices','0',45,'icon-docs','Price List ','icon',NULL,0,1),(122,'Doctor Visits','../core/controllers/customer_service.php?ac=visits','0',46,'icon-calendar','Doctor Visits','icon',NULL,0,1),(123,'Housing','../core/controllers/reserve_clinic.php?ac=index','0',6,'icon-basket','Reserve Clinic','image','effee13faf93d953f02a634b99593d14.jpg',0,1),(124,'Doctor Financial Report','../core/controllers/financialreport.php?ac=drReport','55',9,'icon-home','Doctor Financial Report','icon',NULL,0,1),(125,'Center  Financial Report','../core/controllers/financialreport.php?ac=centerReport','55',10,'icon-bar-chart','Center Financial Report','icon',NULL,0,1),(126,'Organization Discount  Report','../core/controllers/financialreport.php?ac=organizationReport','55',11,'icon-home','Organization Discount  Report','icon',NULL,0,1);

--
-- Table structure for table `awrole`
--

CREATE TABLE `awrole` (
  `id` int(11) unsigned NOT NULL AUTO_INCREMENT,
  `name` varchar(191) CHARACTER SET utf8 DEFAULT NULL,
  `visit_show` int(11) DEFAULT '0' COMMENT 'show in add visit depts',
  `doctor_show` int(11) DEFAULT '0' COMMENT ' show dr select in add visit',
  `related_dr_depts` varchar(255) COLLATE utf8mb4_unicode_ci DEFAULT NULL COMMENT 'depts of doctors appear in add visit',
  PRIMARY KEY (`id`) USING BTREE
) ENGINE=InnoDB AUTO_INCREMENT=48 DEFAULT CHARSET=utf8mb4 COLLATE=utf8mb4_unicode_ci ROW_FORMAT=COMPACT;

--
-- Dumping data for table `awrole`
--

INSERT INTO `awrole` VALUES (1,'الاداره',0,0,NULL),(2,'قسم الصيدليه والمخازن',0,0,NULL),(3,'الاستقبال',0,0,NULL),(4,'أمراض النسا والتوليد',1,1,'4'),(5,'معمل الاشعة',1,1,'5'),(6,'قسم التمريض',0,0,NULL),(7,'قسم التخدير',0,0,NULL),(8,'عياده الذكوره',NULL,NULL,''),(10,'عياده الموجات الصوتيه',0,0,NULL),(11,'معمل الاجنه',NULL,NULL,''),(12,'معمل التحاليل',1,1,'12'),(13,'العمليات',NULL,NULL,''),(14,'عمال',0,0,NULL),(15,'عيادة الوراثة ',NULL,NULL,''),(16,'مدير مالى وادارى',NULL,NULL,''),(17,'قسم التغذية ',NULL,NULL,''),(18,'عيادة التجميل	',NULL,NULL,''),(19,'خدمة العملاء		',NULL,NULL,''),(20,'جراحة العظام',1,1,'20'),(21,'الأمراض الجلدية والتجميل',1,1,'21'),(22,'الجراحة العامة',1,1,'22'),(23,'جراحة الأطÙال',1,1,'23'),(24,'الأمراض الصدرية',1,1,'24'),(25,'سموم وتغذية',1,1,'25'),(26,'جراحة التجميل',1,1,'26'),(27,'غدد صماء وسكر',NULL,NULL,''),(28,'طب الأورام وأمراض الدم',1,1,'28'),(29,'أطÙال ورضاعة طبيعية وتغذية وحديثي الولادة',1,1,'29'),(30,'جراحة الأوعية الدموية',1,1,'30'),(31,'الأمراض الباطنة',1,1,'31'),(32,'جراحة الأورام',1,1,'32'),(33,'جراحة مخ وأعصاب',1,1,'33'),(34,'أمراض القلب والأوعية الدموية',1,1,'34'),(35,'طب وجراحة العيون',NULL,1,'35'),(36,'الروماتيزم والمناعة',1,1,'36'),(37,'متنوعات',1,1,'37'),(38,'أنÙ وأذن وحنجرة',1,1,'38'),(39,'X-ray',NULL,NULL,''),(40,'Echo',1,1,'40'),(41,'الصيدلية',1,1,'41'),(42,'vezzeta',NULL,NULL,''),(43,'لاغى 3',NULL,1,''),(44,'جراحة القلب والصدر',1,1,''),(45,'لاغى 2',NULL,1,''),(46,'الكلى والمسالك البولية',1,1,'46'),(47,'كشÙ عام',1,1,'');

--
-- Table structure for table `awrolebtn`
--

CREATE TABLE `awrolebtn` (
  `id` int(11) unsigned NOT NULL AUTO_INCREMENT,
  `role_id` int(11) unsigned DEFAULT NULL,
  `btn_id` int(11) unsigned DEFAULT NULL,
  `checkval` int(11) unsigned DEFAULT NULL,
  PRIMARY KEY (`id`)
) ENGINE=InnoDB AUTO_INCREMENT=210 DEFAULT CHARSET=utf8mb4 COLLATE=utf8mb4_unicode_ci ROW_FORMAT=COMPACT;

--
-- Dumping data for table `awrolebtn`
--

INSERT INTO `awrolebtn` VALUES (1,1,1,1),(2,1,2,1),(3,3,1,1),(4,3,2,1),(5,15,1,0),(6,15,2,0),(7,16,1,1),(8,16,2,1),(9,16,3,1),(10,5,1,0),(11,5,2,0),(12,5,3,0),(13,3,3,0),(14,12,1,0),(15,12,2,0),(16,12,3,0),(17,11,1,0),(18,11,2,0),(19,11,3,0),(20,16,4,1),(21,1,3,1),(22,1,4,1),(23,17,1,0),(24,17,2,0),(25,17,3,0),(26,17,4,0),(27,18,1,0),(28,18,2,0),(29,18,3,0),(30,18,4,0),(31,19,1,0),(32,19,2,0),(33,19,3,0),(34,19,4,0),(35,1,5,1),(36,19,5,0),(37,1,6,1),(38,6,1,NULL),(39,6,2,NULL),(40,6,3,NULL),(41,6,4,NULL),(42,6,5,NULL),(43,6,6,NULL),(44,16,5,0),(45,16,6,0),(46,26,1,0),(47,26,2,0),(48,26,3,1),(49,26,4,1),(50,26,5,0),(51,26,6,0),(52,20,1,0),(53,20,2,0),(54,20,3,0),(55,20,4,0),(56,20,5,0),(57,20,6,0),(58,3,4,0),(59,3,5,0),(60,3,6,0),(61,22,1,0),(62,22,2,0),(63,22,3,0),(64,22,4,0),(65,22,5,0),(66,22,6,0),(67,18,5,0),(68,18,6,0),(69,4,1,0),(70,4,2,0),(71,4,3,0),(72,4,4,0),(73,4,5,0),(74,4,6,0),(75,24,1,0),(76,24,2,0),(77,24,3,0),(78,24,4,0),(79,24,5,0),(80,24,6,0),(81,21,1,0),(82,21,2,0),(83,21,3,0),(84,21,4,0),(85,21,5,0),(86,21,6,0),(87,23,1,0),(88,23,2,0),(89,23,3,0),(90,23,4,0),(91,23,5,0),(92,23,6,0),(93,25,1,0),(94,25,2,0),(95,25,3,0),(96,25,4,0),(97,25,5,0),(98,25,6,0),(99,27,1,0),(100,27,2,0),(101,27,3,0),(102,27,4,0),(103,27,5,0),(104,27,6,0),(105,28,1,0),(106,28,2,0),(107,28,3,0),(108,28,4,0),(109,28,5,0),(110,28,6,0),(111,29,1,0),(112,29,2,0),(113,29,3,0),(114,29,4,0),(115,29,5,0),(116,29,6,0),(117,30,1,0),(118,30,2,0),(119,30,3,0),(120,30,4,0),(121,30,5,0),(122,30,6,0),(123,12,4,0),(124,12,5,0),(125,12,6,0),(126,31,1,0),(127,31,2,0),(128,31,3,0),(129,31,4,0),(130,31,5,0),(131,31,6,0),(132,32,1,0),(133,32,2,0),(134,32,3,0),(135,32,4,0),(136,32,5,0),(137,32,6,0),(138,11,4,0),(139,11,5,0),(140,11,6,0),(141,33,1,0),(142,33,2,0),(143,33,3,0),(144,33,4,0),(145,33,5,0),(146,33,6,0),(147,34,1,0),(148,34,2,0),(149,34,3,0),(150,34,4,0),(151,34,5,0),(152,34,6,0),(153,35,1,0),(154,35,2,0),(155,35,3,0),(156,35,4,0),(157,35,5,0),(158,35,6,0),(159,36,1,0),(160,36,2,0),(161,36,3,0),(162,36,4,0),(163,36,5,0),(164,36,6,0),(165,37,1,0),(166,37,2,0),(167,37,3,0),(168,37,4,0),(169,37,5,0),(170,37,6,0),(171,38,1,0),(172,38,2,0),(173,38,3,0),(174,38,4,0),(175,38,5,0),(176,38,6,0),(177,39,1,0),(178,39,2,0),(179,39,3,0),(180,39,4,0),(181,39,5,0),(182,39,6,0),(183,5,4,0),(184,5,5,0),(185,5,6,0),(186,40,1,0),(187,40,2,0),(188,40,3,0),(189,40,4,0),(190,40,5,0),(191,40,6,0),(192,41,1,0),(193,41,2,0),(194,41,3,0),(195,41,4,0),(196,41,5,0),(197,41,6,0),(198,43,1,0),(199,43,2,0),(200,43,3,0),(201,43,4,0),(202,43,5,0),(203,43,6,0),(204,46,1,0),(205,46,2,0),(206,46,3,0),(207,46,4,0),(208,46,5,0),(209,46,6,0);

--
-- Table structure for table `awrolecontrollprop`
--

CREATE TABLE `awrolecontrollprop` (
  `id` int(11) unsigned NOT NULL AUTO_INCREMENT,
  `role_id` int(11) unsigned DEFAULT NULL,
  `controllprop_id` int(11) unsigned DEFAULT NULL,
  `checkval` tinyint(1) unsigned DEFAULT NULL,
  PRIMARY KEY (`id`) USING BTREE,
  KEY `index_foreignkey_awrolecontrollprop_awcontrollprop` (`controllprop_id`) USING BTREE,
  KEY `index_foreignkey_awrolecontrollprop_awrole` (`role_id`) USING BTREE,
  CONSTRAINT `c_fk_awrolecontrollprop_controllprop_id` FOREIGN KEY (`controllprop_id`) REFERENCES `awcontrollprop` (`id`) ON DELETE SET NULL ON UPDATE SET NULL,
  CONSTRAINT `c_fk_awrolecontrollprop_role_id` FOREIGN KEY (`role_id`) REFERENCES `awrole` (`id`) ON DELETE SET NULL ON UPDATE SET NULL
) ENGINE=InnoDB AUTO_INCREMENT=9639 DEFAULT CHARSET=utf8mb4 COLLATE=utf8mb4_unicode_ci ROW_FORMAT=COMPACT;

--
-- Dumping data for table `awrolecontrollprop`
--

INSERT INTO `awrolecontrollprop` VALUES (1,1,1,1),(2,1,2,1),(3,1,3,1),(4,1,4,1),(5,1,5,1),(6,1,6,1),(7,1,7,1),(8,1,8,1),(9,1,9,1),(10,1,10,1),(11,1,11,1),(12,1,12,1),(13,1,13,1),(14,1,14,1),(15,1,15,1),(16,1,16,1),(17,1,17,1),(18,1,18,1),(19,1,19,1),(20,1,20,1),(21,1,21,1),(22,1,22,1),(23,1,23,1),(24,1,24,1),(25,1,25,1),(26,1,26,1),(27,1,27,1),(151,1,116,1),(152,1,117,1),(153,1,118,1),(154,1,119,1),(155,1,120,1),(156,1,121,1),(157,1,122,1),(158,1,123,1),(159,1,124,1),(160,1,125,1),(161,1,126,1),(162,1,127,1),(163,1,128,1),(164,1,129,1),(165,1,130,1),(166,1,131,1),(167,1,132,1),(168,1,133,1),(169,1,134,1),(170,1,135,1),(171,1,136,1),(172,1,137,1),(173,1,138,1),(174,1,NULL,1),(175,1,NULL,1),(176,1,NULL,1),(177,1,NULL,1),(178,1,NULL,1),(179,1,NULL,1),(180,1,NULL,1),(181,1,NULL,1),(182,1,NULL,1),(183,1,NULL,1),(184,1,NULL,1),(185,1,NULL,1),(186,1,NULL,1),(187,1,NULL,1),(188,1,NULL,1),(189,1,NULL,1),(190,1,NULL,1),(191,1,NULL,1),(192,1,NULL,1),(193,1,NULL,1),(194,1,NULL,1),(195,1,NULL,1),(196,1,NULL,1),(197,1,NULL,1),(198,1,NULL,1),(199,1,NULL,1),(200,1,NULL,1),(201,1,166,1),(202,1,167,1),(203,1,168,1),(204,1,169,1),(205,1,170,1),(206,1,171,1),(207,1,172,1),(208,1,173,1),(209,1,174,1),(210,1,175,1),(211,1,176,1),(212,1,177,1),(213,1,178,1),(214,1,179,1),(215,1,180,1),(216,1,181,1),(217,1,182,1),(218,1,183,1),(219,1,184,1),(220,1,185,1),(221,1,186,1),(222,1,187,1),(484,1,188,1),(485,1,189,1),(486,1,190,1),(487,1,191,1),(488,1,192,1),(489,1,193,1),(490,1,194,1),(491,1,195,1),(492,1,196,1),(493,1,197,1),(494,1,198,1),(495,1,199,1),(496,1,200,1),(497,1,201,1),(498,1,202,1),(499,1,203,1),(500,1,204,1),(501,1,205,1),(502,1,206,1),(522,1,207,1),(523,1,210,1),(524,1,211,1),(525,1,212,1),(526,1,208,1),(527,1,209,1),(528,1,213,1),(529,1,214,1),(530,1,215,1),(531,1,219,1),(532,1,220,1),(533,1,221,1),(534,1,223,1),(535,1,224,1),(536,1,225,1),(537,1,216,1),(538,1,217,1),(539,1,218,1),(540,1,226,1),(541,1,227,1),(542,1,228,1),(543,1,229,1),(544,1,230,1),(545,1,231,1),(546,1,233,1),(547,1,234,1),(548,1,235,1),(549,1,236,1),(550,1,237,1),(551,1,238,1),(552,1,239,1),(553,1,240,1),(554,1,241,1),(555,1,242,1),(556,1,243,1),(557,1,244,1),(558,1,245,1),(559,1,246,1),(560,1,247,1),(561,1,248,1),(562,1,249,1),(563,1,250,1),(564,1,251,1),(565,1,256,1),(566,1,257,1),(567,1,258,1),(568,1,253,1),(569,1,254,1),(570,1,255,1),(571,1,252,1),(572,1,259,1),(573,1,260,1),(574,1,261,1),(575,1,263,1),(576,1,265,1),(577,1,266,1),(578,1,267,1),(579,1,262,1),(580,1,264,1),(581,1,268,1),(582,1,269,1),(583,1,270,1),(584,1,271,1),(585,1,272,1),(586,1,280,1),(587,1,281,1),(588,1,282,1),(589,1,283,1),(590,1,284,1),(591,1,275,1),(592,1,276,1),(593,1,286,1),(594,1,287,1),(595,1,289,1),(596,1,290,1),(597,1,292,1),(598,1,293,1),(599,1,294,1),(600,1,295,1),(601,1,285,1),(602,1,288,1),(603,1,291,1),(604,1,296,1),(605,1,297,1),(606,1,298,1),(607,1,299,1),(608,1,300,1),(609,1,301,1),(610,1,302,1),(611,1,303,1),(612,1,304,1),(613,1,305,1),(614,1,306,1),(615,1,307,1),(616,1,308,1),(617,1,309,1),(618,1,310,1),(619,1,311,1),(620,1,312,1),(621,1,313,1),(622,1,314,1),(623,1,315,1),(624,1,316,1),(625,1,317,1),(626,1,318,1),(627,1,319,1),(628,1,320,1),(629,1,321,1),(630,1,322,1),(631,1,323,1),(632,1,324,1),(633,1,325,1),(634,1,326,1),(635,1,327,1),(636,1,328,1),(637,1,329,1),(638,1,330,1),(639,1,331,1),(640,1,332,1),(641,1,333,1),(642,1,334,1),(643,1,335,1),(644,1,336,1),(645,1,337,1),(646,1,338,1),(647,1,339,1),(648,1,340,1),(649,1,341,1),(650,1,342,1),(651,1,343,1),(652,1,344,1),(653,1,345,1),(654,1,346,1),(655,1,347,1),(656,1,348,1),(657,1,349,1),(658,1,354,1),(659,1,355,1),(660,1,356,1),(661,1,357,1),(662,1,358,1),(663,1,359,1),(664,1,360,1),(665,1,361,1),(666,1,362,1),(667,1,363,1),(668,1,364,1),(669,1,365,1),(670,1,366,1),(671,1,367,1),(672,1,368,1),(673,1,369,1),(674,1,370,1),(675,1,372,1),(676,1,371,1),(677,1,373,1),(678,1,374,1),(679,1,375,1),(680,1,376,1),(681,1,377,1),(682,1,378,1),(683,1,379,1),(684,1,380,1),(685,1,381,1),(686,1,383,1),(687,1,385,1),(688,1,382,1),(689,1,384,1),(690,1,386,1),(691,1,387,1),(692,1,388,1),(693,1,389,1),(694,1,390,1),(695,1,391,1),(696,1,392,1),(697,1,393,1),(698,1,394,1),(699,1,395,1),(700,1,396,1),(701,1,397,1),(702,1,402,1),(703,1,398,1),(704,1,403,1),(705,1,404,1),(706,1,405,1),(707,1,399,1),(708,1,400,1),(709,1,401,1),(710,1,406,1),(711,1,407,1),(712,1,408,1),(713,1,409,1),(714,1,410,1),(715,1,411,1),(716,1,412,1),(717,1,415,1),(718,1,416,1),(719,1,428,1),(720,1,417,1),(721,1,418,1),(722,1,419,1),(723,1,420,1),(724,1,421,1),(725,1,422,1),(726,1,413,1),(727,1,414,1),(728,1,423,1),(729,1,424,1),(730,1,425,1),(731,1,426,1),(732,1,427,1),(733,1,432,1),(734,1,434,1),(735,1,431,1),(736,1,433,1),(737,1,429,1),(738,1,430,1),(739,1,435,1),(740,NULL,1,1),(741,NULL,2,1),(742,NULL,3,1),(743,NULL,4,1),(744,NULL,5,1),(745,NULL,6,1),(746,NULL,7,1),(747,NULL,8,1),(748,NULL,9,1),(749,NULL,10,1),(750,NULL,11,1),(751,NULL,12,1),(752,NULL,13,1),(753,NULL,14,1),(754,NULL,389,1),(755,NULL,390,1),(756,NULL,391,1),(757,NULL,394,1),(758,NULL,15,0),(759,NULL,16,1),(760,NULL,17,1),(761,NULL,18,1),(762,NULL,19,1),(763,NULL,20,1),(764,NULL,21,1),(765,NULL,22,1),(766,NULL,23,1),(767,NULL,24,1),(768,NULL,25,1),(769,NULL,26,1),(770,NULL,27,1),(771,NULL,116,1),(772,NULL,117,1),(773,NULL,118,1),(774,NULL,134,1),(775,NULL,135,1),(776,NULL,136,1),(777,NULL,137,1),(778,NULL,138,1),(779,NULL,119,1),(780,NULL,120,0),(781,NULL,123,0),(782,NULL,124,0),(783,NULL,125,0),(784,NULL,126,0),(785,NULL,127,0),(786,NULL,128,0),(787,NULL,129,0),(788,NULL,133,0),(789,NULL,121,0),(790,NULL,130,0),(791,NULL,131,0),(792,NULL,132,0),(793,NULL,122,0),(794,NULL,166,0),(795,NULL,167,0),(796,NULL,168,0),(797,NULL,169,0),(798,NULL,170,0),(799,NULL,171,0),(800,NULL,172,0),(801,NULL,173,0),(802,NULL,174,0),(803,NULL,175,0),(804,NULL,176,0),(805,NULL,177,0),(806,NULL,178,0),(807,NULL,179,0),(808,NULL,180,0),(809,NULL,181,0),(810,NULL,182,0),(811,NULL,183,0),(812,NULL,184,0),(813,NULL,185,0),(814,NULL,186,0),(815,NULL,187,0),(816,NULL,188,1),(817,NULL,207,1),(818,NULL,210,1),(819,NULL,211,1),(820,NULL,212,1),(821,NULL,219,1),(822,NULL,220,1),(823,NULL,280,1),(824,NULL,281,1),(825,NULL,282,1),(826,NULL,283,1),(827,NULL,284,1),(828,NULL,299,1),(829,NULL,300,1),(830,NULL,362,1),(831,NULL,363,1),(832,NULL,383,1),(833,NULL,385,1),(834,NULL,189,1),(835,NULL,256,1),(836,NULL,257,1),(837,NULL,258,1),(838,NULL,190,1),(839,NULL,191,1),(840,NULL,192,1),(841,NULL,200,1),(842,NULL,208,1),(843,NULL,209,1),(844,NULL,213,1),(845,NULL,221,1),(846,NULL,223,1),(847,NULL,224,1),(848,NULL,225,1),(849,NULL,233,1),(850,NULL,242,1),(851,NULL,243,1),(852,NULL,244,1),(853,NULL,245,1),(854,NULL,250,1),(855,NULL,251,1),(856,NULL,253,1),(857,NULL,254,1),(858,NULL,255,1),(859,NULL,263,1),(860,NULL,265,1),(861,NULL,266,1),(862,NULL,267,1),(863,NULL,275,1),(864,NULL,276,1),(865,NULL,286,1),(866,NULL,402,1),(867,NULL,193,1),(868,NULL,216,1),(869,NULL,217,1),(870,NULL,218,1),(871,NULL,287,1),(872,NULL,289,1),(873,NULL,290,1),(874,NULL,292,1),(875,NULL,293,1),(876,NULL,294,1),(877,NULL,295,1),(878,NULL,364,1),(879,NULL,365,1),(880,NULL,366,1),(881,NULL,367,1),(882,NULL,368,1),(883,NULL,372,1),(884,NULL,382,1),(885,NULL,384,1),(886,NULL,432,1),(887,NULL,434,1),(888,NULL,194,1),(889,NULL,195,1),(890,NULL,196,1),(891,NULL,197,1),(892,NULL,198,1),(893,NULL,199,1),(894,NULL,201,1),(895,NULL,202,1),(896,NULL,203,1),(897,NULL,204,1),(898,NULL,205,1),(899,NULL,206,1),(900,NULL,371,1),(901,NULL,214,1),(902,NULL,215,1),(903,NULL,226,1),(904,NULL,227,1),(905,NULL,228,1),(906,NULL,229,1),(907,NULL,230,1),(908,NULL,231,1),(909,NULL,234,1),(910,NULL,235,1),(911,NULL,236,1),(912,NULL,237,1),(913,NULL,238,1),(914,NULL,239,1),(915,NULL,240,1),(916,NULL,241,1),(917,NULL,285,1),(918,NULL,431,1),(919,NULL,433,1),(920,NULL,246,1),(921,NULL,247,1),(922,NULL,248,1),(923,NULL,249,1),(924,NULL,252,1),(925,NULL,262,1),(926,NULL,264,1),(927,NULL,259,1),(928,NULL,268,1),(929,NULL,260,1),(930,NULL,301,1),(931,NULL,261,1),(932,NULL,288,1),(933,NULL,269,1),(934,NULL,270,1),(935,NULL,271,1),(936,NULL,272,1),(937,NULL,291,1),(938,NULL,296,1),(939,NULL,297,1),(940,NULL,298,1),(941,NULL,341,1),(942,NULL,342,1),(943,NULL,343,1),(944,NULL,344,1),(945,NULL,345,1),(946,NULL,346,1),(947,NULL,347,1),(948,NULL,302,1),(949,NULL,303,1),(950,NULL,304,1),(951,NULL,305,1),(952,NULL,306,1),(953,NULL,307,1),(954,NULL,308,1),(955,NULL,309,1),(956,NULL,310,1),(957,NULL,311,1),(958,NULL,312,1),(959,NULL,313,1),(960,NULL,314,1),(961,NULL,315,1),(962,NULL,316,1),(963,NULL,317,1),(964,NULL,318,1),(965,NULL,319,1),(966,NULL,320,1),(967,NULL,321,1),(968,NULL,322,1),(969,NULL,323,1),(970,NULL,324,1),(971,NULL,325,1),(972,NULL,326,1),(973,NULL,327,1),(974,NULL,328,1),(975,NULL,329,1),(976,NULL,330,1),(977,NULL,331,1),(978,NULL,332,1),(979,NULL,333,1),(980,NULL,334,1),(981,NULL,335,1),(982,NULL,336,1),(983,NULL,337,1),(984,NULL,338,1),(985,NULL,339,1),(986,NULL,340,1),(987,NULL,398,1),(988,NULL,348,1),(989,NULL,349,1),(990,NULL,354,1),(991,NULL,355,1),(992,NULL,356,1),(993,NULL,357,1),(994,NULL,358,1),(995,NULL,359,1),(996,NULL,360,1),(997,NULL,361,1),(998,NULL,386,1),(999,NULL,387,1),(1000,NULL,388,1),(1001,NULL,412,1),(1002,NULL,415,1),(1003,NULL,416,1),(1004,NULL,428,1),(1005,NULL,429,1),(1006,NULL,430,1),(1007,NULL,369,1),(1008,NULL,370,1),(1009,NULL,403,1),(1010,NULL,404,1),(1011,NULL,405,1),(1012,NULL,373,1),(1013,NULL,374,1),(1014,NULL,375,1),(1015,NULL,376,1),(1016,NULL,377,1),(1017,NULL,378,1),(1018,NULL,379,1),(1019,NULL,380,1),(1020,NULL,381,1),(1021,NULL,392,1),(1022,NULL,393,1),(1023,NULL,395,1),(1024,NULL,396,1),(1025,NULL,397,1),(1026,NULL,399,1),(1027,NULL,400,1),(1028,NULL,401,1),(1029,NULL,406,1),(1030,NULL,407,1),(1031,NULL,417,1),(1032,NULL,418,1),(1033,NULL,419,1),(1034,NULL,420,1),(1035,NULL,421,1),(1036,NULL,422,1),(1037,NULL,408,1),(1038,NULL,409,1),(1039,NULL,413,1),(1040,NULL,414,1),(1041,NULL,410,1),(1042,NULL,411,1),(1043,NULL,423,1),(1044,NULL,424,1),(1045,NULL,425,1),(1046,NULL,426,1),(1047,NULL,427,1),(1048,NULL,435,1),(2606,1,436,1),(2607,1,437,1),(2608,1,438,1),(2609,1,439,1),(2610,1,440,1),(2611,1,441,1),(2612,1,442,1),(2613,1,443,1),(2614,1,444,1),(2615,1,445,1),(2616,1,446,1),(2617,1,460,1),(2618,1,461,1),(2619,1,459,1),(2620,1,447,1),(2621,1,448,1),(2622,1,449,1),(2623,1,450,1),(2624,1,451,1),(2625,1,452,1),(2626,1,462,1),(2627,1,453,1),(2628,1,454,1),(2629,1,455,1),(2630,1,456,1),(2631,1,457,1),(2632,1,458,1),(2633,1,463,1),(2634,1,464,1),(2690,1,477,1),(2691,1,466,1),(2692,1,467,1),(2693,1,468,1),(2694,1,470,1),(2695,1,472,1),(2696,1,471,1),(2697,1,473,1),(2698,1,474,1),(2699,1,475,1),(2700,1,478,1),(2701,1,476,1),(2702,1,479,1),(2703,1,465,1),(2704,1,469,1),(2705,1,480,1),(2706,1,481,NULL),(2707,1,482,1),(2708,1,483,1),(2709,1,487,1),(2710,1,485,1),(2711,1,488,1),(2712,1,484,1),(2713,1,486,1),(2714,1,489,NULL),(2715,1,490,1),(2716,1,491,1),(2717,1,492,1),(2718,1,493,1),(2719,1,494,1),(2720,1,495,1),(2721,1,497,1),(2722,1,498,1),(2723,1,499,1),(2724,1,500,1),(2725,1,501,1),(2726,1,502,1),(2727,1,503,1),(2728,1,504,1),(2729,1,505,1),(2730,1,506,1),(2731,1,507,1),(2732,1,508,1),(2826,1,562,1),(2827,1,563,1),(2828,1,564,1),(2829,1,565,1),(2830,1,566,1),(2831,1,518,1),(2832,1,513,1),(2833,1,514,1),(2834,1,515,1),(2835,1,516,1),(2836,1,517,1),(2837,1,519,1),(2838,1,520,1),(2839,1,532,1),(2840,1,533,1),(2841,1,511,1),(2842,1,512,1),(2843,1,524,1),(2844,1,525,1),(2845,1,526,1),(2846,1,527,1),(2847,1,528,1),(2848,1,529,1),(2849,1,521,1),(2850,1,522,1),(2851,1,523,1),(2852,1,530,1),(2853,1,531,1),(2854,1,534,1),(2855,1,535,1),(2856,1,536,1),(2857,1,537,1),(2858,1,538,1),(2859,1,539,1),(2860,1,540,1),(2861,1,541,1),(2862,1,542,1),(2863,1,543,1),(2864,1,544,1),(2865,1,545,1),(2866,1,546,1),(2867,1,547,1),(2868,1,548,1),(2869,1,557,1),(2870,1,558,1),(2871,1,559,1),(2872,1,560,1),(2873,1,561,1),(2874,1,550,1),(2875,1,551,1),(2876,1,552,1),(2877,1,553,1),(2878,1,554,1),(2879,1,555,1),(2880,1,556,1),(2881,1,567,1),(2882,1,568,1),(2883,1,569,1),(2884,1,570,1),(2885,1,571,1),(2886,1,572,1),(2887,1,573,1),(2888,1,574,1),(2889,1,577,1),(2890,1,575,1),(2891,1,576,1),(2892,1,578,1),(2893,1,579,1),(2894,1,585,1),(2895,1,586,1),(2896,1,587,1),(2897,1,581,1),(2898,1,582,1),(2899,1,583,1),(2900,1,588,1),(2901,1,589,1),(2902,1,584,1),(2903,1,590,1),(2904,1,614,1),(2905,1,612,1),(2906,1,613,1),(2907,1,591,1),(2908,1,592,1),(2909,1,593,1),(2910,1,594,1),(2911,1,595,1),(2912,1,596,1),(2913,1,597,1),(2914,1,598,1),(2915,1,607,1),(2916,1,608,1),(2917,1,599,1),(2918,1,600,1),(2919,1,601,1),(2920,1,602,1),(2921,1,603,1),(2922,1,604,1),(2923,1,605,1),(2924,1,606,1),(2925,1,609,1),(2926,1,610,1),(2927,1,611,1),(2928,1,615,1),(2929,1,616,1),(2930,1,617,1),(2931,1,618,1),(2932,1,619,1),(2933,1,620,1),(2934,1,621,1),(2935,1,622,1),(2936,1,623,1),(2937,1,624,1),(2938,1,625,1),(2939,1,626,1),(2940,1,627,1),(2941,1,628,1),(2942,1,629,1),(2943,1,630,1),(2944,1,656,1),(2945,1,657,1),(2946,1,658,1),(2947,1,653,1),(2948,1,654,1),(2949,1,655,1),(2950,1,631,1),(2951,1,632,1),(2952,1,633,1),(2953,1,634,1),(2954,1,635,1),(2955,1,636,1),(2956,1,637,1),(2957,1,638,1),(2958,1,639,1),(2959,1,640,1),(2960,1,641,1),(2961,1,642,1),(2962,1,643,1),(2963,1,644,1),(2964,1,645,1),(2965,1,646,1),(2966,1,647,1),(2967,1,648,1),(2968,1,649,1),(2969,1,650,1),(2970,1,651,1),(2971,1,652,1),(2972,1,659,1),(2973,1,660,1),(2974,1,661,1),(2975,1,662,1),(2976,1,663,1),(2977,1,664,1),(2978,1,665,1),(2979,1,666,1),(2980,1,667,1),(2981,1,668,1),(2982,1,669,1),(2983,1,670,1),(2984,1,671,1),(2985,1,672,1),(2986,1,673,1),(2987,1,674,1),(2988,1,675,1),(2989,4,1,1),(2990,4,2,1),(2991,4,3,1),(2992,4,4,1),(2993,4,5,1),(2994,4,6,1),(2995,4,7,1),(2996,4,8,1),(2997,4,9,1),(2998,4,10,1),(2999,4,11,1),(3000,4,12,1),(3001,4,13,1),(3002,4,14,1),(3003,4,389,1),(3004,4,390,1),(3005,4,391,1),(3006,4,394,1),(3007,4,15,1),(3008,4,16,1),(3009,4,17,1),(3010,4,18,1),(3011,4,19,1),(3012,4,20,1),(3013,4,436,1),(3014,4,437,1),(3015,4,21,1),(3016,4,22,1),(3017,4,23,1),(3018,4,24,1),(3019,4,25,1),(3020,4,26,1),(3021,4,27,1),(3022,4,116,1),(3023,4,117,1),(3024,4,118,1),(3025,4,134,1),(3026,4,135,1),(3027,4,136,1),(3028,4,137,1),(3029,4,138,1),(3030,4,119,1),(3031,4,120,1),(3032,4,123,1),(3033,4,124,1),(3034,4,125,1),(3035,4,126,1),(3036,4,127,1),(3037,4,128,1),(3038,4,129,1),(3039,4,133,1),(3040,4,121,1),(3041,4,130,1),(3042,4,131,1),(3043,4,132,1),(3044,4,614,1),(3045,4,122,1),(3046,4,562,1),(3047,4,563,1),(3048,4,564,1),(3049,4,565,1),(3050,4,566,1),(3051,4,612,1),(3052,4,613,1),(3053,4,166,1),(3054,4,167,1),(3055,4,168,1),(3056,4,169,1),(3057,4,170,1),(3058,4,171,1),(3059,4,172,1),(3060,4,173,1),(3061,4,174,1),(3062,4,175,1),(3063,4,176,1),(3064,4,177,1),(3065,4,178,1),(3066,4,179,1),(3067,4,180,1),(3068,4,181,1),(3069,4,182,1),(3070,4,183,1),(3071,4,184,1),(3072,4,185,1),(3073,4,186,1),(3074,4,187,1),(3075,4,188,1),(3076,4,207,1),(3077,4,210,1),(3078,4,211,1),(3079,4,212,1),(3080,4,219,1),(3081,4,220,1),(3082,4,280,1),(3083,4,281,1),(3084,4,282,1),(3085,4,283,1),(3086,4,284,1),(3087,4,299,1),(3088,4,300,1),(3089,4,362,1),(3090,4,363,1),(3091,4,383,1),(3092,4,385,1),(3093,4,460,1),(3094,4,461,1),(3095,4,477,1),(3096,4,518,1),(3097,4,656,1),(3098,4,657,1),(3099,4,658,1),(3100,4,189,1),(3101,4,256,1),(3102,4,257,1),(3103,4,258,1),(3104,4,466,1),(3105,4,467,1),(3106,4,468,1),(3107,4,470,1),(3108,4,472,1),(3109,4,190,1),(3110,4,191,1),(3111,4,192,1),(3112,4,200,1),(3113,4,208,1),(3114,4,209,1),(3115,4,213,1),(3116,4,221,1),(3117,4,223,1),(3118,4,224,1),(3119,4,225,1),(3120,4,233,1),(3121,4,242,1),(3122,4,243,1),(3123,4,244,1),(3124,4,245,1),(3125,4,250,1),(3126,4,251,1),(3127,4,253,1),(3128,4,254,1),(3129,4,255,1),(3130,4,263,1),(3131,4,265,1),(3132,4,266,1),(3133,4,267,1),(3134,4,275,1),(3135,4,276,1),(3136,4,286,1),(3137,4,402,1),(3138,4,471,1),(3139,4,193,1),(3140,4,216,1),(3141,4,217,1),(3142,4,218,1),(3143,4,287,1),(3144,4,289,1),(3145,4,290,1),(3146,4,292,1),(3147,4,293,1),(3148,4,294,1),(3149,4,295,1),(3150,4,364,1),(3151,4,365,1),(3152,4,366,1),(3153,4,367,1),(3154,4,368,1),(3155,4,372,1),(3156,4,382,1),(3157,4,384,1),(3158,4,432,1),(3159,4,434,1),(3160,4,473,1),(3161,4,474,1),(3162,4,475,1),(3163,4,478,1),(3164,4,653,1),(3165,4,654,1),(3166,4,655,1),(3167,4,194,1),(3168,4,195,1),(3169,4,196,1),(3170,4,197,1),(3171,4,198,1),(3172,4,199,1),(3173,4,201,1),(3174,4,202,1),(3175,4,203,1),(3176,4,204,1),(3177,4,205,1),(3178,4,206,1),(3179,4,371,1),(3180,4,513,1),(3181,4,514,1),(3182,4,515,1),(3183,4,516,1),(3184,4,517,1),(3185,4,214,1),(3186,4,215,1),(3187,4,226,1),(3188,4,227,1),(3189,4,228,1),(3190,4,229,1),(3191,4,230,1),(3192,4,231,1),(3193,4,234,1),(3194,4,235,1),(3195,4,236,1),(3196,4,237,1),(3197,4,238,1),(3198,4,239,1),(3199,4,240,1),(3200,4,241,1),(3201,4,285,1),(3202,4,431,1),(3203,4,433,1),(3204,4,483,1),(3205,4,246,1),(3206,4,247,1),(3207,4,248,1),(3208,4,249,1),(3209,4,252,1),(3210,4,262,1),(3211,4,264,1),(3212,4,259,1),(3213,4,268,1),(3214,4,487,1),(3215,4,260,1),(3216,4,301,1),(3217,4,459,1),(3218,4,485,1),(3219,4,261,1),(3220,4,288,1),(3221,4,488,1),(3222,4,269,1),(3223,4,270,1),(3224,4,271,1),(3225,4,272,1),(3226,4,291,1),(3227,4,296,1),(3228,4,297,1),(3229,4,298,1),(3230,4,341,1),(3231,4,342,1),(3232,4,343,1),(3233,4,344,1),(3234,4,345,1),(3235,4,346,1),(3236,4,347,1),(3237,4,302,1),(3238,4,303,1),(3239,4,304,1),(3240,4,305,1),(3241,4,306,1),(3242,4,307,1),(3243,4,308,1),(3244,4,309,1),(3245,4,310,1),(3246,4,311,1),(3247,4,312,1),(3248,4,313,1),(3249,4,314,1),(3250,4,315,1),(3251,4,316,1),(3252,4,317,1),(3253,4,318,1),(3254,4,319,1),(3255,4,320,1),(3256,4,321,1),(3257,4,322,1),(3258,4,323,1),(3259,4,324,1),(3260,4,325,1),(3261,4,326,1),(3262,4,327,1),(3263,4,328,1),(3264,4,329,1),(3265,4,330,1),(3266,4,331,1),(3267,4,332,1),(3268,4,333,1),(3269,4,334,1),(3270,4,335,1),(3271,4,336,1),(3272,4,337,1),(3273,4,338,1),(3274,4,339,1),(3275,4,340,1),(3276,4,398,1),(3277,4,476,1),(3278,4,484,1),(3279,4,499,1),(3280,4,500,1),(3281,4,501,1),(3282,4,348,1),(3283,4,349,1),(3284,4,354,1),(3285,4,355,1),(3286,4,356,1),(3287,4,357,1),(3288,4,358,1),(3289,4,359,1),(3290,4,360,1),(3291,4,361,1),(3292,4,386,1),(3293,4,387,1),(3294,4,388,1),(3295,4,412,1),(3296,4,415,1),(3297,4,416,1),(3298,4,428,1),(3299,4,429,1),(3300,4,430,1),(3301,4,479,1),(3302,4,369,1),(3303,4,370,1),(3304,4,403,1),(3305,4,404,1),(3306,4,405,1),(3307,4,519,1),(3308,4,520,1),(3309,4,532,1),(3310,4,533,1),(3311,4,373,1),(3312,4,374,1),(3313,4,375,1),(3314,4,376,1),(3315,4,377,1),(3316,4,378,1),(3317,4,379,1),(3318,4,380,1),(3319,4,381,1),(3320,4,465,1),(3321,4,469,1),(3322,4,511,1),(3323,4,512,1),(3324,4,392,1),(3325,4,393,1),(3326,4,395,1),(3327,4,396,1),(3328,4,397,1),(3329,4,399,1),(3330,4,400,1),(3331,4,401,1),(3332,4,406,1),(3333,4,407,1),(3334,4,417,1),(3335,4,418,1),(3336,4,419,1),(3337,4,420,1),(3338,4,421,1),(3339,4,422,1),(3340,4,524,1),(3341,4,525,1),(3342,4,526,1),(3343,4,408,1),(3344,4,409,1),(3345,4,413,1),(3346,4,414,1),(3347,4,527,1),(3348,4,528,1),(3349,4,529,1),(3350,4,410,1),(3351,4,411,1),(3352,4,423,1),(3353,4,424,1),(3354,4,425,1),(3355,4,426,1),(3356,4,427,1),(3357,4,521,1),(3358,4,522,1),(3359,4,523,1),(3360,4,530,1),(3361,4,531,1),(3362,4,435,1),(3363,4,438,1),(3364,4,439,1),(3365,4,447,1),(3366,4,448,1),(3367,4,449,1),(3368,4,450,1),(3369,4,451,1),(3370,4,452,1),(3371,4,462,1),(3372,4,440,1),(3373,4,441,1),(3374,4,442,1),(3375,4,453,1),(3376,4,454,1),(3377,4,455,1),(3378,4,456,1),(3379,4,457,1),(3380,4,458,1),(3381,4,480,1),(3382,4,443,NULL),(3383,8,1,1),(3384,8,2,1),(3385,8,3,1),(3386,8,4,1),(3387,8,5,1),(3388,8,6,1),(3389,8,7,1),(3390,8,8,1),(3391,8,9,1),(3392,8,10,1),(3393,8,11,1),(3394,8,12,1),(3395,8,13,1),(3396,8,14,1),(3397,8,389,1),(3398,8,390,1),(3399,8,391,1),(3400,8,394,1),(3401,8,15,1),(3402,8,16,1),(3403,8,17,1),(3404,8,18,1),(3405,8,19,1),(3406,8,20,1),(3407,8,436,1),(3408,8,437,1),(3409,8,21,1),(3410,8,22,1),(3411,8,23,1),(3412,8,24,1),(3413,8,25,1),(3414,8,26,1),(3415,8,27,1),(3416,8,116,1),(3417,8,117,1),(3418,8,118,1),(3419,8,134,1),(3420,8,135,1),(3421,8,136,1),(3422,8,137,1),(3423,8,138,1),(3424,8,119,1),(3425,8,120,1),(3426,8,123,1),(3427,8,124,1),(3428,8,125,1),(3429,8,126,1),(3430,8,127,1),(3431,8,128,1),(3432,8,129,1),(3433,8,133,1),(3434,8,121,1),(3435,8,130,1),(3436,8,131,1),(3437,8,132,1),(3438,8,614,1),(3439,8,122,1),(3440,8,562,1),(3441,8,563,1),(3442,8,564,1),(3443,8,565,1),(3444,8,566,1),(3445,8,612,1),(3446,8,613,1),(3447,8,166,1),(3448,8,167,1),(3449,8,168,1),(3450,8,169,1),(3451,8,170,1),(3452,8,171,1),(3453,8,172,1),(3454,8,173,1),(3455,8,174,1),(3456,8,175,1),(3457,8,176,1),(3458,8,177,1),(3459,8,178,1),(3460,8,179,1),(3461,8,180,1),(3462,8,181,1),(3463,8,182,1),(3464,8,183,1),(3465,8,184,1),(3466,8,185,1),(3467,8,186,1),(3468,8,187,1),(3469,8,188,1),(3470,8,207,1),(3471,8,210,1),(3472,8,211,1),(3473,8,212,1),(3474,8,219,1),(3475,8,220,1),(3476,8,280,1),(3477,8,281,1),(3478,8,282,1),(3479,8,283,1),(3480,8,284,1),(3481,8,299,1),(3482,8,300,1),(3483,8,362,1),(3484,8,363,1),(3485,8,383,1),(3486,8,385,1),(3487,8,460,1),(3488,8,461,1),(3489,8,477,1),(3490,8,518,1),(3491,8,656,1),(3492,8,657,1),(3493,8,658,1),(3494,8,189,1),(3495,8,256,1),(3496,8,257,1),(3497,8,258,1),(3498,8,466,1),(3499,8,467,1),(3500,8,468,1),(3501,8,470,1),(3502,8,472,1),(3503,8,190,1),(3504,8,191,1),(3505,8,192,1),(3506,8,200,1),(3507,8,208,1),(3508,8,209,1),(3509,8,213,1),(3510,8,221,1),(3511,8,223,1),(3512,8,224,1),(3513,8,225,1),(3514,8,233,1),(3515,8,242,1),(3516,8,243,1),(3517,8,244,1),(3518,8,245,1),(3519,8,250,1),(3520,8,251,1),(3521,8,253,1),(3522,8,254,1),(3523,8,255,1),(3524,8,263,1),(3525,8,265,1),(3526,8,266,1),(3527,8,267,1),(3528,8,275,1),(3529,8,276,1),(3530,8,286,1),(3531,8,402,1),(3532,8,471,1),(3533,8,193,1),(3534,8,216,1),(3535,8,217,1),(3536,8,218,1),(3537,8,287,1),(3538,8,289,1),(3539,8,290,1),(3540,8,292,1),(3541,8,293,1),(3542,8,294,1),(3543,8,295,1),(3544,8,364,1),(3545,8,365,1),(3546,8,366,1),(3547,8,367,1),(3548,8,368,1),(3549,8,372,1),(3550,8,382,1),(3551,8,384,1),(3552,8,432,1),(3553,8,434,1),(3554,8,473,1),(3555,8,474,1),(3556,8,475,1),(3557,8,478,1),(3558,8,653,1),(3559,8,654,1),(3560,8,655,1),(3561,8,194,1),(3562,8,195,1),(3563,8,196,1),(3564,8,197,1),(3565,8,198,1),(3566,8,199,1),(3567,8,201,1),(3568,8,202,1),(3569,8,203,1),(3570,8,204,1),(3571,8,205,1),(3572,8,206,1),(3573,8,371,1),(3574,8,513,1),(3575,8,514,1),(3576,8,515,1),(3577,8,516,1),(3578,8,517,1),(3579,8,214,1),(3580,8,215,1),(3581,8,226,1),(3582,8,227,1),(3583,8,228,1),(3584,8,229,1),(3585,8,230,1),(3586,8,231,1),(3587,8,234,1),(3588,8,235,1),(3589,8,236,1),(3590,8,237,1),(3591,8,238,1),(3592,8,239,1),(3593,8,240,1),(3594,8,241,1),(3595,8,285,1),(3596,8,431,1),(3597,8,433,1),(3598,8,483,1),(3599,8,246,1),(3600,8,247,1),(3601,8,248,1),(3602,8,249,1),(3603,8,252,1),(3604,8,262,1),(3605,8,264,1),(3606,8,259,1),(3607,8,268,1),(3608,8,487,1),(3609,8,260,1),(3610,8,301,1),(3611,8,459,1),(3612,8,485,1),(3613,8,261,1),(3614,8,288,1),(3615,8,488,1),(3616,8,269,1),(3617,8,270,1),(3618,8,271,1),(3619,8,272,1),(3620,8,291,1),(3621,8,296,1),(3622,8,297,1),(3623,8,298,1),(3624,8,341,1),(3625,8,342,1),(3626,8,343,1),(3627,8,344,1),(3628,8,345,1),(3629,8,346,1),(3630,8,347,1),(3631,8,302,1),(3632,8,303,1),(3633,8,304,1),(3634,8,305,1),(3635,8,306,1),(3636,8,307,1),(3637,8,308,1),(3638,8,309,1),(3639,8,310,1),(3640,8,311,1),(3641,8,312,1),(3642,8,313,1),(3643,8,314,1),(3644,8,315,1),(3645,8,316,1),(3646,8,317,1),(3647,8,318,1),(3648,8,319,1),(3649,8,320,1),(3650,8,321,1),(3651,8,322,1),(3652,8,323,1),(3653,8,324,1),(3654,8,325,1),(3655,8,326,1),(3656,8,327,1),(3657,8,328,1),(3658,8,329,1),(3659,8,330,1),(3660,8,331,1),(3661,8,332,1),(3662,8,333,1),(3663,8,334,1),(3664,8,335,1),(3665,8,336,1),(3666,8,337,1),(3667,8,338,1),(3668,8,339,1),(3669,8,340,1),(3670,8,398,1),(3671,8,476,1),(3672,8,484,1),(3673,8,499,1),(3674,8,500,1),(3675,8,501,1),(3676,8,348,1),(3677,8,349,1),(3678,8,354,1),(3679,8,355,1),(3680,8,356,1),(3681,8,357,1),(3682,8,358,1),(3683,8,359,1),(3684,8,360,1),(3685,8,361,1),(3686,8,386,1),(3687,8,387,1),(3688,8,388,1),(3689,8,412,1),(3690,8,415,1),(3691,8,416,1),(3692,8,428,1),(3693,8,429,1),(3694,8,430,1),(3695,8,479,1),(3696,8,369,1),(3697,8,370,1),(3698,8,403,1),(3699,8,404,1),(3700,8,405,1),(3701,8,519,1),(3702,8,520,1),(3703,8,532,1),(3704,8,533,1),(3705,8,373,1),(3706,8,374,1),(3707,8,375,1),(3708,8,376,1),(3709,8,377,1),(3710,8,378,1),(3711,8,379,1),(3712,8,380,1),(3713,8,381,1),(3714,8,465,1),(3715,8,469,1),(3716,8,511,1),(3717,8,512,1),(3718,8,392,1),(3719,8,393,1),(3720,8,395,1),(3721,8,396,1),(3722,8,397,1),(3723,8,399,1),(3724,8,400,1),(3725,8,401,1),(3726,8,406,1),(3727,8,407,1),(3728,8,417,1),(3729,8,418,1),(3730,8,419,1),(3731,8,420,1),(3732,8,421,1),(3733,8,422,1),(3734,8,524,1),(3735,8,525,1),(3736,8,526,1),(3737,8,408,1),(3738,8,409,1),(3739,8,413,1),(3740,8,414,1),(3741,8,527,1),(3742,8,528,1),(3743,8,529,1),(3744,8,410,1),(3745,8,411,1),(3746,8,423,1),(3747,8,424,1),(3748,8,425,1),(3749,8,426,1),(3750,8,427,1),(3751,8,521,1),(3752,8,522,1),(3753,8,523,1),(3754,8,530,1),(3755,8,531,1),(3756,8,435,1),(3757,8,438,1),(3758,8,439,1),(3759,8,447,1),(3760,8,448,1),(3761,8,449,1),(3762,8,450,1),(3763,8,451,1),(3764,8,452,1),(3765,8,462,1),(3766,8,440,1),(3767,8,441,1),(3768,8,442,1),(3769,8,453,1),(3770,8,454,1),(3771,8,455,1),(3772,8,456,1),(3773,8,457,1),(3774,8,458,1),(3775,8,480,1),(3776,8,443,NULL),(3777,12,1,1),(3778,12,2,1),(3779,12,3,1),(3780,12,4,1),(3781,12,5,1),(3782,12,6,1),(3783,12,7,1),(3784,12,8,1),(3785,12,9,1),(3786,12,10,1),(3787,12,11,1),(3788,12,12,1),(3789,12,13,1),(3790,12,14,1),(3791,12,389,1),(3792,12,390,1),(3793,12,391,1),(3794,12,394,1),(3795,12,15,1),(3796,12,16,1),(3797,12,17,1),(3798,12,18,1),(3799,12,19,1),(3800,12,20,1),(3801,12,436,1),(3802,12,437,1),(3803,12,21,1),(3804,12,22,1),(3805,12,23,1),(3806,12,24,1),(3807,12,25,1),(3808,12,26,1),(3809,12,27,1),(3810,12,116,1),(3811,12,117,1),(3812,12,118,1),(3813,12,134,1),(3814,12,135,1),(3815,12,136,1),(3816,12,137,1),(3817,12,138,1),(3818,12,119,1),(3819,12,120,1),(3820,12,123,1),(3821,12,124,1),(3822,12,125,1),(3823,12,126,1),(3824,12,127,1),(3825,12,128,1),(3826,12,129,1),(3827,12,133,1),(3828,12,121,1),(3829,12,130,1),(3830,12,131,1),(3831,12,132,1),(3832,12,614,1),(3833,12,122,1),(3834,12,562,1),(3835,12,563,1),(3836,12,564,1),(3837,12,565,1),(3838,12,566,1),(3839,12,612,1),(3840,12,613,1),(3841,12,166,1),(3842,12,167,1),(3843,12,168,1),(3844,12,169,1),(3845,12,170,1),(3846,12,171,1),(3847,12,172,1),(3848,12,173,1),(3849,12,174,1),(3850,12,175,1),(3851,12,176,1),(3852,12,177,1),(3853,12,178,1),(3854,12,179,1),(3855,12,180,1),(3856,12,181,1),(3857,12,182,1),(3858,12,183,1),(3859,12,184,1),(3860,12,185,1),(3861,12,186,1),(3862,12,187,1),(3863,12,188,1),(3864,12,207,1),(3865,12,210,1),(3866,12,211,1),(3867,12,212,1),(3868,12,219,1),(3869,12,220,1),(3870,12,280,1),(3871,12,281,1),(3872,12,282,1),(3873,12,283,1),(3874,12,284,1),(3875,12,299,1),(3876,12,300,1),(3877,12,362,1),(3878,12,363,1),(3879,12,383,1),(3880,12,385,1),(3881,12,460,1),(3882,12,461,1),(3883,12,477,1),(3884,12,518,1),(3885,12,656,1),(3886,12,657,1),(3887,12,658,1),(3888,12,189,1),(3889,12,256,1),(3890,12,257,1),(3891,12,258,1),(3892,12,466,1),(3893,12,467,1),(3894,12,468,1),(3895,12,470,1),(3896,12,472,1),(3897,12,190,1),(3898,12,191,1),(3899,12,192,1),(3900,12,200,1),(3901,12,208,1),(3902,12,209,1),(3903,12,213,1),(3904,12,221,1),(3905,12,223,1),(3906,12,224,1),(3907,12,225,1),(3908,12,233,1),(3909,12,242,1),(3910,12,243,1),(3911,12,244,1),(3912,12,245,1),(3913,12,250,1),(3914,12,251,1),(3915,12,253,1),(3916,12,254,1),(3917,12,255,1),(3918,12,263,1),(3919,12,265,1),(3920,12,266,1),(3921,12,267,1),(3922,12,275,1),(3923,12,276,1),(3924,12,286,1),(3925,12,402,1),(3926,12,471,1),(3927,12,193,1),(3928,12,216,1),(3929,12,217,1),(3930,12,218,1),(3931,12,287,1),(3932,12,289,1),(3933,12,290,1),(3934,12,292,1),(3935,12,293,1),(3936,12,294,1),(3937,12,295,1),(3938,12,364,1),(3939,12,365,1),(3940,12,366,1),(3941,12,367,1),(3942,12,368,1),(3943,12,372,1),(3944,12,382,1),(3945,12,384,1),(3946,12,432,1),(3947,12,434,1),(3948,12,473,1),(3949,12,474,1),(3950,12,475,1),(3951,12,478,1),(3952,12,653,1),(3953,12,654,1),(3954,12,655,1),(3955,12,194,1),(3956,12,195,1),(3957,12,196,1),(3958,12,197,1),(3959,12,198,1),(3960,12,199,1),(3961,12,201,1),(3962,12,202,1),(3963,12,203,1),(3964,12,204,1),(3965,12,205,1),(3966,12,206,1),(3967,12,371,1),(3968,12,513,1),(3969,12,514,1),(3970,12,515,1),(3971,12,516,1),(3972,12,517,1),(3973,12,214,1),(3974,12,215,1),(3975,12,226,1),(3976,12,227,1),(3977,12,228,1),(3978,12,229,1),(3979,12,230,1),(3980,12,231,1),(3981,12,234,1),(3982,12,235,1),(3983,12,236,1),(3984,12,237,1),(3985,12,238,1),(3986,12,239,1),(3987,12,240,1),(3988,12,241,1),(3989,12,285,1),(3990,12,431,1),(3991,12,433,1),(3992,12,483,1),(3993,12,246,1),(3994,12,247,1),(3995,12,248,1),(3996,12,249,1),(3997,12,252,1),(3998,12,262,1),(3999,12,264,1),(4000,12,259,1),(4001,12,268,1),(4002,12,487,1),(4003,12,260,1),(4004,12,301,1),(4005,12,459,1),(4006,12,485,1),(4007,12,261,1),(4008,12,288,1),(4009,12,488,1),(4010,12,269,1),(4011,12,270,1),(4012,12,271,1),(4013,12,272,1),(4014,12,291,1),(4015,12,296,1),(4016,12,297,1),(4017,12,298,1),(4018,12,341,1),(4019,12,342,1),(4020,12,343,1),(4021,12,344,1),(4022,12,345,1),(4023,12,346,1),(4024,12,347,1),(4025,12,302,1),(4026,12,303,1),(4027,12,304,1),(4028,12,305,1),(4029,12,306,1),(4030,12,307,1),(4031,12,308,1),(4032,12,309,1),(4033,12,310,1),(4034,12,311,1),(4035,12,312,1),(4036,12,313,1),(4037,12,314,1),(4038,12,315,1),(4039,12,316,1),(4040,12,317,1),(4041,12,318,1),(4042,12,319,1),(4043,12,320,1),(4044,12,321,1),(4045,12,322,1),(4046,12,323,1),(4047,12,324,1),(4048,12,325,1),(4049,12,326,1),(4050,12,327,1),(4051,12,328,1),(4052,12,329,1),(4053,12,330,1),(4054,12,331,1),(4055,12,332,1),(4056,12,333,1),(4057,12,334,1),(4058,12,335,1),(4059,12,336,1),(4060,12,337,1),(4061,12,338,1),(4062,12,339,1),(4063,12,340,1),(4064,12,398,1),(4065,12,476,1),(4066,12,484,1),(4067,12,499,1),(4068,12,500,1),(4069,12,501,1),(4070,12,348,1),(4071,12,349,1),(4072,12,354,1),(4073,12,355,1),(4074,12,356,1),(4075,12,357,1),(4076,12,358,1),(4077,12,359,1),(4078,12,360,1),(4079,12,361,1),(4080,12,386,1),(4081,12,387,1),(4082,12,388,1),(4083,12,412,1),(4084,12,415,1),(4085,12,416,1),(4086,12,428,1),(4087,12,429,1),(4088,12,430,1),(4089,12,479,1),(4090,12,369,1),(4091,12,370,1),(4092,12,403,1),(4093,12,404,1),(4094,12,405,1),(4095,12,519,1),(4096,12,520,1),(4097,12,532,1),(4098,12,533,1),(4099,12,373,1),(4100,12,374,1),(4101,12,375,1),(4102,12,376,1),(4103,12,377,1),(4104,12,378,1),(4105,12,379,1),(4106,12,380,1),(4107,12,381,1),(4108,12,465,1),(4109,12,469,1),(4110,12,511,1),(4111,12,512,1),(4112,12,392,1),(4113,12,393,1),(4114,12,395,1),(4115,12,396,1),(4116,12,397,1),(4117,12,399,1),(4118,12,400,1),(4119,12,401,1),(4120,12,406,1),(4121,12,407,1),(4122,12,417,1),(4123,12,418,1),(4124,12,419,1),(4125,12,420,1),(4126,12,421,1),(4127,12,422,1),(4128,12,524,1),(4129,12,525,1),(4130,12,526,1),(4131,12,408,1),(4132,12,409,1),(4133,12,413,1),(4134,12,414,1),(4135,12,527,1),(4136,12,528,1),(4137,12,529,1),(4138,12,410,1),(4139,12,411,1),(4140,12,423,1),(4141,12,424,1),(4142,12,425,1),(4143,12,426,1),(4144,12,427,1),(4145,12,521,1),(4146,12,522,1),(4147,12,523,1),(4148,12,530,1),(4149,12,531,1),(4150,12,435,1),(4151,12,438,1),(4152,12,439,1),(4153,12,447,1),(4154,12,448,1),(4155,12,449,1),(4156,12,450,1),(4157,12,451,1),(4158,12,452,1),(4159,12,462,1),(4160,12,440,1),(4161,12,441,1),(4162,12,442,1),(4163,12,453,1),(4164,12,454,1),(4165,12,455,1),(4166,12,456,1),(4167,12,457,1),(4168,12,458,1),(4169,12,480,1),(4170,12,443,0),(4171,5,1,1),(4172,5,2,1),(4173,5,3,1),(4174,5,4,1),(4175,5,5,1),(4176,5,6,1),(4177,5,7,1),(4178,5,8,1),(4179,5,9,1),(4180,5,10,1),(4181,5,11,1),(4182,5,12,1),(4183,5,13,1),(4184,5,14,1),(4185,5,389,1),(4186,5,390,1),(4187,5,391,1),(4188,5,394,1),(4189,5,15,1),(4190,5,16,1),(4191,5,17,1),(4192,5,18,1),(4193,5,19,1),(4194,5,20,1),(4195,5,436,1),(4196,5,437,1),(4197,5,21,1),(4198,5,22,1),(4199,5,23,1),(4200,5,24,1),(4201,5,25,1),(4202,5,26,1),(4203,5,27,1),(4204,5,116,1),(4205,5,117,1),(4206,5,118,1),(4207,5,134,1),(4208,5,135,1),(4209,5,136,1),(4210,5,137,1),(4211,5,138,1),(4212,5,119,1),(4213,5,120,1),(4214,5,123,1),(4215,5,124,1),(4216,5,125,1),(4217,5,126,1),(4218,5,127,1),(4219,5,128,1),(4220,5,129,1),(4221,5,133,1),(4222,5,121,1),(4223,5,130,1),(4224,5,131,1),(4225,5,132,1),(4226,5,614,1),(4227,5,122,1),(4228,5,562,1),(4229,5,563,1),(4230,5,564,1),(4231,5,565,1),(4232,5,566,1),(4233,5,612,1),(4234,5,613,1),(4235,5,166,1),(4236,5,167,1),(4237,5,168,1),(4238,5,169,1),(4239,5,170,1),(4240,5,171,1),(4241,5,172,1),(4242,5,173,1),(4243,5,174,1),(4244,5,175,1),(4245,5,176,1),(4246,5,177,1),(4247,5,178,1),(4248,5,179,1),(4249,5,180,1),(4250,5,181,1),(4251,5,182,1),(4252,5,183,1),(4253,5,184,1),(4254,5,185,1),(4255,5,186,1),(4256,5,187,1),(4257,5,188,1),(4258,5,207,1),(4259,5,210,1),(4260,5,211,1),(4261,5,212,1),(4262,5,219,1),(4263,5,220,1),(4264,5,280,1),(4265,5,281,1),(4266,5,282,1),(4267,5,283,1),(4268,5,284,1),(4269,5,299,1),(4270,5,300,1),(4271,5,362,1),(4272,5,363,1),(4273,5,383,1),(4274,5,385,1),(4275,5,460,1),(4276,5,461,1),(4277,5,477,1),(4278,5,518,1),(4279,5,656,1),(4280,5,657,1),(4281,5,658,1),(4282,5,189,1),(4283,5,256,1),(4284,5,257,1),(4285,5,258,1),(4286,5,466,1),(4287,5,467,1),(4288,5,468,1),(4289,5,470,1),(4290,5,472,1),(4291,5,190,1),(4292,5,191,1),(4293,5,192,1),(4294,5,200,1),(4295,5,208,1),(4296,5,209,1),(4297,5,213,1),(4298,5,221,1),(4299,5,223,1),(4300,5,224,1),(4301,5,225,1),(4302,5,233,1),(4303,5,242,1),(4304,5,243,1),(4305,5,244,1),(4306,5,245,1),(4307,5,250,1),(4308,5,251,1),(4309,5,253,1),(4310,5,254,1),(4311,5,255,1),(4312,5,263,1),(4313,5,265,1),(4314,5,266,1),(4315,5,267,1),(4316,5,275,1),(4317,5,276,1),(4318,5,286,1),(4319,5,402,1),(4320,5,471,1),(4321,5,193,1),(4322,5,216,1),(4323,5,217,1),(4324,5,218,1),(4325,5,287,1),(4326,5,289,1),(4327,5,290,1),(4328,5,292,1),(4329,5,293,1),(4330,5,294,1),(4331,5,295,1),(4332,5,364,1),(4333,5,365,1),(4334,5,366,1),(4335,5,367,1),(4336,5,368,1),(4337,5,372,1),(4338,5,382,1),(4339,5,384,1),(4340,5,432,1),(4341,5,434,1),(4342,5,473,1),(4343,5,474,1),(4344,5,475,1),(4345,5,478,1),(4346,5,653,1),(4347,5,654,1),(4348,5,655,1),(4349,5,194,1),(4350,5,195,1),(4351,5,196,1),(4352,5,197,1),(4353,5,198,1),(4354,5,199,1),(4355,5,201,1),(4356,5,202,1),(4357,5,203,1),(4358,5,204,1),(4359,5,205,1),(4360,5,206,1),(4361,5,371,1),(4362,5,513,1),(4363,5,514,1),(4364,5,515,1),(4365,5,516,1),(4366,5,517,1),(4367,5,214,1),(4368,5,215,1),(4369,5,226,1),(4370,5,227,1),(4371,5,228,1),(4372,5,229,1),(4373,5,230,1),(4374,5,231,1),(4375,5,234,1),(4376,5,235,1),(4377,5,236,1),(4378,5,237,1),(4379,5,238,1),(4380,5,239,1),(4381,5,240,1),(4382,5,241,1),(4383,5,285,1),(4384,5,431,1),(4385,5,433,1),(4386,5,483,1),(4387,5,246,1),(4388,5,247,1),(4389,5,248,1),(4390,5,249,1),(4391,5,252,1),(4392,5,262,1),(4393,5,264,1),(4394,5,259,1),(4395,5,268,1),(4396,5,487,1),(4397,5,260,1),(4398,5,301,1),(4399,5,459,1),(4400,5,485,1),(4401,5,261,1),(4402,5,288,1),(4403,5,488,1),(4404,5,269,1),(4405,5,270,1),(4406,5,271,1),(4407,5,272,1),(4408,5,291,1),(4409,5,296,1),(4410,5,297,1),(4411,5,298,1),(4412,5,341,1),(4413,5,342,1),(4414,5,343,1),(4415,5,344,1),(4416,5,345,1),(4417,5,346,1),(4418,5,347,1),(4419,5,302,1),(4420,5,303,1),(4421,5,304,1),(4422,5,305,1),(4423,5,306,1),(4424,5,307,1),(4425,5,308,1),(4426,5,309,1),(4427,5,310,1),(4428,5,311,1),(4429,5,312,1),(4430,5,313,1),(4431,5,314,1),(4432,5,315,1),(4433,5,316,1),(4434,5,317,1),(4435,5,318,1),(4436,5,319,1),(4437,5,320,1),(4438,5,321,1),(4439,5,322,1),(4440,5,323,1),(4441,5,324,1),(4442,5,325,1),(4443,5,326,1),(4444,5,327,1),(4445,5,328,1),(4446,5,329,1),(4447,5,330,1),(4448,5,331,1),(4449,5,332,1),(4450,5,333,1),(4451,5,334,1),(4452,5,335,1),(4453,5,336,1),(4454,5,337,1),(4455,5,338,1),(4456,5,339,1),(4457,5,340,1),(4458,5,398,1),(4459,5,476,1),(4460,5,484,1),(4461,5,499,1),(4462,5,500,1),(4463,5,501,1),(4464,5,348,1),(4465,5,349,1),(4466,5,354,1),(4467,5,355,1),(4468,5,356,1),(4469,5,357,1),(4470,5,358,1),(4471,5,359,1),(4472,5,360,1),(4473,5,361,1),(4474,5,386,1),(4475,5,387,1),(4476,5,388,1),(4477,5,412,1),(4478,5,415,1),(4479,5,416,1),(4480,5,428,1),(4481,5,429,1),(4482,5,430,1),(4483,5,479,1),(4484,5,369,1),(4485,5,370,1),(4486,5,403,1),(4487,5,404,1),(4488,5,405,1),(4489,5,519,1),(4490,5,520,1),(4491,5,532,1),(4492,5,533,1),(4493,5,373,1),(4494,5,374,1),(4495,5,375,1),(4496,5,376,1),(4497,5,377,1),(4498,5,378,1),(4499,5,379,1),(4500,5,380,1),(4501,5,381,1),(4502,5,465,1),(4503,5,469,1),(4504,5,511,1),(4505,5,512,1),(4506,5,392,1),(4507,5,393,1),(4508,5,395,1),(4509,5,396,1),(4510,5,397,1),(4511,5,399,1),(4512,5,400,1),(4513,5,401,1),(4514,5,406,1),(4515,5,407,1),(4516,5,417,1),(4517,5,418,1),(4518,5,419,1),(4519,5,420,1),(4520,5,421,1),(4521,5,422,1),(4522,5,524,1),(4523,5,525,1),(4524,5,526,1),(4525,5,408,1),(4526,5,409,1),(4527,5,413,1),(4528,5,414,1),(4529,5,527,1),(4530,5,528,1),(4531,5,529,1),(4532,5,410,1),(4533,5,411,1),(4534,5,423,1),(4535,5,424,1),(4536,5,425,1),(4537,5,426,1),(4538,5,427,1),(4539,5,521,1),(4540,5,522,1),(4541,5,523,1),(4542,5,530,1),(4543,5,531,1),(4544,5,435,1),(4545,5,438,1),(4546,5,439,1),(4547,5,447,1),(4548,5,448,1),(4549,5,449,1),(4550,5,450,1),(4551,5,451,1),(4552,5,452,1),(4553,5,462,1),(4554,5,440,1),(4555,5,441,1),(4556,5,442,1),(4557,5,453,1),(4558,5,454,1),(4559,5,455,1),(4560,5,456,1),(4561,5,457,1),(4562,5,458,1),(4563,5,480,1),(4564,5,443,0),(4565,11,1,1),(4566,11,2,1),(4567,11,3,1),(4568,11,4,1),(4569,11,5,1),(4570,11,6,1),(4571,11,7,1),(4572,11,8,1),(4573,11,9,1),(4574,11,10,1),(4575,11,11,1),(4576,11,12,1),(4577,11,13,1),(4578,11,14,1),(4579,11,389,1),(4580,11,390,1),(4581,11,391,1),(4582,11,394,1),(4583,11,15,1),(4584,11,16,1),(4585,11,17,1),(4586,11,18,1),(4587,11,19,1),(4588,11,20,1),(4589,11,436,1),(4590,11,437,1),(4591,11,21,1),(4592,11,22,1),(4593,11,23,1),(4594,11,24,1),(4595,11,25,1),(4596,11,26,1),(4597,11,27,1),(4598,11,116,1),(4599,11,117,1),(4600,11,118,1),(4601,11,134,1),(4602,11,135,1),(4603,11,136,1),(4604,11,137,1),(4605,11,138,1),(4606,11,119,1),(4607,11,120,1),(4608,11,123,1),(4609,11,124,1),(4610,11,125,1),(4611,11,126,1),(4612,11,127,1),(4613,11,128,1),(4614,11,129,1),(4615,11,133,1),(4616,11,121,1),(4617,11,130,1),(4618,11,131,1),(4619,11,132,1),(4620,11,614,1),(4621,11,122,1),(4622,11,562,1),(4623,11,563,1),(4624,11,564,1),(4625,11,565,1),(4626,11,566,1),(4627,11,612,1),(4628,11,613,1),(4629,11,166,1),(4630,11,167,1),(4631,11,168,1),(4632,11,169,1),(4633,11,170,1),(4634,11,171,1),(4635,11,172,1),(4636,11,173,1),(4637,11,174,1),(4638,11,175,1),(4639,11,176,1),(4640,11,177,1),(4641,11,178,1),(4642,11,179,1),(4643,11,180,1),(4644,11,181,1),(4645,11,182,1),(4646,11,183,1),(4647,11,184,1),(4648,11,185,1),(4649,11,186,1),(4650,11,187,1),(4651,11,188,1),(4652,11,207,1),(4653,11,210,1),(4654,11,211,1),(4655,11,212,1),(4656,11,219,1),(4657,11,220,1),(4658,11,280,1),(4659,11,281,1),(4660,11,282,1),(4661,11,283,1),(4662,11,284,1),(4663,11,299,1),(4664,11,300,1),(4665,11,362,1),(4666,11,363,1),(4667,11,383,1),(4668,11,385,1),(4669,11,460,1),(4670,11,461,1),(4671,11,477,1),(4672,11,518,1),(4673,11,656,1),(4674,11,657,1),(4675,11,658,1),(4676,11,189,1),(4677,11,256,1),(4678,11,257,1),(4679,11,258,1),(4680,11,466,1),(4681,11,467,1),(4682,11,468,1),(4683,11,470,1),(4684,11,472,1),(4685,11,190,1),(4686,11,191,1),(4687,11,192,1),(4688,11,200,1),(4689,11,208,1),(4690,11,209,1),(4691,11,213,1),(4692,11,221,1),(4693,11,223,1),(4694,11,224,1),(4695,11,225,1),(4696,11,233,1),(4697,11,242,1),(4698,11,243,1),(4699,11,244,1),(4700,11,245,1),(4701,11,250,1),(4702,11,251,1),(4703,11,253,1),(4704,11,254,1),(4705,11,255,1),(4706,11,263,1),(4707,11,265,1),(4708,11,266,1),(4709,11,267,1),(4710,11,275,1),(4711,11,276,1),(4712,11,286,1),(4713,11,402,1),(4714,11,471,1),(4715,11,193,1),(4716,11,216,1),(4717,11,217,1),(4718,11,218,1),(4719,11,287,1),(4720,11,289,1),(4721,11,290,1),(4722,11,292,1),(4723,11,293,1),(4724,11,294,1),(4725,11,295,1),(4726,11,364,1),(4727,11,365,1),(4728,11,366,1),(4729,11,367,1),(4730,11,368,1),(4731,11,372,1),(4732,11,382,1),(4733,11,384,1),(4734,11,432,1),(4735,11,434,1),(4736,11,473,1),(4737,11,474,1),(4738,11,475,1),(4739,11,478,1),(4740,11,653,1),(4741,11,654,1),(4742,11,655,1),(4743,11,194,1),(4744,11,195,1),(4745,11,196,1),(4746,11,197,1),(4747,11,198,1),(4748,11,199,1),(4749,11,201,1),(4750,11,202,1),(4751,11,203,1),(4752,11,204,1),(4753,11,205,1),(4754,11,206,1),(4755,11,371,1),(4756,11,513,1),(4757,11,514,1),(4758,11,515,1),(4759,11,516,1),(4760,11,517,1),(4761,11,214,1),(4762,11,215,1),(4763,11,226,1),(4764,11,227,1),(4765,11,228,1),(4766,11,229,1),(4767,11,230,1),(4768,11,231,1),(4769,11,234,1),(4770,11,235,1),(4771,11,236,1),(4772,11,237,1),(4773,11,238,1),(4774,11,239,1),(4775,11,240,1),(4776,11,241,1),(4777,11,285,1),(4778,11,431,1),(4779,11,433,1),(4780,11,483,1),(4781,11,246,1),(4782,11,247,1),(4783,11,248,1),(4784,11,249,1),(4785,11,252,1),(4786,11,262,1),(4787,11,264,1),(4788,11,259,1),(4789,11,268,1),(4790,11,487,1),(4791,11,260,1),(4792,11,301,1),(4793,11,459,1),(4794,11,485,1),(4795,11,261,1),(4796,11,288,1),(4797,11,488,1),(4798,11,269,1),(4799,11,270,1),(4800,11,271,1),(4801,11,272,1),(4802,11,291,1),(4803,11,296,1),(4804,11,297,1),(4805,11,298,1),(4806,11,341,1),(4807,11,342,1),(4808,11,343,1),(4809,11,344,1),(4810,11,345,1),(4811,11,346,1),(4812,11,347,1),(4813,11,302,1),(4814,11,303,1),(4815,11,304,1),(4816,11,305,1),(4817,11,306,1),(4818,11,307,1),(4819,11,308,1),(4820,11,309,1),(4821,11,310,1),(4822,11,311,1),(4823,11,312,1),(4824,11,313,1),(4825,11,314,1),(4826,11,315,1),(4827,11,316,1),(4828,11,317,1),(4829,11,318,1),(4830,11,319,1),(4831,11,320,1),(4832,11,321,1),(4833,11,322,1),(4834,11,323,1),(4835,11,324,1),(4836,11,325,1),(4837,11,326,1),(4838,11,327,1),(4839,11,328,1),(4840,11,329,1),(4841,11,330,1),(4842,11,331,1),(4843,11,332,1),(4844,11,333,1),(4845,11,334,1),(4846,11,335,1),(4847,11,336,1),(4848,11,337,1),(4849,11,338,1),(4850,11,339,1),(4851,11,340,1),(4852,11,398,1),(4853,11,476,1),(4854,11,484,1),(4855,11,499,1),(4856,11,500,1),(4857,11,501,1),(4858,11,348,1),(4859,11,349,1),(4860,11,354,1),(4861,11,355,1),(4862,11,356,1),(4863,11,357,1),(4864,11,358,1),(4865,11,359,1),(4866,11,360,1),(4867,11,361,1),(4868,11,386,1),(4869,11,387,1),(4870,11,388,1),(4871,11,412,1),(4872,11,415,1),(4873,11,416,1),(4874,11,428,1),(4875,11,429,1),(4876,11,430,1),(4877,11,479,1),(4878,11,369,1),(4879,11,370,1),(4880,11,403,1),(4881,11,404,1),(4882,11,405,1),(4883,11,519,1),(4884,11,520,1),(4885,11,532,1),(4886,11,533,1),(4887,11,373,1),(4888,11,374,1),(4889,11,375,1),(4890,11,376,1),(4891,11,377,1),(4892,11,378,1),(4893,11,379,1),(4894,11,380,1),(4895,11,381,1),(4896,11,465,1),(4897,11,469,1),(4898,11,511,1),(4899,11,512,1),(4900,11,392,1),(4901,11,393,1),(4902,11,395,1),(4903,11,396,1),(4904,11,397,1),(4905,11,399,1),(4906,11,400,1),(4907,11,401,1),(4908,11,406,1),(4909,11,407,1),(4910,11,417,1),(4911,11,418,1),(4912,11,419,1),(4913,11,420,1),(4914,11,421,1),(4915,11,422,1),(4916,11,524,1),(4917,11,525,1),(4918,11,526,1),(4919,11,408,1),(4920,11,409,1),(4921,11,413,1),(4922,11,414,1),(4923,11,527,1),(4924,11,528,1),(4925,11,529,1),(4926,11,410,1),(4927,11,411,1),(4928,11,423,1),(4929,11,424,1),(4930,11,425,1),(4931,11,426,1),(4932,11,427,1),(4933,11,521,1),(4934,11,522,1),(4935,11,523,1),(4936,11,530,1),(4937,11,531,1),(4938,11,435,1),(4939,11,438,1),(4940,11,439,1),(4941,11,447,1),(4942,11,448,1),(4943,11,449,1),(4944,11,450,1),(4945,11,451,1),(4946,11,452,1),(4947,11,462,1),(4948,11,440,1),(4949,11,441,1),(4950,11,442,1),(4951,11,453,1),(4952,11,454,1),(4953,11,455,1),(4954,11,456,1),(4955,11,457,1),(4956,11,458,1),(4957,11,480,1),(4958,11,443,0),(4959,2,1,1),(4960,2,2,1),(4961,2,3,1),(4962,2,4,1),(4963,2,5,1),(4964,2,6,1),(4965,2,7,1),(4966,2,8,1),(4967,2,9,1),(4968,2,10,1),(4969,2,11,1),(4970,2,12,1),(4971,2,13,1),(4972,2,14,1),(4973,2,389,1),(4974,2,390,1),(4975,2,391,1),(4976,2,394,1),(4977,2,15,1),(4978,2,16,1),(4979,2,17,1),(4980,2,18,1),(4981,2,19,1),(4982,2,20,1),(4983,2,436,1),(4984,2,437,1),(4985,2,21,1),(4986,2,22,1),(4987,2,23,1),(4988,2,24,1),(4989,2,25,1),(4990,2,26,1),(4991,2,27,1),(4992,2,116,1),(4993,2,117,1),(4994,2,118,1),(4995,2,134,1),(4996,2,135,1),(4997,2,136,1),(4998,2,137,1),(4999,2,138,1),(5000,2,119,1),(5001,2,120,1),(5002,2,123,1),(5003,2,124,1),(5004,2,125,1),(5005,2,126,1),(5006,2,127,1),(5007,2,128,1),(5008,2,129,1),(5009,2,133,1),(5010,2,121,1),(5011,2,130,1),(5012,2,131,1),(5013,2,132,1),(5014,2,614,1),(5015,2,122,1),(5016,2,562,1),(5017,2,563,1),(5018,2,564,1),(5019,2,565,1),(5020,2,566,1),(5021,2,612,1),(5022,2,613,1),(5023,2,166,1),(5024,2,167,1),(5025,2,168,1),(5026,2,169,1),(5027,2,170,1),(5028,2,171,1),(5029,2,172,1),(5030,2,173,1),(5031,2,174,1),(5032,2,175,1),(5033,2,176,1),(5034,2,177,1),(5035,2,178,1),(5036,2,179,1),(5037,2,180,1),(5038,2,181,1),(5039,2,182,1),(5040,2,183,1),(5041,2,184,1),(5042,2,185,1),(5043,2,186,1),(5044,2,187,1),(5045,2,188,1),(5046,2,207,1),(5047,2,210,1),(5048,2,211,1),(5049,2,212,1),(5050,2,219,1),(5051,2,220,1),(5052,2,280,1),(5053,2,281,1),(5054,2,282,1),(5055,2,283,1),(5056,2,284,1),(5057,2,299,1),(5058,2,300,1),(5059,2,362,1),(5060,2,363,1),(5061,2,383,1),(5062,2,385,1),(5063,2,460,1),(5064,2,461,1),(5065,2,477,1),(5066,2,518,1),(5067,2,656,1),(5068,2,657,1),(5069,2,658,1),(5070,2,189,1),(5071,2,256,1),(5072,2,257,1),(5073,2,258,1),(5074,2,466,1),(5075,2,467,1),(5076,2,468,1),(5077,2,470,1),(5078,2,472,1),(5079,2,190,1),(5080,2,191,1),(5081,2,192,1),(5082,2,200,1),(5083,2,208,1),(5084,2,209,1),(5085,2,213,1),(5086,2,221,1),(5087,2,223,1),(5088,2,224,1),(5089,2,225,1),(5090,2,233,1),(5091,2,242,1),(5092,2,243,1),(5093,2,244,1),(5094,2,245,1),(5095,2,250,1),(5096,2,251,1),(5097,2,253,1),(5098,2,254,1),(5099,2,255,1),(5100,2,263,1),(5101,2,265,1),(5102,2,266,1),(5103,2,267,1),(5104,2,275,1),(5105,2,276,1),(5106,2,286,1),(5107,2,402,1),(5108,2,471,1),(5109,2,193,1),(5110,2,216,1),(5111,2,217,1),(5112,2,218,1),(5113,2,287,1),(5114,2,289,1),(5115,2,290,1),(5116,2,292,1),(5117,2,293,1),(5118,2,294,1),(5119,2,295,1),(5120,2,364,1),(5121,2,365,1),(5122,2,366,1),(5123,2,367,1),(5124,2,368,1),(5125,2,372,1),(5126,2,382,1),(5127,2,384,1),(5128,2,432,1),(5129,2,434,1),(5130,2,473,1),(5131,2,474,1),(5132,2,475,1),(5133,2,478,1),(5134,2,653,1),(5135,2,654,1),(5136,2,655,1),(5137,2,194,1),(5138,2,195,1),(5139,2,196,1),(5140,2,197,1),(5141,2,198,1),(5142,2,199,1),(5143,2,201,1),(5144,2,202,1),(5145,2,203,1),(5146,2,204,1),(5147,2,205,1),(5148,2,206,1),(5149,2,371,1),(5150,2,513,1),(5151,2,514,1),(5152,2,515,1),(5153,2,516,1),(5154,2,517,1),(5155,2,214,1),(5156,2,215,1),(5157,2,226,1),(5158,2,227,1),(5159,2,228,1),(5160,2,229,1),(5161,2,230,1),(5162,2,231,1),(5163,2,234,1),(5164,2,235,1),(5165,2,236,1),(5166,2,237,1),(5167,2,238,1),(5168,2,239,1),(5169,2,240,1),(5170,2,241,1),(5171,2,285,1),(5172,2,431,1),(5173,2,433,1),(5174,2,483,1),(5175,2,246,1),(5176,2,247,1),(5177,2,248,1),(5178,2,249,1),(5179,2,252,1),(5180,2,262,1),(5181,2,264,1),(5182,2,259,1),(5183,2,268,1),(5184,2,487,1),(5185,2,260,1),(5186,2,301,1),(5187,2,459,1),(5188,2,485,1),(5189,2,261,1),(5190,2,288,1),(5191,2,488,1),(5192,2,269,1),(5193,2,270,1),(5194,2,271,1),(5195,2,272,1),(5196,2,291,1),(5197,2,296,1),(5198,2,297,1),(5199,2,298,1),(5200,2,341,1),(5201,2,342,1),(5202,2,343,1),(5203,2,344,1),(5204,2,345,1),(5205,2,346,1),(5206,2,347,1),(5207,2,302,1),(5208,2,303,1),(5209,2,304,1),(5210,2,305,1),(5211,2,306,1),(5212,2,307,1),(5213,2,308,1),(5214,2,309,1),(5215,2,310,1),(5216,2,311,1),(5217,2,312,1),(5218,2,313,1),(5219,2,314,1),(5220,2,315,1),(5221,2,316,1),(5222,2,317,1),(5223,2,318,1),(5224,2,319,1),(5225,2,320,1),(5226,2,321,1),(5227,2,322,1),(5228,2,323,1),(5229,2,324,1),(5230,2,325,1),(5231,2,326,1),(5232,2,327,1),(5233,2,328,1),(5234,2,329,1),(5235,2,330,1),(5236,2,331,1),(5237,2,332,1),(5238,2,333,1),(5239,2,334,1),(5240,2,335,1),(5241,2,336,1),(5242,2,337,1),(5243,2,338,1),(5244,2,339,1),(5245,2,340,1),(5246,2,398,1),(5247,2,476,1),(5248,2,484,1),(5249,2,499,1),(5250,2,500,1),(5251,2,501,1),(5252,2,348,1),(5253,2,349,1),(5254,2,354,1),(5255,2,355,1),(5256,2,356,1),(5257,2,357,1),(5258,2,358,1),(5259,2,359,1),(5260,2,360,1),(5261,2,361,1),(5262,2,386,1),(5263,2,387,1),(5264,2,388,1),(5265,2,412,1),(5266,2,415,1),(5267,2,416,1),(5268,2,428,1),(5269,2,429,1),(5270,2,430,1),(5271,2,479,1),(5272,2,369,1),(5273,2,370,1),(5274,2,403,1),(5275,2,404,1),(5276,2,405,1),(5277,2,519,1),(5278,2,520,1),(5279,2,532,1),(5280,2,533,1),(5281,2,373,1),(5282,2,374,1),(5283,2,375,1),(5284,2,376,1),(5285,2,377,1),(5286,2,378,1),(5287,2,379,1),(5288,2,380,1),(5289,2,381,1),(5290,2,465,1),(5291,2,469,1),(5292,2,511,1),(5293,2,512,1),(5294,2,392,1),(5295,2,393,1),(5296,2,395,1),(5297,2,396,1),(5298,2,397,1),(5299,2,399,1),(5300,2,400,1),(5301,2,401,1),(5302,2,406,1),(5303,2,407,1),(5304,2,417,1),(5305,2,418,1),(5306,2,419,1),(5307,2,420,1),(5308,2,421,1),(5309,2,422,1),(5310,2,524,1),(5311,2,525,1),(5312,2,526,1),(5313,2,408,1),(5314,2,409,1),(5315,2,413,1),(5316,2,414,1),(5317,2,527,1),(5318,2,528,1),(5319,2,529,1),(5320,2,410,1),(5321,2,411,1),(5322,2,423,1),(5323,2,424,1),(5324,2,425,1),(5325,2,426,1),(5326,2,427,1),(5327,2,521,1),(5328,2,522,1),(5329,2,523,1),(5330,2,530,1),(5331,2,531,1),(5332,2,435,1),(5333,2,438,1),(5334,2,439,1),(5335,2,447,1),(5336,2,448,1),(5337,2,449,1),(5338,2,450,1),(5339,2,451,1),(5340,2,452,1),(5341,2,462,1),(5342,2,440,1),(5343,2,441,1),(5344,2,442,1),(5345,2,453,1),(5346,2,454,1),(5347,2,455,1),(5348,2,456,1),(5349,2,457,1),(5350,2,458,1),(5351,2,480,1),(5352,2,443,1),(5353,3,1,1),(5354,3,2,1),(5355,3,3,1),(5356,3,4,1),(5357,3,5,1),(5358,3,6,1),(5359,3,7,1),(5360,3,8,1),(5361,3,9,1),(5362,3,10,1),(5363,3,11,1),(5364,3,12,1),(5365,3,13,1),(5366,3,14,1),(5367,3,389,1),(5368,3,390,1),(5369,3,391,1),(5370,3,394,1),(5371,3,15,1),(5372,3,16,1),(5373,3,17,1),(5374,3,18,1),(5375,3,19,1),(5376,3,20,1),(5377,3,436,1),(5378,3,437,1),(5379,3,21,1),(5380,3,22,1),(5381,3,23,1),(5382,3,24,1),(5383,3,25,1),(5384,3,26,1),(5385,3,27,1),(5386,3,116,1),(5387,3,117,1),(5388,3,118,1),(5389,3,134,1),(5390,3,135,1),(5391,3,136,1),(5392,3,137,1),(5393,3,138,1),(5394,3,119,1),(5395,3,120,1),(5396,3,123,1),(5397,3,124,1),(5398,3,125,1),(5399,3,126,1),(5400,3,127,1),(5401,3,128,1),(5402,3,129,1),(5403,3,133,1),(5404,3,121,1),(5405,3,130,1),(5406,3,131,1),(5407,3,132,1),(5408,3,614,1),(5409,3,122,1),(5410,3,562,1),(5411,3,563,1),(5412,3,564,1),(5413,3,565,1),(5414,3,566,1),(5415,3,612,1),(5416,3,613,1),(5417,3,166,1),(5418,3,167,1),(5419,3,168,1),(5420,3,169,1),(5421,3,170,1),(5422,3,171,1),(5423,3,172,1),(5424,3,173,1),(5425,3,174,1),(5426,3,175,1),(5427,3,176,1),(5428,3,177,1),(5429,3,178,1),(5430,3,179,1),(5431,3,180,1),(5432,3,181,1),(5433,3,182,1),(5434,3,183,1),(5435,3,184,1),(5436,3,185,1),(5437,3,186,1),(5438,3,187,1),(5439,3,188,1),(5440,3,207,1),(5441,3,210,1),(5442,3,211,1),(5443,3,212,1),(5444,3,219,1),(5445,3,220,1),(5446,3,280,1),(5447,3,281,1),(5448,3,282,1),(5449,3,283,1),(5450,3,284,1),(5451,3,299,1),(5452,3,300,1),(5453,3,362,1),(5454,3,363,1),(5455,3,383,1),(5456,3,385,1),(5457,3,460,1),(5458,3,461,1),(5459,3,477,1),(5460,3,518,1),(5461,3,656,1),(5462,3,657,1),(5463,3,658,1),(5464,3,189,1),(5465,3,256,1),(5466,3,257,1),(5467,3,258,1),(5468,3,466,1),(5469,3,467,1),(5470,3,468,1),(5471,3,470,1),(5472,3,472,1),(5473,3,190,1),(5474,3,191,1),(5475,3,192,1),(5476,3,200,1),(5477,3,208,1),(5478,3,209,1),(5479,3,213,1),(5480,3,221,1),(5481,3,223,1),(5482,3,224,1),(5483,3,225,1),(5484,3,233,1),(5485,3,242,1),(5486,3,243,1),(5487,3,244,1),(5488,3,245,1),(5489,3,250,1),(5490,3,251,1),(5491,3,253,1),(5492,3,254,1),(5493,3,255,1),(5494,3,263,1),(5495,3,265,1),(5496,3,266,1),(5497,3,267,1),(5498,3,275,1),(5499,3,276,1),(5500,3,286,1),(5501,3,402,1),(5502,3,471,1),(5503,3,193,1),(5504,3,216,1),(5505,3,217,1),(5506,3,218,1),(5507,3,287,1),(5508,3,289,1),(5509,3,290,1),(5510,3,292,1),(5511,3,293,1),(5512,3,294,1),(5513,3,295,1),(5514,3,364,1),(5515,3,365,1),(5516,3,366,1),(5517,3,367,1),(5518,3,368,1),(5519,3,372,1),(5520,3,382,1),(5521,3,384,1),(5522,3,432,1),(5523,3,434,1),(5524,3,473,1),(5525,3,474,1),(5526,3,475,1),(5527,3,478,1),(5528,3,653,1),(5529,3,654,1),(5530,3,655,1),(5531,3,194,1),(5532,3,195,1),(5533,3,196,1),(5534,3,197,1),(5535,3,198,1),(5536,3,199,1),(5537,3,201,1),(5538,3,202,1),(5539,3,203,1),(5540,3,204,1),(5541,3,205,1),(5542,3,206,1),(5543,3,371,1),(5544,3,513,1),(5545,3,514,1),(5546,3,515,1),(5547,3,516,1),(5548,3,517,1),(5549,3,214,1),(5550,3,215,1),(5551,3,226,1),(5552,3,227,1),(5553,3,228,1),(5554,3,229,1),(5555,3,230,1),(5556,3,231,1),(5557,3,234,1),(5558,3,235,1),(5559,3,236,1),(5560,3,237,1),(5561,3,238,1),(5562,3,239,1),(5563,3,240,1),(5564,3,241,1),(5565,3,285,1),(5566,3,431,1),(5567,3,433,1),(5568,3,483,1),(5569,3,246,1),(5570,3,247,1),(5571,3,248,1),(5572,3,249,1),(5573,3,252,1),(5574,3,262,1),(5575,3,264,1),(5576,3,259,1),(5577,3,268,1),(5578,3,487,1),(5579,3,260,1),(5580,3,301,1),(5581,3,459,1),(5582,3,485,1),(5583,3,261,1),(5584,3,288,1),(5585,3,488,1),(5586,3,269,1),(5587,3,270,1),(5588,3,271,1),(5589,3,272,1),(5590,3,291,1),(5591,3,296,1),(5592,3,297,1),(5593,3,298,1),(5594,3,341,1),(5595,3,342,1),(5596,3,343,1),(5597,3,344,1),(5598,3,345,1),(5599,3,346,1),(5600,3,347,1),(5601,3,302,1),(5602,3,303,1),(5603,3,304,1),(5604,3,305,1),(5605,3,306,1),(5606,3,307,1),(5607,3,308,1),(5608,3,309,1),(5609,3,310,1),(5610,3,311,1),(5611,3,312,1),(5612,3,313,1),(5613,3,314,1),(5614,3,315,1),(5615,3,316,1),(5616,3,317,1),(5617,3,318,1),(5618,3,319,1),(5619,3,320,1),(5620,3,321,1),(5621,3,322,1),(5622,3,323,1),(5623,3,324,1),(5624,3,325,1),(5625,3,326,1),(5626,3,327,1),(5627,3,328,1),(5628,3,329,1),(5629,3,330,1),(5630,3,331,1),(5631,3,332,1),(5632,3,333,1),(5633,3,334,1),(5634,3,335,1),(5635,3,336,1),(5636,3,337,1),(5637,3,338,1),(5638,3,339,1),(5639,3,340,1),(5640,3,398,1),(5641,3,476,1),(5642,3,484,1),(5643,3,499,1),(5644,3,500,1),(5645,3,501,1),(5646,3,348,1),(5647,3,349,1),(5648,3,354,1),(5649,3,355,1),(5650,3,356,1),(5651,3,357,1),(5652,3,358,1),(5653,3,359,1),(5654,3,360,1),(5655,3,361,1),(5656,3,386,1),(5657,3,387,1),(5658,3,388,1),(5659,3,412,1),(5660,3,415,1),(5661,3,416,1),(5662,3,428,1),(5663,3,429,1),(5664,3,430,1),(5665,3,479,1),(5666,3,369,1),(5667,3,370,1),(5668,3,403,1),(5669,3,404,1),(5670,3,405,1),(5671,3,519,1),(5672,3,520,1),(5673,3,532,1),(5674,3,533,1),(5675,3,373,1),(5676,3,374,1),(5677,3,375,1),(5678,3,376,1),(5679,3,377,1),(5680,3,378,1),(5681,3,379,1),(5682,3,380,1),(5683,3,381,1),(5684,3,465,1),(5685,3,469,1),(5686,3,511,1),(5687,3,512,1),(5688,3,392,1),(5689,3,393,1),(5690,3,395,1),(5691,3,396,1),(5692,3,397,1),(5693,3,399,1),(5694,3,400,1),(5695,3,401,1),(5696,3,406,1),(5697,3,407,1),(5698,3,417,1),(5699,3,418,1),(5700,3,419,1),(5701,3,420,1),(5702,3,421,1),(5703,3,422,1),(5704,3,524,1),(5705,3,525,1),(5706,3,526,1),(5707,3,408,1),(5708,3,409,1),(5709,3,413,1),(5710,3,414,1),(5711,3,527,1),(5712,3,528,1),(5713,3,529,1),(5714,3,410,1),(5715,3,411,1),(5716,3,423,1),(5717,3,424,1),(5718,3,425,1),(5719,3,426,1),(5720,3,427,1),(5721,3,521,1),(5722,3,522,1),(5723,3,523,1),(5724,3,530,1),(5725,3,531,1),(5726,3,435,1),(5727,3,438,1),(5728,3,439,1),(5729,3,447,1),(5730,3,448,1),(5731,3,449,1),(5732,3,450,1),(5733,3,451,1),(5734,3,452,1),(5735,3,462,1),(5736,3,440,1),(5737,3,441,1),(5738,3,442,1),(5739,3,453,1),(5740,3,454,1),(5741,3,455,1),(5742,3,456,1),(5743,3,457,1),(5744,3,458,1),(5745,3,480,1),(5746,3,443,0),(5747,2,444,1),(5748,2,445,1),(5749,2,446,1),(5750,2,486,1),(5751,2,463,1),(5752,2,464,1),(5753,2,481,1),(5754,2,482,1),(5755,2,489,1),(5756,2,490,1),(5757,2,491,1),(5758,2,492,1),(5759,2,493,1),(5760,2,494,1),(5761,2,495,1),(5762,2,497,1),(5763,2,498,1),(5764,2,502,1),(5765,2,503,1),(5766,2,504,1),(5767,2,505,1),(5768,2,506,1),(5769,2,507,1),(5770,2,508,1),(5771,2,534,1),(5772,2,535,1),(5773,2,536,1),(5774,2,537,1),(5775,2,538,1),(5776,2,539,1),(5777,2,540,1),(5778,2,541,1),(5779,2,542,1),(5780,2,543,1),(5781,2,544,1),(5782,2,545,1),(5783,2,546,1),(5784,2,547,1),(5785,2,573,1),(5786,2,574,1),(5787,2,578,1),(5788,2,585,1),(5789,2,586,1),(5790,2,587,1),(5791,2,548,1),(5792,2,557,1),(5793,2,558,1),(5794,2,559,1),(5795,2,560,1),(5796,2,561,1),(5797,2,577,1),(5798,2,550,1),(5799,2,551,1),(5800,2,552,1),(5801,2,553,1),(5802,2,554,1),(5803,2,555,1),(5804,2,556,1),(5805,2,567,1),(5806,2,568,1),(5807,2,569,1),(5808,2,570,1),(5809,2,571,1),(5810,2,572,1),(5811,2,575,1),(5812,2,576,1),(5813,2,579,1),(5814,2,581,1),(5815,2,582,1),(5816,2,583,1),(5817,2,588,1),(5818,2,589,1),(5819,2,591,1),(5820,2,592,1),(5821,2,593,1),(5822,2,594,1),(5823,2,595,1),(5824,2,596,1),(5825,2,597,1),(5826,2,598,1),(5827,2,607,1),(5828,2,608,1),(5829,2,704,1),(5830,2,584,1),(5831,2,590,1),(5832,2,599,1),(5833,2,600,1),(5834,2,601,1),(5835,2,602,1),(5836,2,603,1),(5837,2,604,1),(5838,2,605,1),(5839,2,606,1),(5840,2,609,1),(5841,2,610,1),(5842,2,611,1),(5843,2,615,1),(5844,2,616,1),(5845,2,617,1),(5846,2,618,1),(5847,2,619,1),(5848,2,620,1),(5849,2,621,1),(5850,2,622,1),(5851,2,623,1),(5852,2,624,1),(5853,2,625,1),(5854,2,626,1),(5855,2,627,1),(5856,2,628,1),(5857,2,629,1),(5858,2,630,1),(5859,2,631,1),(5860,2,632,1),(5861,2,633,1),(5862,2,634,1),(5863,2,635,1),(5864,2,636,1),(5865,2,637,1),(5866,2,638,1),(5867,2,639,1),(5868,2,640,1),(5869,2,641,1),(5870,2,642,1),(5871,2,643,1),(5872,2,644,1),(5873,2,645,1),(5874,2,646,1),(5875,2,647,1),(5876,2,648,1),(5877,2,649,1),(5878,2,650,1),(5879,2,651,1),(5880,2,652,1),(5881,2,659,1),(5882,2,660,1),(5883,2,661,1),(5884,2,662,1),(5885,2,663,1),(5886,2,664,1),(5887,2,665,1),(5888,2,666,1),(5889,2,667,1),(5890,2,668,1),(5891,2,669,1),(5892,2,670,1),(5893,2,671,1),(5894,2,672,1),(5895,2,673,1),(5896,2,674,1),(5897,2,675,1),(5898,2,676,1),(5899,2,677,1),(5900,2,678,1),(5901,2,679,1),(5902,2,680,1),(5903,2,681,1),(5904,2,682,1),(5905,2,683,1),(5906,2,684,1),(5907,2,685,1),(5908,2,686,1),(5909,2,687,1),(5910,2,688,1),(5911,2,689,1),(5912,2,690,1),(5913,2,691,1),(5914,2,692,1),(5915,2,693,1),(5916,2,694,1),(5917,2,695,1),(5918,2,696,1),(5919,2,697,1),(5920,2,698,1),(5921,2,699,1),(5922,2,700,1),(5923,2,701,1),(5924,2,702,1),(5925,2,703,1),(5926,2,705,1),(5927,2,708,1),(5928,2,709,1),(5929,2,710,1),(5930,2,706,1),(5931,2,707,1),(5932,2,711,1),(5933,2,712,1),(5934,5,716,1),(5935,5,717,1),(5936,5,718,1),(5937,5,719,1),(5938,5,444,1),(5939,5,445,1),(5940,5,446,1),(5941,5,486,1),(5942,5,463,1),(5943,5,464,1),(5944,5,481,1),(5945,5,482,1),(5946,5,489,1),(5947,5,490,1),(5948,5,491,1),(5949,5,492,1),(5950,5,493,1),(5951,5,494,1),(5952,5,495,1),(5953,5,497,1),(5954,5,498,1),(5955,5,502,1),(5956,5,503,1),(5957,5,504,1),(5958,5,505,1),(5959,5,506,1),(5960,5,507,1),(5961,5,508,1),(5962,5,534,1),(5963,5,535,1),(5964,5,536,1),(5965,5,537,1),(5966,5,538,1),(5967,5,539,1),(5968,5,540,1),(5969,5,714,1),(5970,5,541,1),(5971,5,542,1),(5972,5,543,1),(5973,5,544,1),(5974,5,545,1),(5975,5,546,1),(5976,5,547,1),(5977,5,573,1),(5978,5,574,1),(5979,5,578,1),(5980,5,585,1),(5981,5,586,1),(5982,5,587,1),(5983,5,713,1),(5984,5,548,1),(5985,5,557,1),(5986,5,558,1),(5987,5,559,1),(5988,5,560,1),(5989,5,561,1),(5990,5,577,1),(5991,5,550,1),(5992,5,551,1),(5993,5,552,1),(5994,5,553,1),(5995,5,554,1),(5996,5,555,1),(5997,5,556,1),(5998,5,715,1),(5999,5,567,1),(6000,5,568,1),(6001,5,569,1),(6002,5,570,1),(6003,5,571,1),(6004,5,572,1),(6005,5,575,1),(6006,5,576,1),(6007,5,705,1),(6008,5,579,1),(6009,5,581,1),(6010,5,582,1),(6011,5,583,1),(6012,5,588,1),(6013,5,589,1),(6014,5,591,1),(6015,5,592,1),(6016,5,593,1),(6017,5,594,1),(6018,5,595,1),(6019,5,596,1),(6020,5,597,1),(6021,5,598,1),(6022,5,607,1),(6023,5,608,1),(6024,5,704,1),(6025,5,584,1),(6026,5,590,1),(6027,5,599,1),(6028,5,600,1),(6029,5,601,1),(6030,5,602,1),(6031,5,603,1),(6032,5,604,1),(6033,5,605,1),(6034,5,606,1),(6035,5,609,1),(6036,5,610,1),(6037,5,611,1),(6038,5,615,1),(6039,5,616,1),(6040,5,617,1),(6041,5,618,1),(6042,5,619,1),(6043,5,620,1),(6044,5,621,1),(6045,5,622,1),(6046,5,623,1),(6047,5,624,1),(6048,5,625,1),(6049,5,626,1),(6050,5,627,1),(6051,5,628,1),(6052,5,629,1),(6053,5,630,1),(6054,5,631,1),(6055,5,632,1),(6056,5,633,1),(6057,5,634,1),(6058,5,635,1),(6059,5,636,1),(6060,5,637,1),(6061,5,638,1),(6062,5,639,1),(6063,5,640,1),(6064,5,641,1),(6065,5,642,1),(6066,5,643,1),(6067,5,644,1),(6068,5,645,1),(6069,5,646,1),(6070,5,647,1),(6071,5,648,1),(6072,5,649,1),(6073,5,650,1),(6074,5,651,1),(6075,5,652,1),(6076,5,659,1),(6077,5,660,1),(6078,5,661,1),(6079,5,708,1),(6080,5,709,1),(6081,5,710,1),(6082,5,662,1),(6083,5,663,1),(6084,5,664,1),(6085,5,706,1),(6086,5,707,1),(6087,5,711,1),(6088,5,712,1),(6089,5,665,1),(6090,5,666,1),(6091,5,667,1),(6092,5,668,1),(6093,5,669,1),(6094,5,670,1),(6095,5,671,1),(6096,5,672,1),(6097,5,673,1),(6098,5,674,1),(6099,5,675,1),(6100,5,676,1),(6101,5,677,1),(6102,5,678,1),(6103,5,679,1),(6104,5,680,1),(6105,5,681,1),(6106,5,682,1),(6107,5,683,1),(6108,5,684,1),(6109,5,685,1),(6110,5,686,1),(6111,5,687,1),(6112,5,688,1),(6113,5,689,1),(6114,5,690,1),(6115,5,691,1),(6116,5,692,1),(6117,5,693,1),(6118,5,694,1),(6119,5,695,1),(6120,5,696,1),(6121,5,697,1),(6122,5,698,1),(6123,5,699,1),(6124,5,700,1),(6125,5,701,1),(6126,5,702,1),(6127,5,703,1),(6128,12,716,1),(6129,12,717,1),(6130,12,718,1),(6131,12,719,1),(6132,12,444,1),(6133,12,445,1),(6134,12,446,1),(6135,12,486,1),(6136,12,463,1),(6137,12,464,1),(6138,12,481,1),(6139,12,482,1),(6140,12,489,1),(6141,12,490,1),(6142,12,491,1),(6143,12,492,1),(6144,12,493,1),(6145,12,494,1),(6146,12,495,1),(6147,12,497,1),(6148,12,498,1),(6149,12,502,1),(6150,12,503,1),(6151,12,504,1),(6152,12,505,1),(6153,12,506,1),(6154,12,507,1),(6155,12,508,1),(6156,12,534,1),(6157,12,535,1),(6158,12,536,1),(6159,12,537,1),(6160,12,538,1),(6161,12,539,1),(6162,12,540,1),(6163,12,714,1),(6164,12,541,1),(6165,12,542,1),(6166,12,543,1),(6167,12,544,1),(6168,12,545,1),(6169,12,546,1),(6170,12,547,1),(6171,12,573,1),(6172,12,574,1),(6173,12,578,1),(6174,12,585,1),(6175,12,586,1),(6176,12,587,1),(6177,12,713,1),(6178,12,548,1),(6179,12,557,1),(6180,12,558,1),(6181,12,559,1),(6182,12,560,1),(6183,12,561,1),(6184,12,577,1),(6185,12,550,1),(6186,12,551,1),(6187,12,552,1),(6188,12,553,1),(6189,12,554,1),(6190,12,555,1),(6191,12,556,1),(6192,12,715,1),(6193,12,567,1),(6194,12,568,1),(6195,12,569,1),(6196,12,570,1),(6197,12,571,1),(6198,12,572,1),(6199,12,575,1),(6200,12,576,1),(6201,12,705,1),(6202,12,579,1),(6203,12,581,1),(6204,12,582,1),(6205,12,583,1),(6206,12,588,1),(6207,12,589,1),(6208,12,591,1),(6209,12,592,1),(6210,12,593,1),(6211,12,594,1),(6212,12,595,1),(6213,12,596,1),(6214,12,597,1),(6215,12,598,1),(6216,12,607,1),(6217,12,608,1),(6218,12,704,1),(6219,12,584,1),(6220,12,590,1),(6221,12,599,1),(6222,12,600,1),(6223,12,601,1),(6224,12,602,1),(6225,12,603,1),(6226,12,604,1),(6227,12,605,1),(6228,12,606,1),(6229,12,609,1),(6230,12,610,1),(6231,12,611,1),(6232,12,615,1),(6233,12,616,1),(6234,12,617,1),(6235,12,618,1),(6236,12,619,1),(6237,12,620,1),(6238,12,621,1),(6239,12,622,1),(6240,12,623,1),(6241,12,624,1),(6242,12,625,1),(6243,12,626,1),(6244,12,627,1),(6245,12,628,1),(6246,12,629,1),(6247,12,630,1),(6248,12,631,1),(6249,12,632,1),(6250,12,633,1),(6251,12,634,1),(6252,12,635,1),(6253,12,636,1),(6254,12,637,1),(6255,12,638,1),(6256,12,639,1),(6257,12,640,1),(6258,12,641,1),(6259,12,642,1),(6260,12,643,1),(6261,12,644,1),(6262,12,645,1),(6263,12,646,1),(6264,12,647,1),(6265,12,648,1),(6266,12,649,1),(6267,12,650,1),(6268,12,651,1),(6269,12,652,1),(6270,12,659,1),(6271,12,660,1),(6272,12,661,1),(6273,12,708,1),(6274,12,709,1),(6275,12,710,1),(6276,12,662,1),(6277,12,663,1),(6278,12,664,1),(6279,12,706,1),(6280,12,707,1),(6281,12,711,1),(6282,12,712,1),(6283,12,665,1),(6284,12,666,1),(6285,12,667,1),(6286,12,668,1),(6287,12,669,1),(6288,12,670,1),(6289,12,671,1),(6290,12,672,1),(6291,12,673,1),(6292,12,674,1),(6293,12,675,1),(6294,12,676,1),(6295,12,677,1),(6296,12,678,1),(6297,12,679,1),(6298,12,680,1),(6299,12,681,1),(6300,12,682,1),(6301,12,683,1),(6302,12,684,1),(6303,12,685,1),(6304,12,686,1),(6305,12,687,1),(6306,12,688,1),(6307,12,689,1),(6308,12,690,1),(6309,12,691,1),(6310,12,692,1),(6311,12,693,1),(6312,12,694,1),(6313,12,695,1),(6314,12,696,1),(6315,12,697,1),(6316,12,698,1),(6317,12,699,1),(6318,12,700,1),(6319,12,701,1),(6320,12,702,1),(6321,12,703,1),(6322,11,716,1),(6323,11,717,1),(6324,11,718,1),(6325,11,719,1),(6326,11,444,1),(6327,11,445,1),(6328,11,446,1),(6329,11,486,1),(6330,11,463,1),(6331,11,464,1),(6332,11,481,1),(6333,11,482,1),(6334,11,489,1),(6335,11,490,1),(6336,11,491,1),(6337,11,492,1),(6338,11,493,1),(6339,11,494,1),(6340,11,495,1),(6341,11,497,1),(6342,11,498,1),(6343,11,502,1),(6344,11,503,1),(6345,11,504,1),(6346,11,505,1),(6347,11,506,1),(6348,11,507,1),(6349,11,508,1),(6350,11,534,1),(6351,11,535,1),(6352,11,536,1),(6353,11,537,1),(6354,11,538,1),(6355,11,539,1),(6356,11,540,1),(6357,11,714,1),(6358,11,541,1),(6359,11,542,1),(6360,11,543,1),(6361,11,544,1),(6362,11,545,1),(6363,11,546,1),(6364,11,547,1),(6365,11,573,1),(6366,11,574,1),(6367,11,578,1),(6368,11,585,1),(6369,11,586,1),(6370,11,587,1),(6371,11,713,1),(6372,11,548,1),(6373,11,557,1),(6374,11,558,1),(6375,11,559,1),(6376,11,560,1),(6377,11,561,1),(6378,11,577,1),(6379,11,550,1),(6380,11,551,1),(6381,11,552,1),(6382,11,553,1),(6383,11,554,1),(6384,11,555,1),(6385,11,556,1),(6386,11,715,1),(6387,11,567,1),(6388,11,568,1),(6389,11,569,1),(6390,11,570,1),(6391,11,571,1),(6392,11,572,1),(6393,11,575,1),(6394,11,576,1),(6395,11,705,1),(6396,11,579,1),(6397,11,581,1),(6398,11,582,1),(6399,11,583,1),(6400,11,588,1),(6401,11,589,1),(6402,11,591,1),(6403,11,592,1),(6404,11,593,1),(6405,11,594,1),(6406,11,595,1),(6407,11,596,1),(6408,11,597,1),(6409,11,598,1),(6410,11,607,1),(6411,11,608,1),(6412,11,704,1),(6413,11,584,1),(6414,11,590,1),(6415,11,599,1),(6416,11,600,1),(6417,11,601,1),(6418,11,602,1),(6419,11,603,1),(6420,11,604,1),(6421,11,605,1),(6422,11,606,1),(6423,11,609,1),(6424,11,610,1),(6425,11,611,1),(6426,11,615,1),(6427,11,616,1),(6428,11,617,1),(6429,11,618,1),(6430,11,619,1),(6431,11,620,1),(6432,11,621,1),(6433,11,622,1),(6434,11,623,1),(6435,11,624,1),(6436,11,625,1),(6437,11,626,1),(6438,11,627,1),(6439,11,628,1),(6440,11,629,1),(6441,11,630,1),(6442,11,631,1),(6443,11,632,1),(6444,11,633,1),(6445,11,634,1),(6446,11,635,1),(6447,11,636,1),(6448,11,637,1),(6449,11,638,1),(6450,11,639,1),(6451,11,640,1),(6452,11,641,1),(6453,11,642,1),(6454,11,643,1),(6455,11,644,1),(6456,11,645,1),(6457,11,646,1),(6458,11,647,1),(6459,11,648,1),(6460,11,649,1),(6461,11,650,1),(6462,11,651,1),(6463,11,652,1),(6464,11,659,1),(6465,11,660,1),(6466,11,661,1),(6467,11,708,1),(6468,11,709,1),(6469,11,710,1),(6470,11,662,1),(6471,11,663,1),(6472,11,664,1),(6473,11,706,1),(6474,11,707,1),(6475,11,711,1),(6476,11,712,1),(6477,11,665,1),(6478,11,666,1),(6479,11,667,1),(6480,11,668,1),(6481,11,669,1),(6482,11,670,1),(6483,11,671,1),(6484,11,672,1),(6485,11,673,1),(6486,11,674,1),(6487,11,675,1),(6488,11,676,1),(6489,11,677,1),(6490,11,678,1),(6491,11,679,1),(6492,11,680,1),(6493,11,681,1),(6494,11,682,1),(6495,11,683,1),(6496,11,684,1),(6497,11,685,1),(6498,11,686,1),(6499,11,687,1),(6500,11,688,1),(6501,11,689,1),(6502,11,690,1),(6503,11,691,1),(6504,11,692,1),(6505,11,693,1),(6506,11,694,1),(6507,11,695,1),(6508,11,696,1),(6509,11,697,1),(6510,11,698,1),(6511,11,699,1),(6512,11,700,1),(6513,11,701,1),(6514,11,702,1),(6515,11,703,1),(6516,3,716,1),(6517,3,717,1),(6518,3,718,1),(6519,3,719,1),(6520,3,444,1),(6521,3,445,1),(6522,3,446,1),(6523,3,486,1),(6524,3,463,1),(6525,3,464,1),(6526,3,481,1),(6527,3,482,1),(6528,3,489,1),(6529,3,490,1),(6530,3,491,1),(6531,3,492,1),(6532,3,493,1),(6533,3,494,1),(6534,3,495,1),(6535,3,497,1),(6536,3,498,1),(6537,3,502,1),(6538,3,503,1),(6539,3,504,1),(6540,3,505,1),(6541,3,506,1),(6542,3,507,1),(6543,3,508,1),(6544,3,534,1),(6545,3,535,1),(6546,3,536,1),(6547,3,537,1),(6548,3,538,1),(6549,3,539,1),(6550,3,540,1),(6551,3,714,1),(6552,3,541,1),(6553,3,542,1),(6554,3,543,1),(6555,3,544,1),(6556,3,545,1),(6557,3,546,1),(6558,3,547,1),(6559,3,573,1),(6560,3,574,1),(6561,3,578,1),(6562,3,585,1),(6563,3,586,1),(6564,3,587,1),(6565,3,713,1),(6566,3,548,1),(6567,3,557,1),(6568,3,558,1),(6569,3,559,1),(6570,3,560,1),(6571,3,561,1),(6572,3,577,1),(6573,3,550,1),(6574,3,551,1),(6575,3,552,1),(6576,3,553,1),(6577,3,554,1),(6578,3,555,1),(6579,3,556,1),(6580,3,715,1),(6581,3,567,1),(6582,3,568,1),(6583,3,569,1),(6584,3,570,1),(6585,3,571,1),(6586,3,572,1),(6587,3,575,1),(6588,3,576,1),(6589,3,705,1),(6590,3,579,1),(6591,3,581,1),(6592,3,582,1),(6593,3,583,1),(6594,3,588,1),(6595,3,589,1),(6596,3,591,1),(6597,3,592,1),(6598,3,593,1),(6599,3,594,1),(6600,3,595,1),(6601,3,596,1),(6602,3,597,1),(6603,3,598,1),(6604,3,607,1),(6605,3,608,1),(6606,3,704,1),(6607,3,584,1),(6608,3,590,1),(6609,3,599,1),(6610,3,600,1),(6611,3,601,1),(6612,3,602,1),(6613,3,603,1),(6614,3,604,1),(6615,3,605,1),(6616,3,606,1),(6617,3,609,1),(6618,3,610,1),(6619,3,611,1),(6620,3,615,1),(6621,3,616,1),(6622,3,617,1),(6623,3,618,1),(6624,3,619,1),(6625,3,620,1),(6626,3,621,1),(6627,3,622,1),(6628,3,623,1),(6629,3,624,1),(6630,3,625,1),(6631,3,626,1),(6632,3,627,1),(6633,3,628,1),(6634,3,629,1),(6635,3,630,1),(6636,3,631,1),(6637,3,632,1),(6638,3,633,1),(6639,3,634,1),(6640,3,635,1),(6641,3,636,1),(6642,3,637,1),(6643,3,638,1),(6644,3,639,1),(6645,3,640,1),(6646,3,641,1),(6647,3,642,1),(6648,3,643,1),(6649,3,644,1),(6650,3,645,1),(6651,3,646,1),(6652,3,647,1),(6653,3,648,1),(6654,3,649,1),(6655,3,650,1),(6656,3,651,1),(6657,3,652,1),(6658,3,659,1),(6659,3,660,1),(6660,3,661,1),(6661,3,708,1),(6662,3,709,1),(6663,3,710,1),(6664,3,662,1),(6665,3,663,1),(6666,3,664,1),(6667,3,706,1),(6668,3,707,1),(6669,3,711,1),(6670,3,712,1),(6671,3,665,1),(6672,3,666,1),(6673,3,667,1),(6674,3,668,1),(6675,3,669,1),(6676,3,670,1),(6677,3,671,1),(6678,3,672,1),(6679,3,673,1),(6680,3,674,1),(6681,3,675,1),(6682,3,676,1),(6683,3,677,1),(6684,3,678,1),(6685,3,679,1),(6686,3,680,1),(6687,3,681,1),(6688,3,682,1),(6689,3,683,1),(6690,3,684,1),(6691,3,685,1),(6692,3,686,1),(6693,3,687,1),(6694,3,688,1),(6695,3,689,1),(6696,3,690,1),(6697,3,691,1),(6698,3,692,1),(6699,3,693,1),(6700,3,694,1),(6701,3,695,1),(6702,3,696,1),(6703,3,697,1),(6704,3,698,1),(6705,3,699,1),(6706,3,700,1),(6707,3,701,1),(6708,3,702,1),(6709,3,703,1),(6710,1,716,1),(6711,1,717,1),(6712,1,718,1),(6713,1,719,1),(6714,1,714,1),(6715,1,713,1),(6716,1,715,1),(6717,1,705,1),(6718,1,704,1),(6719,1,708,1),(6720,1,709,1),(6721,1,710,1),(6722,1,706,1),(6723,1,707,1),(6724,1,711,1),(6725,1,712,1),(6726,1,676,1),(6727,1,677,1),(6728,1,678,1),(6729,1,679,1),(6730,1,680,1),(6731,1,681,1),(6732,1,682,1),(6733,1,683,1),(6734,1,684,1),(6735,1,685,1),(6736,1,686,1),(6737,1,687,1),(6738,1,688,1),(6739,1,689,1),(6740,1,690,1),(6741,1,691,1),(6742,1,692,1),(6743,1,693,1),(6744,1,694,1),(6745,1,695,1),(6746,1,696,1),(6747,1,697,1),(6748,1,698,1),(6749,1,699,1),(6750,1,700,1),(6751,1,701,1),(6752,1,702,1),(6753,1,703,1),(6754,1,720,1),(6755,1,721,1),(6756,1,722,1),(6757,12,720,1),(6758,12,721,1),(6759,12,722,1),(6760,2,716,1),(6761,2,717,1),(6762,2,718,1),(6763,2,719,1),(6764,2,714,1),(6765,2,713,1),(6766,2,715,1),(6767,2,720,1),(6768,2,721,1),(6769,2,722,1),(6770,NULL,1,1),(6771,NULL,2,1),(6772,NULL,3,1),(6773,NULL,4,1),(6774,NULL,5,1),(6775,NULL,6,1),(6776,NULL,7,1),(6777,NULL,8,1),(6778,NULL,9,1),(6779,NULL,10,1),(6780,NULL,11,1),(6781,NULL,12,1),(6782,NULL,13,1),(6783,NULL,14,1),(6784,NULL,389,1),(6785,NULL,390,1),(6786,NULL,391,1),(6787,NULL,394,1),(6788,NULL,15,1),(6789,NULL,16,1),(6790,NULL,17,1),(6791,NULL,18,1),(6792,NULL,19,1),(6793,NULL,20,1),(6794,NULL,436,1),(6795,NULL,437,1),(6796,NULL,21,1),(6797,NULL,22,1),(6798,NULL,23,1),(6799,NULL,24,1),(6800,NULL,25,1),(6801,NULL,26,1),(6802,NULL,27,1),(6803,NULL,116,1),(6804,NULL,117,1),(6805,NULL,118,1),(6806,NULL,134,1),(6807,NULL,135,1),(6808,NULL,136,1),(6809,NULL,137,1),(6810,NULL,138,1),(6811,NULL,119,1),(6812,NULL,120,1),(6813,NULL,123,1),(6814,NULL,124,1),(6815,NULL,125,1),(6816,NULL,126,1),(6817,NULL,127,1),(6818,NULL,128,1),(6819,NULL,129,1),(6820,NULL,133,1),(6821,NULL,121,1),(6822,NULL,130,1),(6823,NULL,131,1),(6824,NULL,132,1),(6825,NULL,614,1),(6826,NULL,122,1),(6827,NULL,562,1),(6828,NULL,563,1),(6829,NULL,564,1),(6830,NULL,565,1),(6831,NULL,566,1),(6832,NULL,612,1),(6833,NULL,613,1),(6834,NULL,166,1),(6835,NULL,167,1),(6836,NULL,168,1),(6837,NULL,169,1),(6838,NULL,170,1),(6839,NULL,171,1),(6840,NULL,172,1),(6841,NULL,173,1),(6842,NULL,174,1),(6843,NULL,175,1),(6844,NULL,176,1),(6845,NULL,177,1),(6846,NULL,178,1),(6847,NULL,179,1),(6848,NULL,180,1),(6849,NULL,181,1),(6850,NULL,182,1),(6851,NULL,183,1),(6852,NULL,184,1),(6853,NULL,185,1),(6854,NULL,186,1),(6855,NULL,187,1),(6856,NULL,188,1),(6857,NULL,207,1),(6858,NULL,210,1),(6859,NULL,211,1),(6860,NULL,212,1),(6861,NULL,219,1),(6862,NULL,220,1),(6863,NULL,280,1),(6864,NULL,281,1),(6865,NULL,282,1),(6866,NULL,283,1),(6867,NULL,284,1),(6868,NULL,299,1),(6869,NULL,300,1),(6870,NULL,362,1),(6871,NULL,363,1),(6872,NULL,383,1),(6873,NULL,385,1),(6874,NULL,460,1),(6875,NULL,461,1),(6876,NULL,477,1),(6877,NULL,518,1),(6878,NULL,656,1),(6879,NULL,657,1),(6880,NULL,658,1),(6881,NULL,189,1),(6882,NULL,256,1),(6883,NULL,257,1),(6884,NULL,258,1),(6885,NULL,466,1),(6886,NULL,467,1),(6887,NULL,468,1),(6888,NULL,470,1),(6889,NULL,472,1),(6890,NULL,190,1),(6891,NULL,191,1),(6892,NULL,192,1),(6893,NULL,200,1),(6894,NULL,208,1),(6895,NULL,209,1),(6896,NULL,213,1),(6897,NULL,221,1),(6898,NULL,223,1),(6899,NULL,224,1),(6900,NULL,225,1),(6901,NULL,233,1),(6902,NULL,242,1),(6903,NULL,243,1),(6904,NULL,244,1),(6905,NULL,245,1),(6906,NULL,250,1),(6907,NULL,251,1),(6908,NULL,253,1),(6909,NULL,254,1),(6910,NULL,255,1),(6911,NULL,263,1),(6912,NULL,265,1),(6913,NULL,266,1),(6914,NULL,267,1),(6915,NULL,275,1),(6916,NULL,276,1),(6917,NULL,286,1),(6918,NULL,402,1),(6919,NULL,471,1),(6920,NULL,193,1),(6921,NULL,216,1),(6922,NULL,217,1),(6923,NULL,218,1),(6924,NULL,287,1),(6925,NULL,289,1),(6926,NULL,290,1),(6927,NULL,292,1),(6928,NULL,293,1),(6929,NULL,294,1),(6930,NULL,295,1),(6931,NULL,364,1),(6932,NULL,365,1),(6933,NULL,366,1),(6934,NULL,367,1),(6935,NULL,368,1),(6936,NULL,372,1),(6937,NULL,382,1),(6938,NULL,384,1),(6939,NULL,432,1),(6940,NULL,434,1),(6941,NULL,473,1),(6942,NULL,474,1),(6943,NULL,475,1),(6944,NULL,478,1),(6945,NULL,653,1),(6946,NULL,654,1),(6947,NULL,655,1),(6948,NULL,194,1),(6949,NULL,195,1),(6950,NULL,196,1),(6951,NULL,197,1),(6952,NULL,198,1),(6953,NULL,199,1),(6954,NULL,201,1),(6955,NULL,202,1),(6956,NULL,203,1),(6957,NULL,204,1),(6958,NULL,205,1),(6959,NULL,206,1),(6960,NULL,371,1),(6961,NULL,513,1),(6962,NULL,514,1),(6963,NULL,515,1),(6964,NULL,516,1),(6965,NULL,517,1),(6966,NULL,214,1),(6967,NULL,215,1),(6968,NULL,226,1),(6969,NULL,227,1),(6970,NULL,228,1),(6971,NULL,229,1),(6972,NULL,230,1),(6973,NULL,231,1),(6974,NULL,234,1),(6975,NULL,235,1),(6976,NULL,236,1),(6977,NULL,237,1),(6978,NULL,238,1),(6979,NULL,239,1),(6980,NULL,240,1),(6981,NULL,241,1),(6982,NULL,285,1),(6983,NULL,431,1),(6984,NULL,433,1),(6985,NULL,483,1),(6986,NULL,246,1),(6987,NULL,247,1),(6988,NULL,248,1),(6989,NULL,249,1),(6990,NULL,252,1),(6991,NULL,262,1),(6992,NULL,264,1),(6993,NULL,259,1),(6994,NULL,268,1),(6995,NULL,487,1),(6996,NULL,260,1),(6997,NULL,301,1),(6998,NULL,459,1),(6999,NULL,485,1),(7000,NULL,261,1),(7001,NULL,288,1),(7002,NULL,488,1),(7003,NULL,269,1),(7004,NULL,270,1),(7005,NULL,271,1),(7006,NULL,272,1),(7007,NULL,291,1),(7008,NULL,296,1),(7009,NULL,297,1),(7010,NULL,298,1),(7011,NULL,341,1),(7012,NULL,342,1),(7013,NULL,343,1),(7014,NULL,344,1),(7015,NULL,345,1),(7016,NULL,346,1),(7017,NULL,347,1),(7018,NULL,302,1),(7019,NULL,303,1),(7020,NULL,304,1),(7021,NULL,305,1),(7022,NULL,306,1),(7023,NULL,307,1),(7024,NULL,308,1),(7025,NULL,309,1),(7026,NULL,310,1),(7027,NULL,311,1),(7028,NULL,312,1),(7029,NULL,313,1),(7030,NULL,314,1),(7031,NULL,315,1),(7032,NULL,316,1),(7033,NULL,317,1),(7034,NULL,318,1),(7035,NULL,319,1),(7036,NULL,320,1),(7037,NULL,321,1),(7038,NULL,322,1),(7039,NULL,323,1),(7040,NULL,324,1),(7041,NULL,325,1),(7042,NULL,326,1),(7043,NULL,327,1),(7044,NULL,328,1),(7045,NULL,329,1),(7046,NULL,330,1),(7047,NULL,331,1),(7048,NULL,332,1),(7049,NULL,333,1),(7050,NULL,334,1),(7051,NULL,335,1),(7052,NULL,336,1),(7053,NULL,337,1),(7054,NULL,338,1),(7055,NULL,339,1),(7056,NULL,340,1),(7057,NULL,398,1),(7058,NULL,476,1),(7059,NULL,484,1),(7060,NULL,499,1),(7061,NULL,500,1),(7062,NULL,501,1),(7063,NULL,348,1),(7064,NULL,349,1),(7065,NULL,354,1),(7066,NULL,355,1),(7067,NULL,356,1),(7068,NULL,357,1),(7069,NULL,358,1),(7070,NULL,359,1),(7071,NULL,360,1),(7072,NULL,361,1),(7073,NULL,386,1),(7074,NULL,387,1),(7075,NULL,388,1),(7076,NULL,412,1),(7077,NULL,415,1),(7078,NULL,416,1),(7079,NULL,428,1),(7080,NULL,429,1),(7081,NULL,430,1),(7082,NULL,479,1),(7083,NULL,369,1),(7084,NULL,370,1),(7085,NULL,403,1),(7086,NULL,404,1),(7087,NULL,405,1),(7088,NULL,519,1),(7089,NULL,520,1),(7090,NULL,532,1),(7091,NULL,533,1),(7092,NULL,373,1),(7093,NULL,374,1),(7094,NULL,375,1),(7095,NULL,376,1),(7096,NULL,377,1),(7097,NULL,378,1),(7098,NULL,379,1),(7099,NULL,380,1),(7100,NULL,381,1),(7101,NULL,465,1),(7102,NULL,469,1),(7103,NULL,511,1),(7104,NULL,512,1),(7105,NULL,392,1),(7106,NULL,393,1),(7107,NULL,395,1),(7108,NULL,396,1),(7109,NULL,397,1),(7110,NULL,399,1),(7111,NULL,400,1),(7112,NULL,401,1),(7113,NULL,406,1),(7114,NULL,407,1),(7115,NULL,417,1),(7116,NULL,418,1),(7117,NULL,419,1),(7118,NULL,420,1),(7119,NULL,421,1),(7120,NULL,422,1),(7121,NULL,524,1),(7122,NULL,525,1),(7123,NULL,526,1),(7124,NULL,408,1),(7125,NULL,409,1),(7126,NULL,413,1),(7127,NULL,414,1),(7128,NULL,527,1),(7129,NULL,528,1),(7130,NULL,529,1),(7131,NULL,410,1),(7132,NULL,411,1),(7133,NULL,423,1),(7134,NULL,424,1),(7135,NULL,425,1),(7136,NULL,426,1),(7137,NULL,427,1),(7138,NULL,521,1),(7139,NULL,522,1),(7140,NULL,523,1),(7141,NULL,530,1),(7142,NULL,531,1),(7143,NULL,435,1),(7144,NULL,438,1),(7145,NULL,439,1),(7146,NULL,447,1),(7147,NULL,448,1),(7148,NULL,449,1),(7149,NULL,450,1),(7150,NULL,451,1),(7151,NULL,452,1),(7152,NULL,462,1),(7153,NULL,440,1),(7154,NULL,441,1),(7155,NULL,442,1),(7156,NULL,453,1),(7157,NULL,454,1),(7158,NULL,455,1),(7159,NULL,456,1),(7160,NULL,457,1),(7161,NULL,458,1),(7162,NULL,480,1),(7163,NULL,443,NULL),(7164,1,723,1),(7165,1,724,1),(7166,3,720,1),(7167,3,721,1),(7168,3,722,1),(7169,3,723,1),(7170,3,724,1),(7171,3,725,1),(7172,3,726,1),(7173,3,727,1),(7174,3,728,1),(7175,3,729,1),(7176,3,730,1),(7177,3,731,1),(7178,12,723,1),(7179,12,724,1),(7180,12,725,1),(7181,12,726,1),(7182,12,727,1),(7183,12,728,1),(7184,12,729,1),(7185,12,730,1),(7186,12,731,1),(7187,1,725,1),(7188,1,726,1),(7189,1,727,1),(7190,1,728,1),(7191,1,729,1),(7192,1,730,1),(7193,1,731,1),(7194,16,1,1),(7195,16,2,1),(7196,16,3,1),(7197,16,4,1),(7198,16,5,1),(7199,16,6,1),(7200,16,7,1),(7201,16,8,1),(7202,16,9,1),(7203,16,10,1),(7204,16,11,1),(7205,16,12,1),(7206,16,13,1),(7207,16,14,1),(7208,16,389,1),(7209,16,390,1),(7210,16,391,1),(7211,16,394,1),(7212,16,15,1),(7213,16,16,1),(7214,16,17,1),(7215,16,18,1),(7216,16,19,1),(7217,16,20,1),(7218,16,436,1),(7219,16,437,1),(7220,16,21,1),(7221,16,22,1),(7222,16,23,1),(7223,16,24,1),(7224,16,25,1),(7225,16,26,1),(7226,16,27,1),(7227,16,116,1),(7228,16,117,1),(7229,16,118,1),(7230,16,134,1),(7231,16,135,1),(7232,16,136,1),(7233,16,137,1),(7234,16,138,1),(7235,16,119,1),(7236,16,120,1),(7237,16,123,1),(7238,16,124,1),(7239,16,125,1),(7240,16,126,1),(7241,16,127,1),(7242,16,128,1),(7243,16,129,1),(7244,16,133,1),(7245,16,121,1),(7246,16,130,1),(7247,16,131,1),(7248,16,132,1),(7249,16,614,1),(7250,16,122,1),(7251,16,562,1),(7252,16,563,1),(7253,16,564,1),(7254,16,565,1),(7255,16,566,1),(7256,16,612,1),(7257,16,613,1),(7258,16,166,1),(7259,16,167,1),(7260,16,168,1),(7261,16,169,1),(7262,16,170,1),(7263,16,171,1),(7264,16,172,1),(7265,16,173,1),(7266,16,174,1),(7267,16,175,1),(7268,16,176,1),(7269,16,177,1),(7270,16,178,1),(7271,16,179,1),(7272,16,180,1),(7273,16,181,1),(7274,16,182,1),(7275,16,183,1),(7276,16,184,1),(7277,16,185,1),(7278,16,186,1),(7279,16,187,1),(7280,16,188,1),(7281,16,207,1),(7282,16,210,1),(7283,16,211,1),(7284,16,212,1),(7285,16,219,1),(7286,16,220,1),(7287,16,280,1),(7288,16,281,1),(7289,16,282,1),(7290,16,283,1),(7291,16,284,1),(7292,16,299,1),(7293,16,300,1),(7294,16,362,1),(7295,16,363,1),(7296,16,383,1),(7297,16,385,1),(7298,16,460,1),(7299,16,461,1),(7300,16,477,1),(7301,16,518,1),(7302,16,656,1),(7303,16,657,1),(7304,16,658,1),(7305,16,189,1),(7306,16,256,1),(7307,16,257,1),(7308,16,258,1),(7309,16,466,1),(7310,16,467,1),(7311,16,468,1),(7312,16,470,1),(7313,16,472,1),(7314,16,190,1),(7315,16,191,1),(7316,16,192,1),(7317,16,200,1),(7318,16,208,1),(7319,16,209,1),(7320,16,213,1),(7321,16,221,1),(7322,16,223,1),(7323,16,224,1),(7324,16,225,1),(7325,16,233,1),(7326,16,242,1),(7327,16,243,1),(7328,16,244,1),(7329,16,245,1),(7330,16,250,1),(7331,16,251,1),(7332,16,253,1),(7333,16,254,1),(7334,16,255,1),(7335,16,263,1),(7336,16,265,1),(7337,16,266,1),(7338,16,267,1),(7339,16,275,1),(7340,16,276,1),(7341,16,286,1),(7342,16,402,1),(7343,16,471,1),(7344,16,193,1),(7345,16,216,1),(7346,16,217,1),(7347,16,218,1),(7348,16,287,1),(7349,16,289,1),(7350,16,290,1),(7351,16,292,1),(7352,16,293,1),(7353,16,294,1),(7354,16,295,1),(7355,16,364,1),(7356,16,365,1),(7357,16,366,1),(7358,16,367,1),(7359,16,368,1),(7360,16,372,1),(7361,16,382,1),(7362,16,384,1),(7363,16,432,1),(7364,16,434,1),(7365,16,473,1),(7366,16,474,1),(7367,16,475,1),(7368,16,478,1),(7369,16,653,1),(7370,16,654,1),(7371,16,655,1),(7372,16,194,1),(7373,16,195,1),(7374,16,196,1),(7375,16,197,1),(7376,16,198,1),(7377,16,199,1),(7378,16,201,1),(7379,16,202,1),(7380,16,203,1),(7381,16,204,1),(7382,16,205,1),(7383,16,206,1),(7384,16,371,1),(7385,16,513,1),(7386,16,514,1),(7387,16,515,1),(7388,16,516,1),(7389,16,517,1),(7390,16,716,1),(7391,16,717,1),(7392,16,718,1),(7393,16,719,1),(7394,16,214,1),(7395,16,215,1),(7396,16,226,1),(7397,16,227,1),(7398,16,228,1),(7399,16,229,1),(7400,16,230,1),(7401,16,231,1),(7402,16,234,1),(7403,16,235,1),(7404,16,236,1),(7405,16,237,1),(7406,16,238,1),(7407,16,239,1),(7408,16,240,1),(7409,16,241,1),(7410,16,285,1),(7411,16,431,1),(7412,16,433,1),(7413,16,483,1),(7414,16,246,1),(7415,16,247,1),(7416,16,248,1),(7417,16,249,1),(7418,16,252,1),(7419,16,262,1),(7420,16,264,1),(7421,16,259,1),(7422,16,268,1),(7423,16,487,1),(7424,16,260,1),(7425,16,301,1),(7426,16,459,1),(7427,16,485,1),(7428,16,261,1),(7429,16,288,1),(7430,16,488,1),(7431,16,269,1),(7432,16,270,1),(7433,16,271,1),(7434,16,272,1),(7435,16,291,1),(7436,16,296,1),(7437,16,297,1),(7438,16,298,1),(7439,16,341,1),(7440,16,342,1),(7441,16,343,1),(7442,16,344,1),(7443,16,345,1),(7444,16,346,1),(7445,16,347,1),(7446,16,302,1),(7447,16,303,1),(7448,16,304,1),(7449,16,305,1),(7450,16,306,1),(7451,16,307,1),(7452,16,308,1),(7453,16,309,1),(7454,16,310,1),(7455,16,311,1),(7456,16,312,1),(7457,16,313,1),(7458,16,314,1),(7459,16,315,1),(7460,16,316,1),(7461,16,317,1),(7462,16,318,1),(7463,16,319,1),(7464,16,320,1),(7465,16,321,1),(7466,16,322,1),(7467,16,323,1),(7468,16,324,1),(7469,16,325,1),(7470,16,326,1),(7471,16,327,1),(7472,16,328,1),(7473,16,329,1),(7474,16,330,1),(7475,16,331,1),(7476,16,332,1),(7477,16,333,1),(7478,16,334,1),(7479,16,335,1),(7480,16,336,1),(7481,16,337,1),(7482,16,338,1),(7483,16,339,1),(7484,16,340,1),(7485,16,398,1),(7486,16,476,1),(7487,16,484,1),(7488,16,499,1),(7489,16,500,1),(7490,16,501,1),(7491,16,348,1),(7492,16,349,1),(7493,16,354,1),(7494,16,355,1),(7495,16,356,1),(7496,16,357,1),(7497,16,358,1),(7498,16,359,1),(7499,16,360,1),(7500,16,361,1),(7501,16,386,1),(7502,16,387,1),(7503,16,388,1),(7504,16,412,1),(7505,16,415,1),(7506,16,416,1),(7507,16,428,1),(7508,16,429,1),(7509,16,430,1),(7510,16,479,1),(7511,16,369,1),(7512,16,370,1),(7513,16,403,1),(7514,16,404,1),(7515,16,405,1),(7516,16,519,1),(7517,16,520,1),(7518,16,532,1),(7519,16,533,1),(7520,16,373,1),(7521,16,374,1),(7522,16,375,1),(7523,16,376,1),(7524,16,377,1),(7525,16,378,1),(7526,16,379,1),(7527,16,380,1),(7528,16,381,1),(7529,16,465,1),(7530,16,469,1),(7531,16,511,1),(7532,16,512,1),(7533,16,392,1),(7534,16,393,1),(7535,16,395,1),(7536,16,396,1),(7537,16,397,1),(7538,16,399,1),(7539,16,400,1),(7540,16,401,1),(7541,16,406,1),(7542,16,407,1),(7543,16,417,1),(7544,16,418,1),(7545,16,419,1),(7546,16,420,1),(7547,16,421,1),(7548,16,422,1),(7549,16,524,1),(7550,16,525,1),(7551,16,526,1),(7552,16,408,1),(7553,16,409,1),(7554,16,413,1),(7555,16,414,1),(7556,16,527,1),(7557,16,528,1),(7558,16,529,1),(7559,16,410,1),(7560,16,411,1),(7561,16,423,1),(7562,16,424,1),(7563,16,425,1),(7564,16,426,1),(7565,16,427,1),(7566,16,521,1),(7567,16,522,1),(7568,16,523,1),(7569,16,530,1),(7570,16,531,1),(7571,16,435,1),(7572,16,438,1),(7573,16,439,1),(7574,16,447,1),(7575,16,448,1),(7576,16,449,1),(7577,16,450,1),(7578,16,451,1),(7579,16,452,1),(7580,16,462,1),(7581,16,440,1),(7582,16,441,1),(7583,16,442,1),(7584,16,453,1),(7585,16,454,1),(7586,16,455,1),(7587,16,456,1),(7588,16,457,1),(7589,16,458,1),(7590,16,480,1),(7591,16,443,1),(7592,16,444,1),(7593,16,445,1),(7594,16,446,1),(7595,16,486,1),(7596,16,463,1),(7597,16,464,1),(7598,16,481,1),(7599,16,482,1),(7600,16,489,1),(7601,16,490,1),(7602,16,491,1),(7603,16,492,1),(7604,16,493,1),(7605,16,494,1),(7606,16,495,1),(7607,16,497,1),(7608,16,498,1),(7609,16,502,1),(7610,16,503,1),(7611,16,504,1),(7612,16,505,1),(7613,16,506,1),(7614,16,507,1),(7615,16,508,1),(7616,16,534,1),(7617,16,535,1),(7618,16,536,1),(7619,16,537,1),(7620,16,538,1),(7621,16,539,1),(7622,16,540,1),(7623,16,714,1),(7624,16,541,1),(7625,16,542,1),(7626,16,543,1),(7627,16,544,1),(7628,16,545,1),(7629,16,546,1),(7630,16,547,1),(7631,16,573,1),(7632,16,574,1),(7633,16,578,1),(7634,16,585,1),(7635,16,586,1),(7636,16,587,1),(7637,16,713,1),(7638,16,548,1),(7639,16,557,1),(7640,16,558,1),(7641,16,559,1),(7642,16,560,1),(7643,16,561,1),(7644,16,577,1),(7645,16,550,1),(7646,16,551,1),(7647,16,552,1),(7648,16,553,1),(7649,16,554,1),(7650,16,555,1),(7651,16,556,1),(7652,16,715,1),(7653,16,567,1),(7654,16,568,1),(7655,16,569,1),(7656,16,570,1),(7657,16,571,1),(7658,16,572,1),(7659,16,575,1),(7660,16,576,1),(7661,16,705,1),(7662,16,579,1),(7663,16,581,1),(7664,16,582,1),(7665,16,583,1),(7666,16,588,1),(7667,16,589,1),(7668,16,591,1),(7669,16,592,1),(7670,16,593,1),(7671,16,594,1),(7672,16,595,1),(7673,16,596,1),(7674,16,597,1),(7675,16,598,1),(7676,16,607,1),(7677,16,608,1),(7678,16,704,1),(7679,16,584,1),(7680,16,590,1),(7681,16,599,1),(7682,16,600,1),(7683,16,601,1),(7684,16,602,1),(7685,16,603,1),(7686,16,604,1),(7687,16,605,1),(7688,16,606,1),(7689,16,609,1),(7690,16,610,1),(7691,16,611,1),(7692,16,615,1),(7693,16,616,1),(7694,16,617,1),(7695,16,618,1),(7696,16,619,1),(7697,16,620,1),(7698,16,621,1),(7699,16,622,1),(7700,16,623,1),(7701,16,624,1),(7702,16,625,1),(7703,16,626,1),(7704,16,627,1),(7705,16,628,1),(7706,16,629,1),(7707,16,630,1),(7708,16,631,1),(7709,16,632,1),(7710,16,633,1),(7711,16,634,1),(7712,16,635,1),(7713,16,636,1),(7714,16,637,1),(7715,16,638,1),(7716,16,639,1),(7717,16,640,1),(7718,16,641,1),(7719,16,642,1),(7720,16,643,1),(7721,16,644,1),(7722,16,645,1),(7723,16,646,1),(7724,16,647,1),(7725,16,648,1),(7726,16,649,1),(7727,16,650,1),(7728,16,651,1),(7729,16,652,1),(7730,16,659,1),(7731,16,660,1),(7732,16,661,1),(7733,16,708,1),(7734,16,709,1),(7735,16,710,1),(7736,16,662,1),(7737,16,663,1),(7738,16,664,1),(7739,16,706,1),(7740,16,707,1),(7741,16,711,1),(7742,16,712,1),(7743,16,665,1),(7744,16,666,1),(7745,16,667,1),(7746,16,668,1),(7747,16,669,1),(7748,16,670,1),(7749,16,671,1),(7750,16,672,1),(7751,16,673,1),(7752,16,674,1),(7753,16,675,1),(7754,16,676,1),(7755,16,677,1),(7756,16,678,1),(7757,16,679,1),(7758,16,680,1),(7759,16,681,1),(7760,16,682,1),(7761,16,683,1),(7762,16,684,1),(7763,16,685,1),(7764,16,686,1),(7765,16,687,1),(7766,16,688,1),(7767,16,689,1),(7768,16,690,1),(7769,16,691,1),(7770,16,692,1),(7771,16,693,1),(7772,16,694,1),(7773,16,695,1),(7774,16,696,1),(7775,16,697,1),(7776,16,698,1),(7777,16,699,1),(7778,16,700,1),(7779,16,701,1),(7780,16,702,1),(7781,16,703,1),(7782,16,720,1),(7783,16,721,1),(7784,16,722,1),(7785,16,723,1),(7786,16,724,1),(7787,16,725,1),(7788,16,726,1),(7789,16,727,1),(7790,16,728,1),(7791,16,729,1),(7792,16,730,1),(7793,16,731,1),(7794,19,1,1),(7795,19,2,1),(7796,19,3,1),(7797,19,4,1),(7798,19,5,1),(7799,19,6,1),(7800,19,7,1),(7801,19,8,1),(7802,19,9,1),(7803,19,10,1),(7804,19,11,1),(7805,19,12,1),(7806,19,13,1),(7807,19,14,1),(7808,19,389,1),(7809,19,390,1),(7810,19,391,1),(7811,19,394,1),(7812,19,15,0),(7813,19,16,1),(7814,19,17,1),(7815,19,18,1),(7816,19,19,1),(7817,19,20,1),(7818,19,436,1),(7819,19,437,1),(7820,19,21,1),(7821,19,22,1),(7822,19,23,1),(7823,19,24,1),(7824,19,25,1),(7825,19,26,1),(7826,19,27,1),(7827,19,116,1),(7828,19,117,1),(7829,19,118,1),(7830,19,134,1),(7831,19,135,1),(7832,19,136,1),(7833,19,137,1),(7834,19,138,1),(7835,19,119,1),(7836,19,120,0),(7837,19,123,0),(7838,19,124,0),(7839,19,125,0),(7840,19,126,0),(7841,19,127,0),(7842,19,128,0),(7843,19,129,0),(7844,19,133,0),(7845,19,121,0),(7846,19,130,0),(7847,19,131,0),(7848,19,132,0),(7849,19,614,1),(7850,19,122,0),(7851,19,562,1),(7852,19,563,1),(7853,19,564,1),(7854,19,565,1),(7855,19,566,1),(7856,19,612,1),(7857,19,613,1),(7858,19,166,0),(7859,19,167,0),(7860,19,168,0),(7861,19,169,0),(7862,19,170,0),(7863,19,171,0),(7864,19,172,0),(7865,19,173,0),(7866,19,174,0),(7867,19,175,0),(7868,19,176,0),(7869,19,177,0),(7870,19,178,0),(7871,19,179,0),(7872,19,180,0),(7873,19,181,0),(7874,19,182,0),(7875,19,183,0),(7876,19,184,0),(7877,19,185,0),(7878,19,186,0),(7879,19,187,0),(7880,19,188,1),(7881,19,207,1),(7882,19,210,1),(7883,19,211,1),(7884,19,212,1),(7885,19,219,1),(7886,19,220,1),(7887,19,280,1),(7888,19,281,1),(7889,19,282,1),(7890,19,283,1),(7891,19,284,1),(7892,19,299,1),(7893,19,300,1),(7894,19,362,1),(7895,19,363,1),(7896,19,383,1),(7897,19,385,1),(7898,19,460,1),(7899,19,461,1),(7900,19,477,1),(7901,19,518,1),(7902,19,656,1),(7903,19,657,1),(7904,19,658,1),(7905,19,189,1),(7906,19,256,1),(7907,19,257,1),(7908,19,258,1),(7909,19,466,1),(7910,19,467,1),(7911,19,468,1),(7912,19,470,1),(7913,19,472,1),(7914,19,190,1),(7915,19,191,1),(7916,19,192,1),(7917,19,200,1),(7918,19,208,1),(7919,19,209,1),(7920,19,213,1),(7921,19,221,1),(7922,19,223,1),(7923,19,224,1),(7924,19,225,1),(7925,19,233,1),(7926,19,242,1),(7927,19,243,1),(7928,19,244,1),(7929,19,245,1),(7930,19,250,1),(7931,19,251,1),(7932,19,253,1),(7933,19,254,1),(7934,19,255,1),(7935,19,263,1),(7936,19,265,1),(7937,19,266,1),(7938,19,267,1),(7939,19,275,1),(7940,19,276,1),(7941,19,286,1),(7942,19,402,1),(7943,19,471,1),(7944,19,193,1),(7945,19,216,1),(7946,19,217,1),(7947,19,218,1),(7948,19,287,1),(7949,19,289,1),(7950,19,290,1),(7951,19,292,1),(7952,19,293,1),(7953,19,294,1),(7954,19,295,1),(7955,19,364,1),(7956,19,365,1),(7957,19,366,1),(7958,19,367,1),(7959,19,368,1),(7960,19,372,1),(7961,19,382,1),(7962,19,384,1),(7963,19,432,1),(7964,19,434,1),(7965,19,473,1),(7966,19,474,1),(7967,19,475,1),(7968,19,478,1),(7969,19,653,1),(7970,19,654,1),(7971,19,655,1),(7972,19,194,1),(7973,19,195,1),(7974,19,196,1),(7975,19,197,1),(7976,19,198,1),(7977,19,199,1),(7978,19,201,1),(7979,19,202,1),(7980,19,203,1),(7981,19,204,1),(7982,19,205,1),(7983,19,206,1),(7984,19,371,1),(7985,19,513,1),(7986,19,514,1),(7987,19,515,1),(7988,19,516,1),(7989,19,517,1),(7990,19,716,1),(7991,19,717,1),(7992,19,718,1),(7993,19,719,1),(7994,19,214,1),(7995,19,215,1),(7996,19,226,1),(7997,19,227,1),(7998,19,228,1),(7999,19,229,1),(8000,19,230,1),(8001,19,231,1),(8002,19,234,1),(8003,19,235,1),(8004,19,236,1),(8005,19,237,1),(8006,19,238,1),(8007,19,239,1),(8008,19,240,1),(8009,19,241,1),(8010,19,285,1),(8011,19,431,1),(8012,19,433,1),(8013,19,483,1),(8014,19,246,1),(8015,19,247,1),(8016,19,248,1),(8017,19,249,1),(8018,19,252,1),(8019,19,262,1),(8020,19,264,1),(8021,19,732,1),(8022,19,259,1),(8023,19,268,1),(8024,19,487,1),(8025,19,260,1),(8026,19,301,1),(8027,19,459,1),(8028,19,485,1),(8029,19,261,1),(8030,19,288,1),(8031,19,488,1),(8032,19,269,1),(8033,19,270,1),(8034,19,271,1),(8035,19,272,1),(8036,19,291,1),(8037,19,296,1),(8038,19,297,1),(8039,19,298,1),(8040,19,341,1),(8041,19,342,1),(8042,19,343,1),(8043,19,344,1),(8044,19,345,1),(8045,19,346,1),(8046,19,347,1),(8047,19,302,1),(8048,19,303,1),(8049,19,304,1),(8050,19,305,1),(8051,19,306,1),(8052,19,307,1),(8053,19,308,1),(8054,19,309,1),(8055,19,310,1),(8056,19,311,1),(8057,19,312,1),(8058,19,313,1),(8059,19,314,1),(8060,19,315,1),(8061,19,316,1),(8062,19,317,1),(8063,19,318,1),(8064,19,319,1),(8065,19,320,1),(8066,19,321,1),(8067,19,322,1),(8068,19,323,1),(8069,19,324,1),(8070,19,325,1),(8071,19,326,1),(8072,19,327,1),(8073,19,328,1),(8074,19,329,1),(8075,19,330,1),(8076,19,331,1),(8077,19,332,1),(8078,19,333,1),(8079,19,334,1),(8080,19,335,1),(8081,19,336,1),(8082,19,337,1),(8083,19,338,1),(8084,19,339,1),(8085,19,340,1),(8086,19,398,1),(8087,19,476,1),(8088,19,484,1),(8089,19,499,1),(8090,19,500,1),(8091,19,501,1),(8092,19,348,1),(8093,19,349,1),(8094,19,354,1),(8095,19,355,1),(8096,19,356,1),(8097,19,357,1),(8098,19,358,1),(8099,19,359,1),(8100,19,360,1),(8101,19,361,1),(8102,19,386,1),(8103,19,387,1),(8104,19,388,1),(8105,19,412,1),(8106,19,415,1),(8107,19,416,1),(8108,19,428,1),(8109,19,429,1),(8110,19,430,1),(8111,19,479,1),(8112,19,369,1),(8113,19,370,1),(8114,19,403,1),(8115,19,404,1),(8116,19,405,1),(8117,19,519,1),(8118,19,520,1),(8119,19,532,1),(8120,19,533,1),(8121,19,373,1),(8122,19,374,1),(8123,19,375,1),(8124,19,376,1),(8125,19,377,1),(8126,19,378,1),(8127,19,379,1),(8128,19,380,1),(8129,19,381,1),(8130,19,465,1),(8131,19,469,1),(8132,19,511,1),(8133,19,512,1),(8134,19,392,1),(8135,19,393,1),(8136,19,395,1),(8137,19,396,1),(8138,19,397,1),(8139,19,399,1),(8140,19,400,1),(8141,19,401,1),(8142,19,406,1),(8143,19,407,1),(8144,19,417,1),(8145,19,418,1),(8146,19,419,1),(8147,19,420,1),(8148,19,421,1),(8149,19,422,1),(8150,19,524,1),(8151,19,525,1),(8152,19,526,1),(8153,19,408,1),(8154,19,409,1),(8155,19,413,1),(8156,19,414,1),(8157,19,527,1),(8158,19,528,1),(8159,19,529,1),(8160,19,410,1),(8161,19,411,1),(8162,19,423,1),(8163,19,424,1),(8164,19,425,1),(8165,19,426,1),(8166,19,427,1),(8167,19,521,1),(8168,19,522,1),(8169,19,523,1),(8170,19,530,1),(8171,19,531,1),(8172,19,435,1),(8173,19,438,1),(8174,19,439,1),(8175,19,447,1),(8176,19,448,1),(8177,19,449,1),(8178,19,450,1),(8179,19,451,1),(8180,19,452,1),(8181,19,462,1),(8182,19,440,1),(8183,19,441,1),(8184,19,442,1),(8185,19,453,1),(8186,19,454,1),(8187,19,455,1),(8188,19,456,1),(8189,19,457,1),(8190,19,458,1),(8191,19,480,1),(8192,19,443,1),(8193,19,444,1),(8194,19,445,1),(8195,19,446,1),(8196,19,486,1),(8197,19,463,1),(8198,19,464,1),(8199,19,481,1),(8200,19,482,1),(8201,19,489,1),(8202,19,490,1),(8203,19,491,1),(8204,19,492,1),(8205,19,493,1),(8206,19,494,1),(8207,19,495,1),(8208,19,497,1),(8209,19,498,1),(8210,19,502,1),(8211,19,503,1),(8212,19,504,1),(8213,19,505,1),(8214,19,506,1),(8215,19,507,1),(8216,19,508,1),(8217,19,534,1),(8218,19,535,1),(8219,19,536,1),(8220,19,537,1),(8221,19,538,1),(8222,19,539,1),(8223,19,540,1),(8224,19,714,1),(8225,19,541,1),(8226,19,542,1),(8227,19,543,1),(8228,19,544,1),(8229,19,545,1),(8230,19,546,1),(8231,19,547,1),(8232,19,573,1),(8233,19,574,1),(8234,19,578,1),(8235,19,585,1),(8236,19,586,1),(8237,19,587,1),(8238,19,713,1),(8239,19,548,1),(8240,19,557,1),(8241,19,558,1),(8242,19,559,1),(8243,19,560,1),(8244,19,561,1),(8245,19,577,1),(8246,19,550,1),(8247,19,551,1),(8248,19,552,1),(8249,19,553,1),(8250,19,554,1),(8251,19,555,1),(8252,19,556,1),(8253,19,715,1),(8254,19,567,1),(8255,19,568,1),(8256,19,569,1),(8257,19,570,1),(8258,19,571,1),(8259,19,572,1),(8260,19,575,1),(8261,19,576,1),(8262,19,705,1),(8263,19,579,1),(8264,19,581,1),(8265,19,582,1),(8266,19,583,1),(8267,19,588,1),(8268,19,589,1),(8269,19,591,1),(8270,19,592,1),(8271,19,593,1),(8272,19,594,1),(8273,19,595,1),(8274,19,596,1),(8275,19,597,1),(8276,19,598,1),(8277,19,607,1),(8278,19,608,1),(8279,19,704,1),(8280,19,584,1),(8281,19,590,1),(8282,19,599,1),(8283,19,600,1),(8284,19,601,1),(8285,19,602,1),(8286,19,603,1),(8287,19,604,1),(8288,19,605,1),(8289,19,606,1),(8290,19,609,1),(8291,19,610,1),(8292,19,611,1),(8293,19,615,1),(8294,19,616,1),(8295,19,617,1),(8296,19,618,1),(8297,19,619,1),(8298,19,620,1),(8299,19,621,1),(8300,19,622,1),(8301,19,623,1),(8302,19,624,1),(8303,19,625,1),(8304,19,626,1),(8305,19,627,1),(8306,19,628,1),(8307,19,629,1),(8308,19,630,1),(8309,19,631,1),(8310,19,632,1),(8311,19,633,1),(8312,19,634,1),(8313,19,635,1),(8314,19,636,1),(8315,19,637,1),(8316,19,638,1),(8317,19,639,1),(8318,19,640,1),(8319,19,641,1),(8320,19,642,1),(8321,19,643,1),(8322,19,644,1),(8323,19,645,1),(8324,19,646,1),(8325,19,647,1),(8326,19,648,1),(8327,19,649,1),(8328,19,650,1),(8329,19,651,1),(8330,19,652,1),(8331,19,659,1),(8332,19,660,1),(8333,19,661,1),(8334,19,708,1),(8335,19,709,1),(8336,19,710,1),(8337,19,662,1),(8338,19,663,1),(8339,19,664,1),(8340,19,706,1),(8341,19,707,1),(8342,19,711,1),(8343,19,712,1),(8344,19,665,1),(8345,19,666,1),(8346,19,667,1),(8347,19,668,1),(8348,19,669,1),(8349,19,670,1),(8350,19,671,1),(8351,19,672,1),(8352,19,673,1),(8353,19,674,1),(8354,19,675,1),(8355,19,676,1),(8356,19,677,1),(8357,19,678,1),(8358,19,679,1),(8359,19,680,1),(8360,19,681,1),(8361,19,682,1),(8362,19,683,1),(8363,19,684,1),(8364,19,685,1),(8365,19,686,1),(8366,19,687,1),(8367,19,688,1),(8368,19,689,1),(8369,19,690,1),(8370,19,691,1),(8371,19,692,1),(8372,19,693,1),(8373,19,694,1),(8374,19,695,1),(8375,19,696,1),(8376,19,697,1),(8377,19,698,1),(8378,19,699,1),(8379,19,700,1),(8380,19,701,1),(8381,19,702,1),(8382,19,703,1),(8383,19,720,1),(8384,19,721,1),(8385,19,722,1),(8386,19,723,1),(8387,19,724,1),(8388,19,725,1),(8389,19,726,1),(8390,19,727,1),(8391,19,728,1),(8392,19,729,1),(8393,19,730,1),(8394,19,731,1),(8395,19,733,1),(8396,19,734,1),(8397,19,735,1),(8398,1,732,1),(8399,1,733,1),(8400,1,734,1),(8401,1,735,1),(8402,19,736,1),(8403,1,736,1),(8404,1,737,1),(8405,1,738,1),(8406,1,739,1),(8407,1,740,1),(8408,1,741,1),(8409,1,742,1),(8410,1,743,1),(8411,1,744,1),(8412,6,1,1),(8413,6,2,1),(8414,6,3,1),(8415,6,4,1),(8416,6,5,1),(8417,6,6,1),(8418,6,7,1),(8419,6,8,1),(8420,6,9,1),(8421,6,10,1),(8422,6,11,1),(8423,6,12,1),(8424,6,13,1),(8425,6,14,1),(8426,6,389,1),(8427,6,390,1),(8428,6,391,1),(8429,6,394,1),(8430,6,15,0),(8431,6,16,1),(8432,6,17,1),(8433,6,18,1),(8434,6,19,1),(8435,6,20,1),(8436,6,436,1),(8437,6,437,1),(8438,6,21,1),(8439,6,22,1),(8440,6,23,1),(8441,6,24,1),(8442,6,25,1),(8443,6,26,1),(8444,6,27,1),(8445,6,116,1),(8446,6,117,1),(8447,6,118,1),(8448,6,134,1),(8449,6,135,1),(8450,6,136,1),(8451,6,137,1),(8452,6,138,1),(8453,6,119,1),(8454,6,120,0),(8455,6,123,0),(8456,6,124,0),(8457,6,125,0),(8458,6,126,0),(8459,6,127,0),(8460,6,128,0),(8461,6,129,0),(8462,6,133,0),(8463,6,121,0),(8464,6,130,0),(8465,6,131,0),(8466,6,132,0),(8467,6,614,1),(8468,6,122,0),(8469,6,562,1),(8470,6,563,1),(8471,6,564,1),(8472,6,565,1),(8473,6,566,1),(8474,6,612,1),(8475,6,613,1),(8476,6,166,0),(8477,6,167,0),(8478,6,168,0),(8479,6,169,0),(8480,6,170,0),(8481,6,171,0),(8482,6,172,0),(8483,6,173,0),(8484,6,174,0),(8485,6,175,0),(8486,6,176,0),(8487,6,177,0),(8488,6,178,0),(8489,6,179,0),(8490,6,180,0),(8491,6,181,0),(8492,6,182,0),(8493,6,183,0),(8494,6,184,0),(8495,6,185,0),(8496,6,186,0),(8497,6,187,0),(8498,6,188,1),(8499,6,207,1),(8500,6,210,1),(8501,6,211,1),(8502,6,212,1),(8503,6,219,1),(8504,6,220,1),(8505,6,280,1),(8506,6,281,1),(8507,6,282,1),(8508,6,283,1),(8509,6,284,1),(8510,6,299,1),(8511,6,300,1),(8512,6,362,1),(8513,6,363,1),(8514,6,383,1),(8515,6,385,1),(8516,6,460,1),(8517,6,461,1),(8518,6,477,1),(8519,6,518,1),(8520,6,656,1),(8521,6,657,1),(8522,6,658,1),(8523,6,189,1),(8524,6,256,1),(8525,6,257,1),(8526,6,258,1),(8527,6,466,1),(8528,6,467,1),(8529,6,468,1),(8530,6,470,1),(8531,6,472,1),(8532,6,190,1),(8533,6,191,1),(8534,6,192,1),(8535,6,200,1),(8536,6,208,1),(8537,6,209,1),(8538,6,213,1),(8539,6,221,1),(8540,6,223,1),(8541,6,224,1),(8542,6,225,1),(8543,6,233,1),(8544,6,242,1),(8545,6,243,1),(8546,6,244,1),(8547,6,245,1),(8548,6,250,1),(8549,6,251,1),(8550,6,253,1),(8551,6,254,1),(8552,6,255,1),(8553,6,263,1),(8554,6,265,1),(8555,6,266,1),(8556,6,267,1),(8557,6,275,1),(8558,6,276,1),(8559,6,286,1),(8560,6,402,1),(8561,6,471,1),(8562,6,193,1),(8563,6,216,1),(8564,6,217,1),(8565,6,218,1),(8566,6,287,1),(8567,6,289,1),(8568,6,290,1),(8569,6,292,1),(8570,6,293,1),(8571,6,294,1),(8572,6,295,1),(8573,6,364,1),(8574,6,365,1),(8575,6,366,1),(8576,6,367,1),(8577,6,368,1),(8578,6,372,1),(8579,6,382,1),(8580,6,384,1),(8581,6,432,1),(8582,6,434,1),(8583,6,473,1),(8584,6,474,1),(8585,6,475,1),(8586,6,478,1),(8587,6,653,1),(8588,6,654,1),(8589,6,655,1),(8590,6,194,1),(8591,6,195,1),(8592,6,196,1),(8593,6,197,1),(8594,6,198,1),(8595,6,199,1),(8596,6,201,1),(8597,6,202,1),(8598,6,203,1),(8599,6,204,1),(8600,6,205,1),(8601,6,206,1),(8602,6,371,1),(8603,6,513,1),(8604,6,514,1),(8605,6,515,1),(8606,6,516,1),(8607,6,517,1),(8608,6,716,1),(8609,6,717,1),(8610,6,718,1),(8611,6,719,1),(8612,6,214,1),(8613,6,215,1),(8614,6,226,1),(8615,6,227,1),(8616,6,228,1),(8617,6,229,1),(8618,6,230,1),(8619,6,231,1),(8620,6,234,1),(8621,6,235,1),(8622,6,236,1),(8623,6,237,1),(8624,6,238,1),(8625,6,239,1),(8626,6,240,1),(8627,6,241,1),(8628,6,285,1),(8629,6,431,1),(8630,6,433,1),(8631,6,483,1),(8632,6,246,1),(8633,6,247,1),(8634,6,248,1),(8635,6,249,1),(8636,6,252,1),(8637,6,262,1),(8638,6,264,1),(8639,6,732,1),(8640,6,259,1),(8641,6,268,1),(8642,6,487,1),(8643,6,260,1),(8644,6,301,1),(8645,6,459,1),(8646,6,485,1),(8647,6,261,1),(8648,6,288,1),(8649,6,488,1),(8650,6,269,1),(8651,6,270,1),(8652,6,271,1),(8653,6,272,1),(8654,6,291,1),(8655,6,296,1),(8656,6,297,1),(8657,6,298,1),(8658,6,341,1),(8659,6,342,1),(8660,6,343,1),(8661,6,344,1),(8662,6,345,1),(8663,6,346,1),(8664,6,347,1),(8665,6,302,1),(8666,6,303,1),(8667,6,304,1),(8668,6,305,1),(8669,6,306,1),(8670,6,307,1),(8671,6,308,1),(8672,6,309,1),(8673,6,310,1),(8674,6,311,1),(8675,6,312,1),(8676,6,313,1),(8677,6,314,1),(8678,6,315,1),(8679,6,316,1),(8680,6,317,1),(8681,6,318,1),(8682,6,319,1),(8683,6,320,1),(8684,6,321,1),(8685,6,322,1),(8686,6,323,1),(8687,6,324,1),(8688,6,325,1),(8689,6,326,1),(8690,6,327,1),(8691,6,328,1),(8692,6,329,1),(8693,6,330,1),(8694,6,331,1),(8695,6,332,1),(8696,6,333,1),(8697,6,334,1),(8698,6,335,1),(8699,6,336,1),(8700,6,337,1),(8701,6,338,1),(8702,6,339,1),(8703,6,340,1),(8704,6,398,1),(8705,6,476,1),(8706,6,484,1),(8707,6,499,1),(8708,6,500,1),(8709,6,501,1),(8710,6,348,1),(8711,6,349,1),(8712,6,354,1),(8713,6,355,1),(8714,6,356,1),(8715,6,357,1),(8716,6,358,1),(8717,6,359,1),(8718,6,360,1),(8719,6,361,1),(8720,6,386,1),(8721,6,387,1),(8722,6,388,1),(8723,6,412,1),(8724,6,415,1),(8725,6,416,1),(8726,6,428,1),(8727,6,429,1),(8728,6,430,1),(8729,6,479,1),(8730,6,369,1),(8731,6,370,1),(8732,6,403,1),(8733,6,404,1),(8734,6,405,1),(8735,6,519,1),(8736,6,520,1),(8737,6,532,1),(8738,6,533,1),(8739,6,373,1),(8740,6,374,1),(8741,6,375,1),(8742,6,376,1),(8743,6,377,1),(8744,6,378,1),(8745,6,379,1),(8746,6,380,1),(8747,6,381,1),(8748,6,465,1),(8749,6,469,1),(8750,6,511,1),(8751,6,512,1),(8752,6,392,1),(8753,6,393,1),(8754,6,395,1),(8755,6,396,1),(8756,6,397,1),(8757,6,399,1),(8758,6,400,1),(8759,6,401,1),(8760,6,406,1),(8761,6,407,1),(8762,6,417,1),(8763,6,418,1),(8764,6,419,1),(8765,6,420,1),(8766,6,421,1),(8767,6,422,1),(8768,6,524,1),(8769,6,525,1),(8770,6,526,1),(8771,6,408,1),(8772,6,409,1),(8773,6,413,1),(8774,6,414,1),(8775,6,527,1),(8776,6,528,1),(8777,6,529,1),(8778,6,410,1),(8779,6,411,1),(8780,6,423,1),(8781,6,424,1),(8782,6,425,1),(8783,6,426,1),(8784,6,427,1),(8785,6,521,1),(8786,6,522,1),(8787,6,523,1),(8788,6,530,1),(8789,6,531,1),(8790,6,435,1),(8791,6,438,1),(8792,6,439,1),(8793,6,447,1),(8794,6,448,1),(8795,6,449,1),(8796,6,450,1),(8797,6,451,1),(8798,6,452,1),(8799,6,462,1),(8800,6,440,1),(8801,6,441,1),(8802,6,442,1),(8803,6,453,1),(8804,6,454,1),(8805,6,455,1),(8806,6,456,1),(8807,6,457,1),(8808,6,458,1),(8809,6,480,1),(8810,6,443,1),(8811,6,444,1),(8812,6,445,1),(8813,6,446,1),(8814,6,486,1),(8815,6,463,1),(8816,6,464,1),(8817,6,481,1),(8818,6,482,1),(8819,6,489,NULL),(8820,1,748,1),(8821,1,749,1),(8822,16,732,1),(8823,16,748,1),(8824,16,749,1),(8825,26,1,0),(8826,26,2,0),(8827,26,3,0),(8828,26,4,0),(8829,26,5,0),(8830,26,6,0),(8831,26,7,0),(8832,26,8,0),(8833,26,9,0),(8834,26,10,0),(8835,26,11,0),(8836,26,12,0),(8837,26,13,0),(8838,26,14,0),(8839,26,389,0),(8840,26,390,0),(8841,26,391,0),(8842,26,394,0),(8843,26,15,0),(8844,26,16,0),(8845,26,17,0),(8846,26,18,0),(8847,26,19,0),(8848,26,20,0),(8849,26,436,0),(8850,26,437,0),(8851,26,21,0),(8852,26,22,0),(8853,26,23,0),(8854,26,24,0),(8855,26,25,0),(8856,26,26,0),(8857,26,27,0),(8858,26,116,0),(8859,26,117,0),(8860,26,118,0),(8861,26,134,0),(8862,26,135,0),(8863,26,136,0),(8864,26,137,0),(8865,26,138,0),(8866,26,119,1),(8867,26,120,0),(8868,26,123,0),(8869,26,124,0),(8870,26,125,0),(8871,26,126,0),(8872,26,127,0),(8873,26,128,0),(8874,26,129,0),(8875,26,133,0),(8876,26,121,0),(8877,26,130,0),(8878,26,131,0),(8879,26,132,0),(8880,26,614,0),(8881,26,122,0),(8882,26,562,0),(8883,26,563,0),(8884,26,564,0),(8885,26,565,0),(8886,26,566,0),(8887,26,612,0),(8888,26,613,0),(8889,26,166,0),(8890,26,167,0),(8891,26,168,0),(8892,26,169,0),(8893,26,170,0),(8894,26,171,0),(8895,26,172,0),(8896,26,173,0),(8897,26,174,0),(8898,26,175,0),(8899,26,176,0),(8900,26,177,0),(8901,26,178,0),(8902,26,179,0),(8903,26,180,0),(8904,26,181,0),(8905,26,182,0),(8906,26,183,0),(8907,26,184,0),(8908,26,185,0),(8909,26,186,0),(8910,26,187,0),(8911,26,188,0),(8912,26,207,0),(8913,26,210,0),(8914,26,211,0),(8915,26,212,0),(8916,26,219,0),(8917,26,220,0),(8918,26,280,0),(8919,26,281,0),(8920,26,282,0),(8921,26,283,0),(8922,26,284,0),(8923,26,299,0),(8924,26,300,0),(8925,26,362,0),(8926,26,363,0),(8927,26,383,0),(8928,26,385,0),(8929,26,460,0),(8930,26,461,0),(8931,26,477,0),(8932,26,518,0),(8933,26,656,0),(8934,26,657,0),(8935,26,658,0),(8936,26,189,0),(8937,26,256,0),(8938,26,257,0),(8939,26,258,0),(8940,26,466,0),(8941,26,467,0),(8942,26,468,0),(8943,26,470,0),(8944,26,472,0),(8945,26,190,0),(8946,26,191,0),(8947,26,192,0),(8948,26,200,0),(8949,26,208,0),(8950,26,209,0),(8951,26,213,0),(8952,26,221,0),(8953,26,223,0),(8954,26,224,0),(8955,26,225,0),(8956,26,233,0),(8957,26,242,0),(8958,26,243,0),(8959,26,244,0),(8960,26,245,0),(8961,26,250,0),(8962,26,251,0),(8963,26,253,0),(8964,26,254,0),(8965,26,255,0),(8966,26,263,0),(8967,26,265,0),(8968,26,266,0),(8969,26,267,0),(8970,26,275,0),(8971,26,276,0),(8972,26,286,0),(8973,26,402,0),(8974,26,471,0),(8975,26,193,0),(8976,26,216,0),(8977,26,217,0),(8978,26,218,0),(8979,26,287,0),(8980,26,289,0),(8981,26,290,0),(8982,26,292,0),(8983,26,293,0),(8984,26,294,0),(8985,26,295,0),(8986,26,364,0),(8987,26,365,0),(8988,26,366,0),(8989,26,367,0),(8990,26,368,0),(8991,26,372,0),(8992,26,382,0),(8993,26,384,0),(8994,26,432,0),(8995,26,434,0),(8996,26,473,0),(8997,26,474,0),(8998,26,475,0),(8999,26,478,0),(9000,26,653,0),(9001,26,654,0),(9002,26,655,0),(9003,26,194,0),(9004,26,195,0),(9005,26,196,0),(9006,26,197,0),(9007,26,198,0),(9008,26,199,0),(9009,26,201,0),(9010,26,202,0),(9011,26,203,0),(9012,26,204,0),(9013,26,205,0),(9014,26,206,0),(9015,26,371,0),(9016,26,513,0),(9017,26,514,0),(9018,26,515,0),(9019,26,516,0),(9020,26,517,0),(9021,26,716,0),(9022,26,717,0),(9023,26,718,0),(9024,26,719,0),(9025,26,214,0),(9026,26,215,0),(9027,26,226,0),(9028,26,227,0),(9029,26,228,0),(9030,26,229,0),(9031,26,230,0),(9032,26,231,0),(9033,26,234,0),(9034,26,235,0),(9035,26,236,0),(9036,26,237,0),(9037,26,238,0),(9038,26,239,0),(9039,26,240,0),(9040,26,241,0),(9041,26,285,0),(9042,26,431,0),(9043,26,433,0),(9044,26,483,0),(9045,26,246,0),(9046,26,247,0),(9047,26,248,0),(9048,26,249,0),(9049,26,252,0),(9050,26,262,0),(9051,26,264,0),(9052,26,732,0),(9053,26,259,0),(9054,26,268,0),(9055,26,487,0),(9056,26,260,0),(9057,26,301,0),(9058,26,459,0),(9059,26,485,0),(9060,26,261,0),(9061,26,288,0),(9062,26,488,0),(9063,26,748,0),(9064,26,749,0),(9065,26,269,0),(9066,26,270,0),(9067,26,271,0),(9068,26,272,0),(9069,26,291,0),(9070,26,296,0),(9071,26,297,0),(9072,26,298,0),(9073,26,341,0),(9074,26,342,0),(9075,26,343,0),(9076,26,344,0),(9077,26,345,0),(9078,26,346,0),(9079,26,347,0),(9080,26,302,0),(9081,26,303,0),(9082,26,304,0),(9083,26,305,0),(9084,26,306,0),(9085,26,307,0),(9086,26,308,0),(9087,26,309,0),(9088,26,310,0),(9089,26,311,0),(9090,26,312,0),(9091,26,313,0),(9092,26,314,0),(9093,26,315,0),(9094,26,316,0),(9095,26,317,0),(9096,26,318,0),(9097,26,319,0),(9098,26,320,0),(9099,26,321,0),(9100,26,322,0),(9101,26,323,0),(9102,26,324,0),(9103,26,325,0),(9104,26,326,0),(9105,26,327,0),(9106,26,328,0),(9107,26,329,0),(9108,26,330,0),(9109,26,331,0),(9110,26,332,0),(9111,26,333,0),(9112,26,334,0),(9113,26,335,0),(9114,26,336,0),(9115,26,337,0),(9116,26,338,0),(9117,26,339,0),(9118,26,340,0),(9119,26,398,0),(9120,26,476,0),(9121,26,484,0),(9122,26,499,0),(9123,26,500,0),(9124,26,501,0),(9125,26,348,0),(9126,26,349,0),(9127,26,354,0),(9128,26,355,0),(9129,26,356,0),(9130,26,357,0),(9131,26,358,0),(9132,26,359,0),(9133,26,360,0),(9134,26,361,0),(9135,26,386,0),(9136,26,387,0),(9137,26,388,0),(9138,26,412,0),(9139,26,415,0),(9140,26,416,0),(9141,26,428,0),(9142,26,429,0),(9143,26,430,0),(9144,26,479,0),(9145,26,369,0),(9146,26,370,0),(9147,26,403,0),(9148,26,404,0),(9149,26,405,0),(9150,26,519,0),(9151,26,520,0),(9152,26,532,0),(9153,26,533,0),(9154,26,373,0),(9155,26,374,0),(9156,26,375,0),(9157,26,376,0),(9158,26,377,0),(9159,26,378,0),(9160,26,379,0),(9161,26,380,0),(9162,26,381,0),(9163,26,465,0),(9164,26,469,0),(9165,26,511,0),(9166,26,512,0),(9167,26,392,0),(9168,26,393,0),(9169,26,395,0),(9170,26,396,0),(9171,26,397,0),(9172,26,399,0),(9173,26,400,0),(9174,26,401,0),(9175,26,406,0),(9176,26,407,0),(9177,26,417,0),(9178,26,418,0),(9179,26,419,0),(9180,26,420,0),(9181,26,421,0),(9182,26,422,0),(9183,26,524,0),(9184,26,525,0),(9185,26,526,0),(9186,26,408,0),(9187,26,409,0),(9188,26,413,0),(9189,26,414,0),(9190,26,527,0),(9191,26,528,0),(9192,26,529,0),(9193,26,410,0),(9194,26,411,0),(9195,26,423,0),(9196,26,424,0),(9197,26,425,0),(9198,26,426,0),(9199,26,427,0),(9200,26,521,0),(9201,26,522,0),(9202,26,523,0),(9203,26,530,0),(9204,26,531,0),(9205,26,435,0),(9206,26,438,0),(9207,26,439,0),(9208,26,447,0),(9209,26,448,0),(9210,26,449,0),(9211,26,450,0),(9212,26,451,0),(9213,26,452,0),(9214,26,462,0),(9215,26,440,0),(9216,26,441,0),(9217,26,442,0),(9218,26,453,0),(9219,26,454,0),(9220,26,455,0),(9221,26,456,0),(9222,26,457,0),(9223,26,458,0),(9224,26,480,0),(9225,26,443,0),(9226,26,444,0),(9227,26,445,0),(9228,26,446,0),(9229,26,486,0),(9230,26,463,0),(9231,20,1,1),(9232,20,2,1),(9233,20,3,1),(9234,20,4,1),(9235,20,5,1),(9236,20,6,1),(9237,20,7,1),(9238,20,8,1),(9239,20,9,1),(9240,20,10,1),(9241,20,11,1),(9242,20,12,1),(9243,20,13,1),(9244,20,14,1),(9245,20,389,1),(9246,20,390,1),(9247,20,391,1),(9248,20,394,1),(9249,20,15,1),(9250,20,16,1),(9251,20,17,1),(9252,20,18,1),(9253,20,19,1),(9254,20,20,1),(9255,20,436,1),(9256,20,437,1),(9257,20,21,1),(9258,20,22,1),(9259,20,23,1),(9260,20,24,1),(9261,20,25,1),(9262,20,26,1),(9263,20,27,1),(9264,20,116,1),(9265,20,117,1),(9266,20,118,1),(9267,20,134,1),(9268,20,135,1),(9269,20,136,1),(9270,20,137,1),(9271,20,138,1),(9272,20,119,1),(9273,20,120,1),(9274,20,123,1),(9275,20,124,1),(9276,20,125,1),(9277,20,126,1),(9278,20,127,1),(9279,20,128,1),(9280,20,129,1),(9281,20,133,1),(9282,20,121,1),(9283,20,130,1),(9284,20,131,1),(9285,20,132,1),(9286,20,614,1),(9287,20,122,1),(9288,20,562,1),(9289,20,563,1),(9290,20,564,1),(9291,20,565,1),(9292,20,566,1),(9293,20,612,1),(9294,20,613,1),(9295,20,166,1),(9296,20,167,1),(9297,20,168,1),(9298,20,169,1),(9299,20,170,1),(9300,20,171,1),(9301,20,172,1),(9302,20,173,1),(9303,20,174,1),(9304,20,175,1),(9305,20,176,1),(9306,20,177,1),(9307,20,178,1),(9308,20,179,1),(9309,20,180,1),(9310,20,181,1),(9311,20,182,1),(9312,20,183,1),(9313,20,184,1),(9314,20,185,1),(9315,20,186,1),(9316,20,187,1),(9317,20,188,1),(9318,20,207,1),(9319,20,210,1),(9320,20,211,1),(9321,20,212,1),(9322,20,219,1),(9323,20,220,1),(9324,20,280,1),(9325,20,281,1),(9326,20,282,1),(9327,20,283,1),(9328,20,284,1),(9329,20,299,1),(9330,20,300,1),(9331,20,362,1),(9332,20,363,1),(9333,20,383,1),(9334,20,385,1),(9335,20,460,1),(9336,20,461,1),(9337,20,477,1),(9338,20,518,1),(9339,20,656,1),(9340,20,657,1),(9341,20,658,1),(9342,20,189,1),(9343,20,256,1),(9344,20,257,1),(9345,20,258,1),(9346,20,466,1),(9347,20,467,1),(9348,20,468,1),(9349,20,470,1),(9350,20,472,1),(9351,20,190,1),(9352,20,191,1),(9353,20,192,1),(9354,20,200,1),(9355,20,208,1),(9356,20,209,1),(9357,20,213,1),(9358,20,221,1),(9359,20,223,1),(9360,20,224,1),(9361,20,225,1),(9362,20,233,1),(9363,20,242,1),(9364,20,243,1),(9365,20,244,1),(9366,20,245,1),(9367,20,250,1),(9368,20,251,1),(9369,20,253,1),(9370,20,254,1),(9371,20,255,1),(9372,20,263,1),(9373,20,265,1),(9374,20,266,1),(9375,20,267,1),(9376,20,275,1),(9377,20,276,1),(9378,20,286,1),(9379,20,402,1),(9380,20,471,1),(9381,20,193,1),(9382,20,216,1),(9383,20,217,1),(9384,20,218,1),(9385,20,287,1),(9386,20,289,1),(9387,20,290,1),(9388,20,292,1),(9389,20,293,1),(9390,20,294,1),(9391,20,295,1),(9392,20,364,1),(9393,20,365,1),(9394,20,366,1),(9395,20,367,1),(9396,20,368,1),(9397,20,372,1),(9398,20,382,1),(9399,20,384,1),(9400,20,432,1),(9401,20,434,1),(9402,20,473,1),(9403,20,474,1),(9404,20,475,1),(9405,20,478,1),(9406,20,653,1),(9407,20,654,1),(9408,20,655,1),(9409,20,194,1),(9410,20,195,1),(9411,20,196,1),(9412,20,197,1),(9413,20,198,1),(9414,20,199,1),(9415,20,201,1),(9416,20,202,1),(9417,20,203,1),(9418,20,204,1),(9419,20,205,1),(9420,20,206,1),(9421,20,371,1),(9422,20,513,1),(9423,20,514,1),(9424,20,515,1),(9425,20,516,1),(9426,20,517,1),(9427,20,716,1),(9428,20,717,1),(9429,20,718,1),(9430,20,719,1),(9431,20,214,1),(9432,20,215,1),(9433,20,226,1),(9434,20,227,1),(9435,20,228,1),(9436,20,229,1),(9437,20,230,1),(9438,20,231,1),(9439,20,234,1),(9440,20,235,1),(9441,20,236,1),(9442,20,237,1),(9443,20,238,1),(9444,20,239,1),(9445,20,240,1),(9446,20,241,1),(9447,20,285,1),(9448,20,431,1),(9449,20,433,1),(9450,20,483,1),(9451,20,246,1),(9452,20,247,1),(9453,20,248,1),(9454,20,249,1),(9455,20,252,1),(9456,20,262,1),(9457,20,264,1),(9458,20,732,1),(9459,20,259,1),(9460,20,268,1),(9461,20,487,1),(9462,20,260,1),(9463,20,301,1),(9464,20,459,1),(9465,20,485,1),(9466,20,261,1),(9467,20,288,1),(9468,20,488,1),(9469,20,748,1),(9470,20,749,1),(9471,20,269,1),(9472,20,270,1),(9473,20,271,1),(9474,20,272,1),(9475,20,291,1),(9476,20,296,1),(9477,20,297,1),(9478,20,298,1),(9479,20,341,1),(9480,20,342,1),(9481,20,343,1),(9482,20,344,1),(9483,20,345,1),(9484,20,346,1),(9485,20,347,1),(9486,20,302,1),(9487,20,303,1),(9488,20,304,1),(9489,20,305,1),(9490,20,306,1),(9491,20,307,1),(9492,20,308,1),(9493,20,309,1),(9494,20,310,1),(9495,20,311,1),(9496,20,312,1),(9497,20,313,1),(9498,20,314,1),(9499,20,315,1),(9500,20,316,1),(9501,20,317,1),(9502,20,318,1),(9503,20,319,1),(9504,20,320,1),(9505,20,321,1),(9506,20,322,1),(9507,20,323,1),(9508,20,324,1),(9509,20,325,1),(9510,20,326,1),(9511,20,327,1),(9512,20,328,1),(9513,20,329,1),(9514,20,330,1),(9515,20,331,1),(9516,20,332,1),(9517,20,333,1),(9518,20,334,1),(9519,20,335,1),(9520,20,336,1),(9521,20,337,1),(9522,20,338,1),(9523,20,339,1),(9524,20,340,1),(9525,20,398,1),(9526,20,476,1),(9527,20,484,1),(9528,20,499,1),(9529,20,500,1),(9530,20,501,1),(9531,20,348,1),(9532,20,349,1),(9533,20,354,1),(9534,20,355,1),(9535,20,356,1),(9536,20,357,1),(9537,20,358,1),(9538,20,359,1),(9539,20,360,1),(9540,20,361,1),(9541,20,386,1),(9542,20,387,1),(9543,20,388,1),(9544,20,412,1),(9545,20,415,1),(9546,20,416,1),(9547,20,428,1),(9548,20,429,1),(9549,20,430,1),(9550,20,479,1),(9551,20,369,1),(9552,20,370,1),(9553,20,403,1),(9554,20,404,1),(9555,20,405,1),(9556,20,519,1),(9557,20,520,1),(9558,20,532,1),(9559,20,533,1),(9560,20,373,1),(9561,20,374,1),(9562,20,375,1),(9563,20,376,1),(9564,20,377,1),(9565,20,378,1),(9566,20,379,1),(9567,20,380,1),(9568,20,381,1),(9569,20,465,1),(9570,20,469,1),(9571,20,511,1),(9572,20,512,1),(9573,20,392,1),(9574,20,393,1),(9575,20,395,1),(9576,20,396,1),(9577,20,397,1),(9578,20,399,1),(9579,20,400,1),(9580,20,401,1),(9581,20,406,1),(9582,20,407,1),(9583,20,417,1),(9584,20,418,1),(9585,20,419,1),(9586,20,420,1),(9587,20,421,1),(9588,20,422,1),(9589,20,524,1),(9590,20,525,1),(9591,20,526,1),(9592,20,408,1),(9593,20,409,1),(9594,20,413,1),(9595,20,414,1),(9596,20,527,1),(9597,20,528,1),(9598,20,529,1),(9599,20,410,1),(9600,20,411,1),(9601,20,423,1),(9602,20,424,1),(9603,20,425,1),(9604,20,426,1),(9605,20,427,1),(9606,20,521,1),(9607,20,522,1),(9608,20,523,1),(9609,20,530,1),(9610,20,531,1),(9611,20,435,1),(9612,20,438,1),(9613,20,439,1),(9614,20,447,1),(9615,20,448,1),(9616,20,449,1),(9617,20,450,1),(9618,20,451,1),(9619,20,452,1),(9620,20,462,1),(9621,20,440,1),(9622,20,441,1),(9623,20,442,1),(9624,20,453,1),(9625,20,454,1),(9626,20,455,1),(9627,20,456,1),(9628,20,457,1),(9629,20,458,1),(9630,20,480,1),(9631,20,443,1),(9632,20,444,1),(9633,20,445,1),(9634,20,446,1),(9635,20,486,1),(9636,20,463,1),(9637,26,745,0),(9638,26,746,0);

--
-- Table structure for table `awrolemenu`
--

CREATE TABLE `awrolemenu` (
  `id` int(11) unsigned NOT NULL AUTO_INCREMENT,
  `role_id` int(11) unsigned DEFAULT NULL,
  `menu_id` int(11) unsigned DEFAULT NULL,
  `checkval` tinyint(1) unsigned DEFAULT NULL,
  PRIMARY KEY (`id`) USING BTREE,
  KEY `index_foreignkey_awrolemenu_awmenu` (`menu_id`) USING BTREE,
  KEY `index_foreignkey_awrolemenu_awrole` (`role_id`) USING BTREE,
  CONSTRAINT `c_fk_awrolemenu_menu_id` FOREIGN KEY (`menu_id`) REFERENCES `awmenu` (`id`) ON DELETE SET NULL ON UPDATE SET NULL,
  CONSTRAINT `c_fk_awrolemenu_role_id` FOREIGN KEY (`role_id`) REFERENCES `awrole` (`id`) ON DELETE SET NULL ON UPDATE SET NULL
) ENGINE=InnoDB AUTO_INCREMENT=1721 DEFAULT CHARSET=utf8mb4 COLLATE=utf8mb4_unicode_ci ROW_FORMAT=COMPACT;

--
-- Dumping data for table `awrolemenu`
--

INSERT INTO `awrolemenu` VALUES (1,1,1,1),(2,1,2,1),(3,1,3,1),(6,1,6,1),(9,1,9,1),(12,1,12,1),(28,1,NULL,1),(29,1,16,0),(30,1,NULL,1),(31,1,18,0),(32,1,19,0),(33,1,20,0),(34,1,NULL,1),(35,1,NULL,0),(36,1,NULL,0),(37,1,NULL,1),(38,1,NULL,0),(39,1,NULL,1),(40,1,NULL,1),(41,1,NULL,1),(43,1,32,1),(44,1,34,1),(45,1,35,1),(46,1,36,1),(47,1,37,1),(48,1,38,1),(49,1,39,1),(50,1,NULL,1),(121,1,40,1),(122,1,41,1),(123,1,42,1),(124,1,43,1),(125,1,44,1),(126,1,45,1),(133,1,46,1),(134,1,47,1),(135,1,48,1),(137,1,50,1),(138,1,51,1),(139,1,52,1),(140,1,53,1),(141,1,54,1),(142,1,55,1),(143,1,56,1),(144,1,57,1),(145,1,58,1),(146,1,59,1),(147,1,NULL,1),(149,1,62,1),(151,1,NULL,1),(152,1,66,1),(153,1,67,1),(154,1,68,1),(155,1,69,0),(156,1,70,1),(157,1,NULL,1),(158,1,71,1),(159,NULL,1,0),(160,NULL,2,0),(161,NULL,3,0),(162,NULL,6,0),(163,NULL,9,0),(164,NULL,12,0),(166,NULL,16,0),(167,NULL,18,0),(168,NULL,19,0),(169,NULL,20,0),(171,NULL,32,0),(172,NULL,35,0),(173,NULL,36,0),(174,NULL,37,0),(175,NULL,34,0),(176,NULL,38,0),(177,NULL,39,0),(178,NULL,40,0),(179,NULL,41,0),(180,NULL,42,0),(181,NULL,43,0),(182,NULL,44,0),(183,NULL,45,0),(184,NULL,46,0),(185,NULL,47,0),(187,NULL,50,0),(188,NULL,51,0),(189,NULL,52,0),(190,NULL,53,0),(191,NULL,48,0),(192,NULL,54,0),(193,NULL,66,0),(194,NULL,55,0),(195,NULL,56,0),(196,NULL,57,0),(197,NULL,58,0),(198,NULL,59,0),(200,NULL,62,0),(202,NULL,67,0),(203,NULL,68,0),(204,NULL,69,0),(205,NULL,70,0),(206,NULL,71,1),(414,1,73,1),(415,1,74,1),(416,1,75,1),(430,1,80,1),(431,1,NULL,1),(432,1,NULL,1),(435,1,83,1),(446,1,86,0),(448,1,85,1),(449,1,87,1),(450,1,88,0),(451,1,90,0),(452,1,91,0),(453,1,NULL,1),(455,1,95,0),(456,1,96,1),(457,1,97,1),(458,1,99,0),(459,1,100,0),(460,1,101,0),(461,1,102,0),(462,1,103,0),(463,1,104,0),(464,1,98,0),(466,1,107,1),(468,1,109,1),(469,1,110,1),(470,1,111,1),(472,1,113,0),(473,1,114,0),(474,1,115,0),(476,4,113,0),(477,4,114,0),(478,4,115,0),(480,4,19,0),(481,4,99,0),(482,4,100,0),(483,4,101,0),(484,4,102,0),(485,4,103,0),(486,4,104,0),(487,4,16,0),(488,4,18,0),(489,4,20,0),(490,4,86,0),(491,4,98,0),(492,4,2,0),(493,4,3,0),(494,4,6,0),(495,4,9,0),(496,4,12,0),(498,4,32,0),(499,4,35,0),(500,4,36,0),(501,4,37,0),(502,4,34,0),(503,4,38,0),(504,4,39,0),(505,4,43,1),(506,4,44,1),(507,4,45,1),(509,4,50,0),(510,4,51,0),(511,4,53,0),(512,4,48,0),(513,4,54,0),(514,4,66,0),(516,4,109,0),(517,4,55,1),(518,4,56,1),(519,4,57,1),(520,4,58,0),(521,4,74,1),(522,4,75,1),(523,4,80,1),(524,4,83,1),(526,4,71,0),(527,4,73,0),(529,4,85,0),(530,4,87,0),(531,4,88,0),(532,4,95,0),(533,4,1,1),(534,4,40,1),(535,4,41,1),(536,4,42,1),(537,4,46,1),(538,4,47,1),(539,4,52,1),(540,4,59,1),(542,4,62,1),(544,4,67,0),(545,4,68,0),(546,4,69,0),(547,4,70,0),(551,4,90,0),(552,4,91,0),(553,4,96,0),(554,4,97,0),(556,4,107,1),(558,4,110,0),(559,4,111,0),(561,8,113,1),(562,8,114,1),(563,8,115,1),(565,8,19,0),(566,8,99,0),(567,8,100,0),(568,8,101,0),(569,8,102,0),(570,8,103,0),(571,8,104,0),(572,8,16,0),(573,8,18,0),(574,8,20,0),(575,8,86,0),(576,8,98,0),(577,8,2,0),(578,8,3,0),(579,8,6,0),(580,8,9,0),(581,8,12,0),(583,8,32,0),(584,8,35,0),(585,8,36,0),(586,8,37,0),(587,8,34,0),(588,8,38,0),(589,8,39,0),(590,8,43,1),(591,8,44,1),(592,8,45,1),(594,8,50,0),(595,8,51,0),(596,8,53,0),(597,8,48,0),(598,8,54,0),(599,8,66,0),(601,8,109,0),(602,8,55,1),(603,8,56,1),(604,8,57,1),(605,8,58,0),(606,8,74,1),(607,8,75,1),(608,8,80,1),(609,8,83,1),(611,8,71,0),(612,8,73,0),(614,8,85,0),(615,8,87,0),(616,8,88,0),(617,8,95,0),(618,8,1,1),(619,8,40,0),(620,8,41,0),(621,8,42,1),(622,8,46,0),(623,8,47,0),(624,8,52,1),(625,8,59,0),(627,8,62,0),(629,8,67,0),(630,8,68,0),(631,8,69,0),(632,8,70,0),(636,8,90,0),(637,8,91,0),(638,8,96,0),(639,8,97,0),(641,8,107,1),(643,8,110,0),(644,8,111,0),(646,12,113,0),(647,12,114,0),(648,12,115,0),(650,12,19,0),(651,12,99,0),(652,12,100,0),(653,12,101,0),(654,12,102,0),(655,12,103,0),(656,12,104,0),(657,12,16,0),(658,12,18,0),(659,12,20,0),(660,12,86,0),(661,12,98,0),(662,12,2,0),(663,12,3,1),(664,12,6,0),(665,12,9,0),(666,12,12,0),(668,12,32,0),(669,12,35,0),(670,12,36,0),(671,12,37,0),(672,12,34,0),(673,12,38,0),(674,12,39,0),(675,12,43,0),(676,12,44,0),(677,12,45,0),(679,12,50,0),(680,12,51,0),(681,12,53,0),(682,12,48,0),(683,12,54,1),(684,12,66,0),(686,12,109,0),(687,12,55,0),(688,12,56,0),(689,12,57,0),(690,12,58,0),(691,12,74,0),(692,12,75,0),(693,12,80,0),(694,12,83,0),(696,12,71,0),(697,12,73,0),(699,12,85,0),(700,12,87,0),(701,12,88,0),(702,12,95,0),(703,12,1,1),(704,12,40,0),(705,12,41,0),(706,12,42,0),(707,12,46,0),(708,12,47,0),(709,12,52,0),(710,12,59,0),(712,12,62,0),(714,12,67,0),(715,12,68,0),(716,12,69,0),(717,12,70,0),(721,12,90,0),(722,12,91,0),(723,12,96,0),(724,12,97,0),(726,12,107,0),(728,12,110,0),(729,12,111,1),(731,5,113,0),(732,5,114,0),(733,5,115,0),(735,5,19,0),(736,5,99,0),(737,5,100,0),(738,5,101,0),(739,5,102,0),(740,5,103,0),(741,5,104,0),(742,5,16,0),(743,5,18,0),(744,5,20,0),(745,5,86,0),(746,5,98,0),(747,5,2,0),(748,5,3,0),(749,5,6,0),(750,5,9,0),(751,5,12,0),(753,5,32,0),(754,5,35,0),(755,5,36,0),(756,5,37,0),(757,5,34,0),(758,5,38,0),(759,5,39,0),(760,5,43,0),(761,5,44,0),(762,5,45,0),(764,5,50,0),(765,5,51,0),(766,5,53,0),(767,5,48,0),(768,5,54,0),(769,5,66,0),(771,5,109,1),(772,5,55,0),(773,5,56,0),(774,5,57,0),(775,5,58,0),(776,5,74,0),(777,5,75,0),(778,5,80,0),(779,5,83,0),(781,5,71,0),(782,5,73,0),(784,5,85,0),(785,5,87,0),(786,5,88,0),(787,5,95,0),(788,5,1,1),(789,5,40,0),(790,5,41,0),(791,5,42,0),(792,5,46,0),(793,5,47,0),(794,5,52,0),(795,5,59,0),(797,5,62,0),(799,5,67,0),(800,5,68,0),(801,5,69,0),(802,5,70,0),(806,5,90,0),(807,5,91,0),(808,5,96,0),(809,5,97,0),(811,5,107,0),(813,5,110,1),(814,5,111,0),(816,11,113,0),(817,11,114,0),(818,11,115,0),(820,11,19,0),(821,11,99,0),(822,11,100,0),(823,11,101,0),(824,11,102,0),(825,11,103,0),(826,11,104,0),(827,11,16,0),(828,11,18,0),(829,11,20,0),(830,11,86,0),(831,11,98,0),(832,11,2,0),(833,11,3,0),(834,11,6,0),(835,11,9,0),(836,11,12,0),(838,11,32,0),(839,11,35,0),(840,11,36,0),(841,11,37,0),(842,11,34,0),(843,11,38,0),(844,11,39,0),(845,11,43,0),(846,11,44,0),(847,11,45,0),(849,11,50,0),(850,11,51,0),(851,11,53,0),(852,11,48,0),(853,11,54,0),(854,11,66,0),(856,11,109,0),(857,11,55,0),(858,11,56,0),(859,11,57,0),(860,11,58,0),(861,11,74,0),(862,11,75,0),(863,11,80,0),(864,11,83,0),(866,11,71,0),(867,11,73,0),(869,11,85,1),(870,11,87,1),(871,11,88,0),(872,11,95,1),(873,11,1,1),(874,11,40,0),(875,11,41,0),(876,11,42,0),(877,11,46,0),(878,11,47,0),(879,11,52,0),(880,11,59,0),(882,11,62,0),(884,11,67,0),(885,11,68,0),(886,11,69,0),(887,11,70,0),(891,11,90,0),(892,11,91,0),(893,11,96,1),(894,11,97,1),(896,11,107,0),(898,11,110,0),(899,11,111,0),(901,2,113,0),(902,2,114,0),(903,2,115,0),(905,2,19,1),(906,2,99,1),(907,2,100,1),(908,2,101,1),(909,2,102,1),(910,2,103,1),(911,2,104,1),(912,2,16,1),(913,2,18,1),(914,2,20,1),(915,2,86,1),(916,2,98,1),(917,2,2,0),(918,2,3,0),(919,2,6,0),(920,2,9,0),(921,2,12,0),(923,2,32,0),(924,2,35,0),(925,2,36,0),(926,2,37,0),(927,2,34,0),(928,2,38,0),(929,2,39,0),(930,2,43,0),(931,2,44,0),(932,2,45,0),(934,2,50,0),(935,2,51,0),(936,2,53,0),(937,2,48,0),(938,2,54,0),(939,2,66,0),(941,2,109,0),(942,2,55,0),(943,2,56,0),(944,2,57,0),(945,2,58,0),(946,2,74,0),(947,2,75,0),(948,2,80,0),(949,2,83,0),(951,2,71,0),(952,2,73,0),(954,2,85,0),(955,2,87,0),(956,2,88,0),(957,2,95,0),(958,2,1,0),(959,2,40,0),(960,2,41,0),(961,2,42,0),(962,2,46,0),(963,2,47,0),(964,2,52,0),(965,2,59,0),(967,2,62,0),(969,2,67,0),(970,2,68,0),(971,2,69,0),(972,2,70,0),(976,2,90,0),(977,2,91,0),(978,2,96,0),(979,2,97,0),(981,2,107,0),(983,2,110,0),(984,2,111,0),(986,3,113,0),(987,3,114,0),(988,3,115,0),(990,3,19,0),(991,3,99,0),(992,3,100,0),(993,3,101,0),(994,3,102,0),(995,3,103,0),(996,3,104,0),(997,3,16,0),(998,3,18,0),(999,3,20,0),(1000,3,86,0),(1001,3,98,0),(1002,3,2,0),(1003,3,3,0),(1004,3,6,0),(1005,3,9,0),(1006,3,12,0),(1008,3,32,0),(1009,3,35,0),(1010,3,36,0),(1011,3,37,0),(1012,3,34,0),(1013,3,38,0),(1014,3,39,0),(1015,3,43,0),(1016,3,44,0),(1017,3,45,0),(1019,3,50,0),(1020,3,51,0),(1021,3,53,0),(1022,3,48,0),(1023,3,54,0),(1024,3,66,0),(1026,3,109,0),(1027,3,55,1),(1028,3,56,0),(1029,3,57,0),(1030,3,58,1),(1031,3,74,0),(1032,3,75,0),(1033,3,80,0),(1034,3,83,0),(1036,3,71,0),(1037,3,73,0),(1039,3,85,0),(1040,3,87,0),(1041,3,88,0),(1042,3,95,0),(1043,3,1,1),(1044,3,40,0),(1045,3,41,0),(1046,3,42,0),(1047,3,46,0),(1048,3,47,0),(1049,3,52,1),(1050,3,59,1),(1052,3,62,0),(1054,3,67,0),(1055,3,68,0),(1056,3,69,0),(1057,3,70,0),(1061,3,90,0),(1062,3,91,0),(1063,3,96,0),(1064,3,97,0),(1066,3,107,0),(1068,3,110,0),(1069,3,111,0),(1070,1,116,1),(1071,12,116,0),(1072,2,117,1),(1073,2,116,0),(1074,1,117,0),(1088,NULL,113,0),(1089,NULL,114,0),(1090,NULL,115,0),(1091,NULL,19,0),(1092,NULL,99,0),(1093,NULL,100,0),(1094,NULL,101,0),(1095,NULL,102,0),(1096,NULL,103,0),(1097,NULL,104,0),(1098,NULL,16,0),(1099,NULL,18,0),(1100,NULL,20,0),(1101,NULL,86,0),(1102,NULL,98,0),(1103,NULL,2,0),(1104,NULL,3,0),(1105,NULL,6,0),(1106,NULL,9,0),(1107,NULL,12,0),(1108,NULL,32,0),(1109,NULL,35,0),(1110,NULL,36,0),(1111,NULL,37,0),(1112,NULL,34,0),(1113,NULL,38,0),(1114,NULL,39,0),(1115,NULL,43,1),(1116,NULL,44,1),(1117,NULL,45,1),(1118,NULL,50,0),(1119,NULL,51,0),(1120,NULL,53,0),(1121,NULL,48,0),(1122,NULL,54,0),(1123,NULL,66,0),(1125,NULL,109,0),(1126,NULL,55,1),(1127,NULL,56,1),(1128,NULL,57,1),(1129,NULL,58,0),(1130,NULL,74,1),(1131,NULL,75,1),(1132,NULL,80,1),(1133,NULL,83,1),(1134,NULL,71,0),(1135,NULL,73,0),(1136,NULL,85,0),(1137,NULL,87,0),(1138,NULL,88,0),(1139,NULL,95,0),(1140,NULL,1,1),(1141,NULL,40,1),(1142,NULL,41,1),(1143,NULL,42,1),(1144,NULL,46,1),(1145,NULL,47,1),(1146,NULL,52,1),(1147,NULL,59,1),(1148,NULL,62,1),(1149,NULL,67,0),(1150,NULL,68,0),(1151,NULL,69,0),(1152,NULL,70,0),(1153,NULL,90,0),(1154,NULL,91,0),(1155,NULL,96,0),(1156,NULL,97,0),(1157,NULL,107,1),(1158,NULL,110,0),(1159,NULL,111,0),(1160,1,118,0),(1161,3,117,0),(1162,3,116,0),(1163,3,118,0),(1164,12,117,0),(1165,12,118,1),(1166,1,119,1),(1167,3,119,0),(1168,16,19,0),(1169,16,99,0),(1170,16,100,0),(1171,16,101,0),(1172,16,102,0),(1173,16,103,0),(1174,16,104,0),(1175,16,117,0),(1176,16,2,0),(1177,16,6,1),(1178,16,9,1),(1179,16,12,0),(1180,16,43,1),(1181,16,44,1),(1182,16,45,1),(1183,16,53,1),(1184,16,48,1),(1185,16,66,1),(1187,16,55,1),(1188,16,56,0),(1189,16,57,0),(1190,16,58,1),(1191,16,74,0),(1192,16,75,0),(1193,16,80,0),(1194,16,83,0),(1195,16,116,0),(1196,16,1,1),(1197,16,3,1),(1198,16,16,0),(1199,16,18,0),(1200,16,20,0),(1201,16,40,1),(1202,16,41,1),(1203,16,42,1),(1204,16,46,1),(1205,16,47,1),(1206,16,52,1),(1207,16,54,1),(1208,16,59,1),(1209,16,62,0),(1210,16,67,0),(1211,16,68,0),(1212,16,69,0),(1213,16,70,0),(1214,16,85,0),(1215,16,86,0),(1216,16,87,0),(1217,16,88,0),(1218,16,90,0),(1219,16,91,0),(1220,16,95,0),(1221,16,96,0),(1222,16,97,0),(1223,16,98,0),(1224,16,107,0),(1225,16,109,1),(1226,16,110,0),(1227,16,111,0),(1228,16,113,0),(1229,16,114,0),(1230,16,115,0),(1231,16,118,0),(1232,16,119,0),(1233,19,19,0),(1234,19,99,0),(1235,19,100,0),(1236,19,101,0),(1237,19,102,0),(1238,19,103,0),(1239,19,104,0),(1240,19,117,0),(1241,19,2,0),(1242,19,6,0),(1243,19,9,0),(1244,19,12,0),(1245,19,43,0),(1246,19,44,0),(1247,19,45,0),(1248,19,53,0),(1249,19,48,0),(1250,19,66,0),(1252,19,55,1),(1253,19,56,0),(1254,19,57,0),(1255,19,58,1),(1256,19,74,0),(1257,19,75,0),(1258,19,80,0),(1259,19,83,0),(1260,19,116,0),(1261,19,1,1),(1262,19,3,0),(1263,19,16,0),(1264,19,18,0),(1265,19,20,0),(1266,19,40,0),(1267,19,41,0),(1268,19,42,0),(1269,19,46,0),(1270,19,47,0),(1271,19,52,0),(1272,19,54,0),(1273,19,59,0),(1274,19,62,0),(1275,19,67,0),(1276,19,68,0),(1277,19,69,0),(1278,19,70,0),(1279,19,85,0),(1280,19,86,0),(1281,19,87,0),(1282,19,88,0),(1283,19,90,0),(1284,19,91,0),(1285,19,95,0),(1286,19,96,0),(1287,19,97,0),(1288,19,98,0),(1289,19,107,0),(1290,19,109,0),(1291,19,110,0),(1292,19,111,0),(1293,19,113,0),(1294,19,114,0),(1295,19,115,0),(1296,19,118,0),(1297,19,119,0),(1298,19,120,1),(1299,19,121,1),(1300,19,122,1),(1301,1,120,0),(1302,1,121,1),(1303,1,122,1),(1304,1,123,1),(1305,6,19,0),(1306,6,99,0),(1307,6,100,0),(1308,6,101,0),(1309,6,102,0),(1310,6,103,0),(1311,6,104,0),(1312,6,117,0),(1313,6,2,0),(1314,6,6,0),(1315,6,9,0),(1316,6,12,0),(1317,6,43,0),(1318,6,44,0),(1319,6,45,0),(1320,6,53,0),(1321,6,48,0),(1322,6,66,0),(1324,6,55,0),(1325,6,56,0),(1326,6,57,0),(1327,6,58,0),(1328,6,74,0),(1329,6,75,0),(1330,6,80,0),(1331,6,83,0),(1332,6,116,0),(1333,6,1,0),(1334,6,3,0),(1335,6,16,0),(1336,6,18,0),(1337,6,20,0),(1338,6,40,0),(1339,6,41,0),(1340,6,42,0),(1341,6,46,0),(1342,6,47,0),(1343,6,52,0),(1344,6,54,0),(1345,6,59,0),(1346,6,62,0),(1347,6,67,0),(1348,6,68,0),(1349,6,69,0),(1350,6,70,0),(1351,6,85,0),(1352,6,86,0),(1353,6,87,0),(1354,6,88,0),(1355,6,90,0),(1356,6,91,0),(1357,6,95,0),(1358,6,96,0),(1359,6,97,0),(1360,6,98,0),(1361,6,107,0),(1362,6,109,0),(1363,6,110,0),(1364,6,111,0),(1365,6,113,0),(1366,6,114,0),(1367,6,115,0),(1368,6,118,0),(1369,6,119,0),(1370,6,120,0),(1371,6,121,0),(1372,6,122,0),(1373,6,123,0),(1374,1,124,1),(1375,1,125,0),(1376,16,124,1),(1377,16,125,0),(1378,16,120,0),(1379,16,121,0),(1380,16,122,0),(1381,16,123,1),(1382,26,19,0),(1383,26,99,0),(1384,26,100,0),(1385,26,101,0),(1386,26,102,0),(1387,26,103,0),(1388,26,104,0),(1389,26,117,0),(1390,26,2,0),(1391,26,6,0),(1392,26,9,0),(1393,26,12,0),(1394,26,43,1),(1395,26,44,1),(1396,26,45,1),(1397,26,53,0),(1398,26,48,0),(1399,26,66,0),(1401,26,55,0),(1402,26,56,0),(1403,26,57,0),(1404,26,58,0),(1405,26,74,0),(1406,26,75,0),(1407,26,80,0),(1408,26,83,0),(1409,26,116,0),(1410,26,124,0),(1411,26,125,0),(1412,26,1,1),(1413,26,3,0),(1414,26,16,0),(1415,26,18,0),(1416,26,20,0),(1417,26,40,0),(1418,26,41,1),(1419,26,42,1),(1420,26,46,1),(1421,26,47,0),(1422,26,52,1),(1423,26,54,1),(1424,26,59,1),(1425,26,62,0),(1426,26,67,0),(1427,26,68,0),(1428,26,69,0),(1429,26,70,0),(1430,26,85,0),(1431,26,86,0),(1432,26,87,0),(1433,26,88,0),(1434,26,90,0),(1435,26,91,0),(1436,26,95,0),(1437,26,96,0),(1438,26,97,0),(1439,26,98,0),(1440,26,107,0),(1441,26,109,0),(1442,26,110,0),(1443,26,111,0),(1444,26,113,0),(1445,26,114,0),(1446,26,115,0),(1447,26,118,0),(1448,26,119,0),(1449,26,120,0),(1450,26,121,0),(1451,26,122,0),(1452,26,123,0),(1453,20,19,0),(1454,20,99,0),(1455,20,100,0),(1456,20,101,0),(1457,20,102,0),(1458,20,103,0),(1459,20,104,0),(1460,20,117,0),(1461,20,2,0),(1462,20,6,0),(1463,20,9,0),(1464,20,12,0),(1465,20,43,1),(1466,20,44,1),(1467,20,45,1),(1468,20,53,0),(1469,20,48,0),(1470,20,66,0),(1472,20,55,0),(1473,20,56,0),(1474,20,57,0),(1475,20,58,0),(1476,20,74,0),(1477,20,75,0),(1478,20,80,0),(1479,20,83,0),(1480,20,116,0),(1481,20,124,0),(1482,20,125,0),(1483,20,1,1),(1484,20,3,0),(1485,20,16,0),(1486,20,18,0),(1487,20,20,0),(1488,20,40,0),(1489,20,41,1),(1490,20,42,1),(1491,20,46,1),(1492,20,47,0),(1493,20,52,1),(1494,20,54,1),(1495,20,59,1),(1496,20,62,0),(1497,20,67,0),(1498,20,68,0),(1499,20,69,0),(1500,20,70,0),(1501,20,85,0),(1502,20,86,0),(1503,20,87,0),(1504,20,88,0),(1505,20,90,0),(1506,20,91,0),(1507,20,95,0),(1508,20,96,0),(1509,20,97,0),(1510,20,98,0),(1511,20,107,0),(1512,20,109,0),(1513,20,110,0),(1514,20,111,0),(1515,20,113,0),(1516,20,114,0),(1517,20,115,0),(1518,20,118,0),(1519,20,119,0),(1520,20,120,0),(1521,20,121,0),(1522,20,122,0),(1523,20,123,0),(1524,22,43,1),(1525,22,44,1),(1526,22,45,1),(1527,22,1,1),(1528,22,42,1),(1529,22,46,1),(1530,22,41,1),(1531,22,52,1),(1532,22,54,1),(1533,22,59,1),(1534,22,119,0),(1535,24,43,1),(1536,24,44,1),(1537,24,45,1),(1538,24,1,1),(1539,24,41,1),(1540,24,42,1),(1541,24,46,1),(1542,24,52,1),(1543,24,54,1),(1544,24,59,1),(1545,21,43,1),(1546,21,44,1),(1547,21,45,1),(1548,21,1,1),(1549,21,41,1),(1550,21,42,1),(1551,21,46,1),(1552,21,52,1),(1553,21,54,1),(1554,21,59,1),(1555,23,43,1),(1556,23,44,1),(1557,23,45,1),(1558,23,1,1),(1559,23,41,1),(1560,23,42,1),(1561,23,46,1),(1562,23,52,1),(1563,23,54,1),(1564,23,59,1),(1565,25,43,1),(1566,25,44,1),(1567,25,45,1),(1568,25,1,1),(1569,25,41,1),(1570,25,42,1),(1571,25,46,1),(1572,25,52,1),(1573,25,54,1),(1574,25,59,1),(1575,27,43,1),(1576,27,44,1),(1577,27,45,1),(1578,27,1,1),(1579,27,41,1),(1580,27,42,1),(1581,27,46,1),(1582,27,52,1),(1583,27,54,1),(1584,27,59,1),(1585,28,44,1),(1586,28,45,1),(1587,28,1,1),(1588,28,40,1),(1589,28,41,1),(1590,28,42,1),(1591,28,46,1),(1592,29,44,1),(1593,29,45,1),(1594,29,43,1),(1595,29,1,1),(1596,29,42,1),(1597,29,46,1),(1598,29,40,1),(1599,29,41,1),(1600,24,40,1),(1601,29,54,1),(1602,29,59,1),(1603,28,52,1),(1604,28,54,1),(1605,28,59,1),(1606,30,43,1),(1607,30,44,1),(1608,30,45,1),(1609,30,1,1),(1610,30,40,1),(1611,30,41,1),(1612,30,42,1),(1613,30,46,1),(1614,30,52,1),(1615,30,54,1),(1616,30,59,1),(1617,31,43,1),(1618,31,44,1),(1619,31,45,1),(1620,31,1,1),(1621,31,40,1),(1622,31,41,1),(1623,31,42,1),(1624,31,46,1),(1625,31,52,1),(1626,31,54,1),(1627,23,40,1),(1628,31,59,1),(1629,32,44,1),(1630,32,43,1),(1631,32,45,1),(1632,32,1,1),(1633,32,40,1),(1634,32,41,1),(1635,32,42,1),(1636,32,46,1),(1637,32,52,1),(1638,32,54,1),(1639,32,59,1),(1640,33,43,1),(1641,33,44,1),(1642,33,45,1),(1643,33,1,1),(1644,33,40,1),(1645,33,41,1),(1646,33,42,1),(1647,33,46,1),(1648,33,47,0),(1649,33,52,1),(1650,33,54,1),(1651,33,59,1),(1652,34,43,1),(1653,34,44,1),(1654,34,45,1),(1655,34,1,1),(1656,34,40,1),(1657,34,41,1),(1658,34,42,1),(1659,34,46,1),(1660,34,52,1),(1661,34,54,1),(1662,35,43,1),(1663,35,44,1),(1664,35,45,1),(1665,35,1,1),(1666,35,41,1),(1667,35,42,1),(1668,35,46,1),(1669,35,47,1),(1670,35,52,1),(1671,35,54,1),(1672,35,40,1),(1673,36,1,1),(1674,36,40,1),(1675,36,41,1),(1676,36,42,1),(1677,36,46,1),(1678,36,47,1),(1679,36,52,1),(1680,36,54,1),(1681,36,59,1),(1682,37,43,1),(1683,37,44,1),(1684,37,45,1),(1685,37,1,1),(1686,37,40,1),(1687,37,41,1),(1688,37,42,1),(1689,37,46,1),(1690,37,52,1),(1691,37,54,1),(1692,37,47,1),(1693,37,55,1),(1694,34,59,1),(1695,22,40,1),(1696,38,43,1),(1697,38,44,1),(1698,38,45,1),(1699,38,1,1),(1700,38,40,1),(1701,38,41,1),(1702,38,42,1),(1703,38,46,1),(1704,38,47,0),(1705,38,52,1),(1706,38,54,1),(1707,38,59,1),(1708,40,43,1),(1709,40,44,1),(1710,40,45,1),(1711,40,1,1),(1712,40,40,1),(1713,40,41,1),(1714,40,42,1),(1715,40,46,1),(1716,40,52,1),(1717,40,54,1),(1718,40,59,1),(1719,39,110,1),(1720,39,109,1);

--
-- Table structure for table `awroleposition`
--

CREATE TABLE `awroleposition` (
  `id` int(11) NOT NULL AUTO_INCREMENT,
  `roleid` int(11) DEFAULT NULL,
  `name` varchar(255) COLLATE utf8mb4_unicode_ci DEFAULT NULL,
  PRIMARY KEY (`id`) USING BTREE
) ENGINE=InnoDB AUTO_INCREMENT=6 DEFAULT CHARSET=utf8mb4 COLLATE=utf8mb4_unicode_ci ROW_FORMAT=COMPACT;

--
-- Dumping data for table `awroleposition`
--

INSERT INTO `awroleposition` VALUES (1,4,'Council Amin'),(2,4,'Council Head'),(3,4,'Council Staff'),(4,5,'Sonographer'),(5,5,'Supervisor');

--
-- Table structure for table `awrolespecialize`
--

CREATE TABLE `awrolespecialize` (
  `id` int(11) NOT NULL AUTO_INCREMENT,
  `roleid` int(11) DEFAULT NULL,
  `name` varchar(255) COLLATE utf8mb4_unicode_ci DEFAULT NULL,
  PRIMARY KEY (`id`) USING BTREE
) ENGINE=InnoDB AUTO_INCREMENT=5 DEFAULT CHARSET=utf8mb4 COLLATE=utf8mb4_unicode_ci ROW_FORMAT=COMPACT;

--
-- Dumping data for table `awrolespecialize`
--

INSERT INTO `awrolespecialize` VALUES (1,4,'Anasthests'),(2,6,'Anasthests'),(3,4,'operation'),(4,6,'operation');

--
-- Table structure for table `bcomments`
--

CREATE TABLE `bcomments` (
  `id` int(11) NOT NULL AUTO_INCREMENT,
  `memberid` int(11) NOT NULL,
  `requestid` int(11) NOT NULL,
  `comment` text NOT NULL,
  `relatedcommentid` int(11) NOT NULL,
  PRIMARY KEY (`id`) USING BTREE
) ENGINE=InnoDB DEFAULT CHARSET=latin1 ROW_FORMAT=COMPACT;

--
-- Dumping data for table `bcomments`
--


--
-- Table structure for table `bloodtypes`
--

CREATE TABLE `bloodtypes` (
  `id` int(11) NOT NULL AUTO_INCREMENT,
  `title` varchar(40) NOT NULL,
  `del` int(11) unsigned DEFAULT NULL,
  PRIMARY KEY (`id`) USING BTREE
) ENGINE=InnoDB AUTO_INCREMENT=9 DEFAULT CHARSET=latin1 ROW_FORMAT=COMPACT;

--
-- Dumping data for table `bloodtypes`
--

INSERT INTO `bloodtypes` VALUES (1,'A+ ve',NULL),(2,'A- ve',NULL),(3,'B+ ve',NULL),(4,'B- ve',NULL),(5,'AB+ ve',NULL),(6,'AB- ve',NULL),(7,'O+ ve ',NULL),(8,'O- ve',NULL);

--
-- Table structure for table `bmemberopenion`
--

CREATE TABLE `bmemberopenion` (
  `id` int(11) unsigned NOT NULL AUTO_INCREMENT,
  `requestid` int(11) unsigned DEFAULT NULL,
  `sessionmemberid` int(11) unsigned DEFAULT NULL,
  `openion` int(11) unsigned DEFAULT NULL,
  PRIMARY KEY (`id`) USING BTREE
) ENGINE=InnoDB DEFAULT CHARSET=utf8mb4 COLLATE=utf8mb4_unicode_ci ROW_FORMAT=COMPACT;

--
-- Dumping data for table `bmemberopenion`
--


--
-- Table structure for table `bsession`
--

CREATE TABLE `bsession` (
  `id` int(11) NOT NULL AUTO_INCREMENT,
  `date` date DEFAULT NULL,
  `status` int(11) NOT NULL,
  `memberid` int(11) unsigned DEFAULT NULL,
  PRIMARY KEY (`id`) USING BTREE
) ENGINE=InnoDB DEFAULT CHARSET=latin1 ROW_FORMAT=COMPACT;

--
-- Dumping data for table `bsession`
--


--
-- Table structure for table `cathetr`
--

CREATE TABLE `cathetr` (
  `id` int(11) NOT NULL AUTO_INCREMENT,
  `cathetr` varchar(255) CHARACTER SET utf8 DEFAULT NULL,
  PRIMARY KEY (`id`) USING BTREE
) ENGINE=InnoDB AUTO_INCREMENT=75 DEFAULT CHARSET=utf8mb4 COLLATE=utf8mb4_unicode_ci ROW_FORMAT=COMPACT;

--
-- Dumping data for table `cathetr`
--

INSERT INTO `cathetr` VALUES (74,'Labotect');

--
-- Table structure for table `clinic_reserves`
--

CREATE TABLE `clinic_reserves` (
  `id` int(11) NOT NULL AUTO_INCREMENT,
  `room_id` int(11) DEFAULT '0',
  `doctor_id` int(11) DEFAULT '0',
  `reserve_day_no` varchar(10) DEFAULT NULL,
  `reserve_hour` varchar(99) DEFAULT NULL,
  `start_date` date DEFAULT NULL,
  `cancel_date` date DEFAULT NULL,
  `user_id` int(11) DEFAULT '0',
  `sys_date` datetime DEFAULT NULL,
  `is_active` int(11) DEFAULT '1',
  `deleted` int(11) DEFAULT '0',
  PRIMARY KEY (`id`)
) ENGINE=MyISAM AUTO_INCREMENT=722 DEFAULT CHARSET=latin1;

--
-- Dumping data for table `clinic_reserves`
--

INSERT INTO `clinic_reserves` VALUES (431,4,10,'5','18:00','2021-08-28',NULL,4,'2021-08-28 08:29:51',1,0),(430,4,10,'5','17:00','2021-08-28','2023-01-31',4,'2021-08-28 08:29:51',0,1),(429,4,10,'4','21:00','2021-08-24','2021-08-29',18,'2021-08-24 12:07:41',0,1),(428,4,10,'1','21:00','2021-08-21','2021-08-29',4,'2021-08-21 08:20:02',0,1),(427,20,28,'1','15:00','2021-08-21','2021-08-21',4,'2021-08-21 02:04:46',0,1),(15,10,18,'7','12:00','2021-06-01',NULL,1,'2021-03-15 08:18:59',1,0),(16,10,18,'7','13:00','2021-06-01',NULL,1,'2021-03-15 08:18:59',1,0),(17,10,18,'7','14:00','2021-06-01',NULL,1,'2021-03-15 08:18:59',1,0),(18,10,18,'7','15:00','2021-06-01',NULL,1,'2021-03-15 08:18:59',1,0),(426,22,24,'6','14:00','2021-08-18','2021-08-29',4,'2021-08-18 03:47:22',0,1),(425,22,24,'5','14:00','2021-08-18','2021-08-18',4,'2021-08-18 03:32:07',0,1),(424,21,24,'5','14:00','2021-08-18','2021-08-18',4,'2021-08-18 03:31:46',0,1),(422,4,10,'4','21:00','2021-08-17','2021-08-18',4,'2021-08-17 09:12:15',0,1),(421,21,45,'5','22:00','2021-08-15',NULL,4,'2021-08-15 04:05:43',1,0),(396,7,28,'6','20:00','2021-07-31','2021-07-31',4,'2021-07-31 02:43:05',0,1),(389,20,24,'6','15:00','2021-07-29','2021-07-29',4,'2021-07-29 05:51:12',0,1),(411,6,44,'5','18:00','2021-08-03','2022-08-08',4,'2021-08-03 10:30:20',0,1),(412,6,44,'5','19:00','2021-08-03','2022-08-08',4,'2021-08-03 10:30:20',0,1),(413,22,37,'2','18:00','2021-08-07','2022-05-14',4,'2021-08-07 06:57:52',0,1),(418,22,45,'4','21:00','2021-08-15',NULL,4,'2021-08-15 04:05:37',1,0),(416,22,45,'2','21:00','2021-08-15',NULL,4,'2021-08-15 04:05:32',1,0),(415,22,45,'1','22:00','2021-08-15','2025-10-19',4,'2021-08-15 04:05:25',0,1),(414,22,45,'1','21:00','2021-08-15','2025-10-19',4,'2021-08-15 04:05:25',0,1),(410,6,44,'2','19:00','2021-08-03','2021-10-02',4,'2021-08-03 10:30:10',0,1),(319,21,31,'6','19:00','2021-06-19','2023-01-31',4,'2021-06-19 08:15:48',0,1),(423,4,10,'4','22:00','2021-08-17','2021-08-18',4,'2021-08-17 09:12:15',0,1),(406,22,29,'2','22:00','2021-08-01','2021-08-03',4,'2021-08-01 10:02:20',0,1),(403,21,41,'2','21:00','2021-08-01','2021-08-03',4,'2021-08-01 08:52:12',0,1),(402,21,41,'1','22:00','2021-07-31','2021-08-01',4,'2021-07-31 09:18:24',0,1),(398,1,40,'2','13:00','2021-07-31','2021-08-01',4,'2021-07-31 06:12:49',0,1),(397,21,28,'1','20:00','2021-07-31','2021-07-31',4,'2021-07-31 02:46:57',0,1),(395,22,40,'1','13:00','2021-07-30','2021-08-01',4,'2021-07-30 11:58:23',0,1),(392,7,40,'1','12:00','2021-07-30','2021-07-30',4,'2021-07-30 11:58:23',0,1),(391,7,40,'1','13:00','2021-07-30','2021-07-30',4,'2021-07-30 11:58:08',0,1),(390,7,40,'1','12:00','2021-07-30','2021-07-30',4,'2021-07-30 11:58:08',0,1),(388,6,39,'4','18:00','2021-07-29','2021-08-03',4,'2021-07-29 02:22:34',0,1),(387,6,39,'4','17:00','2021-07-29','2021-08-03',4,'2021-07-29 02:22:34',0,1),(386,7,39,'5','18:00','2021-07-29','2023-01-31',4,'2021-07-29 02:21:54',0,1),(384,1,19,'1','12:00','2021-07-25','2021-07-31',5,'2021-07-25 12:08:02',0,1),(376,22,38,'3','20:00','2021-07-05',NULL,4,'2021-07-05 03:43:30',1,0),(375,20,37,'1','15:00','2021-06-30','2021-08-07',4,'2021-06-30 08:39:56',0,1),(374,20,37,'1','14:00','2021-06-30','2021-08-07',4,'2021-06-30 08:39:56',0,1),(371,22,37,'2','20:00','2021-06-29','2023-01-31',4,'2021-06-29 05:12:38',0,1),(370,22,37,'2','19:00','2021-06-29','2023-01-31',4,'2021-06-29 05:12:38',0,1),(363,21,35,'5','16:00','2021-06-23','2023-01-31',4,'2021-06-23 02:39:06',0,1),(362,21,35,'5','15:00','2021-06-23','2023-01-31',4,'2021-06-23 02:39:05',0,1),(361,22,35,'4','18:00','2021-06-23','2023-01-31',4,'2021-06-23 02:38:44',0,1),(360,22,35,'4','17:00','2021-06-23','2023-01-31',4,'2021-06-23 02:38:44',0,1),(417,22,45,'2','22:00','2021-08-15',NULL,4,'2021-08-15 04:05:32',1,0),(321,20,26,'2','21:00','2021-06-19','2021-10-04',4,'2021-06-19 08:16:43',0,1),(322,20,24,'1','20:00','2021-06-19','2021-08-18',4,'2021-06-19 08:17:59',0,1),(323,20,24,'1','21:00','2021-06-19','2021-08-18',4,'2021-06-19 08:17:59',0,1),(409,6,44,'2','18:00','2021-08-03','2021-10-02',4,'2021-08-03 10:30:10',0,1),(407,7,39,'4','17:00','2021-08-03','2023-01-31',4,'2021-08-03 03:18:46',0,1),(399,1,40,'2','14:00','2021-07-31','2021-08-01',4,'2021-07-31 06:12:49',0,1),(401,21,41,'1','21:00','2021-07-31','2021-08-01',4,'2021-07-31 08:12:04',0,1),(400,21,41,'1','20:00','2021-07-31','2021-07-31',4,'2021-07-31 08:12:04',0,1),(354,21,35,'2','15:00','2021-06-23','2023-01-31',4,'2021-06-23 02:37:59',0,1),(351,21,35,'1','16:00','2021-06-23','2023-01-31',4,'2021-06-23 02:37:38',0,1),(350,21,35,'1','15:00','2021-06-23','2025-10-19',4,'2021-06-23 02:37:38',0,1),(349,20,34,'4','13:00','2021-06-23','2022-01-25',4,'2021-06-23 02:31:30',0,1),(330,21,29,'4','15:00','2021-06-19','2023-01-31',4,'2021-06-19 08:20:09',0,1),(316,20,29,'4','14:00','2021-06-19','2021-06-19',4,'2021-06-19 05:36:11',0,1),(317,21,31,'2','19:00','2021-06-19','2023-01-31',4,'2021-06-19 08:15:30',0,1),(393,7,40,'1','13:00','2021-07-30','2021-07-30',4,'2021-07-30 11:58:23',0,1),(394,22,40,'1','12:00','2021-07-30','2021-08-01',4,'2021-07-30 11:58:23',0,1),(314,20,29,'4','14:00','2021-06-19','2021-06-19',4,'2021-06-19 05:36:07',0,1),(342,20,33,'3','20:00','2021-06-23',NULL,4,'2021-06-23 02:27:07',1,0),(385,7,39,'5','17:00','2021-07-29',NULL,4,'2021-07-29 02:21:54',1,0),(383,2,39,'5','18:00','2021-07-18','2021-07-29',4,'2021-07-18 08:30:48',0,1),(382,2,39,'5','17:00','2021-07-18','2021-07-29',4,'2021-07-18 08:30:48',0,1),(381,2,39,'4','18:00','2021-07-18','2021-07-29',4,'2021-07-18 08:30:33',0,1),(380,2,39,'4','17:00','2021-07-18','2021-07-29',4,'2021-07-18 08:30:33',0,1),(379,22,38,'6','21:00','2021-07-05',NULL,4,'2021-07-05 03:43:40',1,0),(378,22,38,'6','20:00','2021-07-05',NULL,4,'2021-07-05 03:43:40',1,0),(377,22,38,'3','21:00','2021-07-05',NULL,4,'2021-07-05 03:43:30',1,0),(373,21,37,'5','20:00','2021-06-29','2023-01-31',4,'2021-06-29 05:12:39',0,1),(372,21,37,'5','19:00','2021-06-29','2023-01-31',4,'2021-06-29 05:12:39',0,1),(368,21,37,'5','19:00','2021-06-29','2023-01-31',4,'2021-06-29 05:12:23',0,1),(367,22,13,'1','18:00','2021-06-23','2025-10-19',4,'2021-06-23 02:39:52',0,1),(366,22,13,'1','17:00','2021-06-23','2025-10-19',4,'2021-06-23 02:39:52',0,1),(365,21,35,'5','18:00','2021-06-23',NULL,4,'2021-06-23 02:39:06',1,0),(364,21,35,'5','17:00','2021-06-23','2023-01-31',4,'2021-06-23 02:39:06',0,1),(336,5,32,'2','15:00','2021-06-23','2023-01-31',4,'2021-06-23 02:18:43',0,1),(333,7,8,'1','21:00','2021-06-21','2025-10-19',4,'2021-06-21 10:18:11',0,1),(331,21,29,'4','16:00','2021-06-19','2023-01-31',4,'2021-06-19 08:20:09',0,1),(329,21,29,'2','16:00','2021-06-19','2021-06-19',4,'2021-06-19 08:19:05',0,1),(328,21,29,'2','15:00','2021-06-19','2021-06-19',4,'2021-06-19 08:19:05',0,1),(327,20,24,'6','21:00','2021-06-19','2023-01-31',4,'2021-06-19 08:18:15',0,1),(325,20,24,'4','21:00','2021-06-19','2023-01-31',4,'2021-06-19 08:18:06',0,1),(420,21,45,'5','21:00','2021-08-15',NULL,4,'2021-08-15 04:05:43',1,0),(419,22,45,'4','22:00','2021-08-15',NULL,4,'2021-08-15 04:05:37',1,0),(359,22,35,'4','16:00','2021-06-23',NULL,4,'2021-06-23 02:38:44',1,0),(358,22,35,'4','15:00','2021-06-23','2023-01-31',4,'2021-06-23 02:38:44',0,1),(324,20,24,'4','20:00','2021-06-19','2023-01-31',4,'2021-06-19 08:18:06',0,1),(357,21,35,'2','18:00','2021-06-23','2023-01-31',4,'2021-06-23 02:37:59',0,1),(356,21,35,'2','17:00','2021-06-23','2023-01-31',4,'2021-06-23 02:37:59',0,1),(355,21,35,'2','16:00','2021-06-23',NULL,4,'2021-06-23 02:37:59',1,0),(320,20,26,'2','20:00','2021-06-19','2021-10-04',4,'2021-06-19 08:16:12',0,1),(353,21,35,'1','18:00','2021-06-23','2023-01-31',4,'2021-06-23 02:37:38',0,1),(352,21,35,'1','17:00','2021-06-23','2023-01-31',4,'2021-06-23 02:37:38',0,1),(405,21,41,'2','23:00','2021-08-01','2021-08-03',4,'2021-08-01 08:52:12',0,1),(404,21,41,'2','22:00','2021-08-01','2021-08-03',4,'2021-08-01 08:52:12',0,1),(318,21,31,'4','19:00','2021-06-19','2023-01-31',4,'2021-06-19 08:15:41',0,1),(348,20,34,'4','12:00','2021-06-23','2022-01-25',4,'2021-06-23 02:31:30',0,1),(347,21,33,'6','21:00','2021-06-23',NULL,4,'2021-06-23 02:28:58',1,0),(346,21,33,'6','20:00','2021-06-23',NULL,4,'2021-06-23 02:28:58',1,0),(345,21,33,'4','21:00','2021-06-23',NULL,4,'2021-06-23 02:28:49',1,0),(344,21,33,'4','20:00','2021-06-23',NULL,4,'2021-06-23 02:28:49',1,0),(343,20,33,'3','21:00','2021-06-23',NULL,4,'2021-06-23 02:27:07',1,0),(315,20,29,'4','15:00','2021-06-19','2021-06-19',4,'2021-06-19 05:36:07',0,1),(341,5,32,'5','22:00','2021-06-23','2023-01-31',4,'2021-06-23 02:19:11',0,1),(340,5,32,'5','21:00','2021-06-23','2023-01-31',4,'2021-06-23 02:19:11',0,1),(339,5,32,'4','16:00','2021-06-23','2023-01-31',4,'2021-06-23 02:19:01',0,1),(338,5,32,'4','15:00','2021-06-23','2023-01-31',4,'2021-06-23 02:19:01',0,1),(337,5,32,'2','16:00','2021-06-23','2023-01-31',4,'2021-06-23 02:18:43',0,1),(335,7,8,'3','21:00','2021-06-21',NULL,4,'2021-06-21 10:18:30',1,0),(334,7,8,'3','20:00','2021-06-21',NULL,4,'2021-06-21 10:18:30',1,0),(332,7,8,'1','20:00','2021-06-21','2025-10-19',4,'2021-06-21 10:18:11',0,1),(326,20,24,'6','20:00','2021-06-19','2023-01-31',4,'2021-06-19 08:18:15',0,1),(313,20,29,'4','15:00','2021-06-19','2021-06-19',4,'2021-06-19 05:35:56',0,1),(312,20,29,'2','17:00','2021-06-19','2023-01-31',4,'2021-06-19 05:35:30',0,1),(311,20,29,'2','16:00','2021-06-19','2023-01-31',4,'2021-06-19 05:35:30',0,1),(310,20,29,'2','17:00','2021-06-19','2023-01-31',4,'2021-06-19 05:35:26',0,1),(309,20,29,'2','16:00','2021-06-19','2023-01-31',4,'2021-06-19 05:35:26',0,1),(307,20,24,'6','16:00','2021-06-19','2021-06-23',4,'2021-06-19 05:34:51',0,1),(303,20,24,'1','16:00','2021-06-19','2023-01-31',4,'2021-06-19 05:34:31',0,1),(301,21,27,'3','19:00','2021-06-19',NULL,4,'2021-06-19 05:33:43',1,0),(298,20,28,'5','19:00','2021-06-20',NULL,4,'2021-06-19 05:15:50',1,0),(300,20,28,'6','19:00','2021-06-20',NULL,4,'2021-06-19 05:15:55',1,0),(299,20,28,'6','18:00','2021-06-20',NULL,4,'2021-06-19 05:15:55',1,0),(297,20,28,'5','18:00','2021-06-20',NULL,4,'2021-06-19 05:15:50',1,0),(190,5,7,'1','20:00','2021-06-01','2023-01-31',4,'2021-05-17 02:47:31',0,1),(191,5,7,'1','21:00','2021-06-01','2023-01-31',4,'2021-05-17 02:47:31',0,1),(192,5,7,'1','22:00','2021-06-01','2021-08-03',4,'2021-05-17 02:47:31',0,1),(193,5,7,'1','23:00','2021-06-01','2021-08-03',4,'2021-05-17 02:47:31',0,1),(194,6,17,'1','12:00','2021-06-01','2022-05-14',4,'2021-05-17 02:47:54',0,1),(195,6,17,'1','13:00','2021-06-01','2022-05-14',4,'2021-05-17 02:47:54',0,1),(196,7,8,'1','14:00','2021-06-01','2021-06-21',4,'2021-05-17 02:48:14',0,1),(197,7,8,'1','15:00','2021-06-01','2021-06-21',4,'2021-05-17 02:48:14',0,1),(369,21,37,'5','20:00','2021-06-29','2023-01-31',4,'2021-06-29 05:12:23',0,1),(296,20,28,'4','19:00','2021-06-20','2023-01-31',4,'2021-06-19 05:15:42',0,1),(199,4,11,'2','14:00','2021-06-01','2021-10-26',4,'2021-05-17 02:48:48',0,1),(295,20,28,'4','18:00','2021-06-20','2023-01-31',4,'2021-06-19 05:15:42',0,1),(202,4,10,'2','17:00','2021-06-01','2023-01-31',4,'2021-05-17 02:49:06',0,1),(204,6,6,'2','20:00','2021-06-01','2022-05-14',4,'2021-05-17 02:49:40',0,1),(305,20,24,'4','16:00','2021-06-19','2021-08-18',4,'2021-06-19 05:34:41',0,1),(304,20,24,'1','17:00','2021-06-19','2023-01-31',4,'2021-06-19 05:34:31',0,1),(302,21,27,'3','20:00','2021-06-19',NULL,4,'2021-06-19 05:33:43',1,0),(205,3,12,'3','16:00','2021-06-01','2021-10-07',4,'2021-05-17 02:51:01',0,1),(206,3,12,'3','17:00','2021-06-01','2021-10-07',4,'2021-05-17 02:51:01',0,1),(207,3,12,'3','18:00','2021-06-01','2021-10-07',4,'2021-05-17 02:51:01',0,1),(208,4,13,'3','16:00','2021-06-01','2021-06-05',4,'2021-05-17 02:53:46',0,1),(209,4,13,'3','17:00','2021-06-01','2021-06-05',4,'2021-05-17 02:53:46',0,1),(210,5,7,'3','12:00','2021-06-01','2021-08-31',4,'2021-05-17 02:54:07',0,1),(211,5,7,'3','13:00','2021-06-01','2021-08-31',4,'2021-05-17 02:54:07',0,1),(212,5,7,'3','14:00','2021-06-01','2021-12-07',4,'2021-05-17 02:54:07',0,1),(213,5,7,'3','15:00','2021-06-01','2021-12-07',4,'2021-05-17 02:54:07',0,1),(214,5,14,'3','16:00','2021-06-01','2021-10-07',4,'2021-05-17 02:55:17',0,1),(215,5,14,'3','17:00','2021-06-01','2021-10-07',4,'2021-05-17 02:55:17',0,1),(216,5,14,'3','18:00','2021-06-01','2021-10-07',4,'2021-05-17 02:55:17',0,1),(292,20,28,'2','19:00','2021-06-20','2023-01-31',4,'2021-06-19 05:15:24',0,1),(290,20,28,'1','19:00','2021-06-20','2025-10-19',4,'2021-06-19 05:15:10',0,1),(220,4,11,'4','14:00','2021-06-01','2021-10-26',4,'2021-05-17 02:56:16',0,1),(222,4,10,'4','16:00','2021-06-01','2021-08-29',4,'2021-05-17 03:03:19',0,1),(223,4,10,'4','17:00','2021-06-01','2021-08-29',4,'2021-05-17 03:03:19',0,1),(224,7,8,'4','14:00','2021-06-01','2021-06-21',4,'2021-05-17 03:03:35',0,1),(225,7,8,'4','15:00','2021-06-01','2021-06-21',4,'2021-05-17 03:03:35',0,1),(408,7,39,'4','18:00','2021-08-03','2023-01-31',4,'2021-08-03 03:18:46',0,1),(226,5,21,'5','19:00','2021-06-01',NULL,4,'2021-05-17 03:04:40',1,0),(227,5,21,'5','20:00','2021-06-01',NULL,4,'2021-05-17 03:04:40',1,0),(230,7,8,'5','20:00','2021-06-01',NULL,4,'2021-05-17 03:05:05',1,0),(231,7,8,'5','21:00','2021-06-01',NULL,4,'2021-05-17 03:05:05',1,0),(308,20,24,'6','17:00','2021-06-19','2021-06-23',4,'2021-06-19 05:34:51',0,1),(306,20,24,'4','17:00','2021-06-19','2021-08-18',4,'2021-06-19 05:34:41',0,1),(235,3,12,'6','16:00','2021-06-01',NULL,4,'2021-05-17 03:05:41',1,0),(236,3,12,'6','17:00','2021-06-01',NULL,4,'2021-05-17 03:05:41',1,0),(237,3,12,'6','18:00','2021-06-01',NULL,4,'2021-05-17 03:05:41',1,0),(238,4,13,'6','18:00','2021-06-01','2021-06-05',4,'2021-05-17 03:05:56',0,1),(239,4,13,'6','19:00','2021-06-01','2021-06-05',4,'2021-05-17 03:05:56',0,1),(240,5,14,'6','16:00','2021-06-01','2021-10-07',4,'2021-05-17 03:06:16',0,1),(241,5,14,'6','17:00','2021-06-01','2021-10-07',4,'2021-05-17 03:06:16',0,1),(242,5,14,'6','18:00','2021-06-01','2021-10-07',4,'2021-05-17 03:06:16',0,1),(283,4,28,'4','18:00','2021-06-17','2021-06-19',4,'2021-06-17 01:16:18',0,1),(245,6,2,'6','16:00','2021-06-01','2021-10-07',4,'2021-05-17 03:07:01',0,1),(246,6,2,'6','17:00','2021-06-01','2022-05-14',4,'2021-05-17 03:07:01',0,1),(247,6,2,'6','18:00','2021-06-01','2022-05-14',4,'2021-05-17 03:07:01',0,1),(249,6,6,'6','20:00','2021-06-01','2022-05-14',4,'2021-05-17 03:07:09',0,1),(289,20,28,'1','18:00','2021-06-20','2025-10-19',4,'2021-06-19 05:15:10',0,1),(250,5,21,'2','19:00','2021-06-01',NULL,4,'2021-05-20 02:34:29',1,0),(251,5,21,'2','20:00','2021-06-01',NULL,4,'2021-05-20 02:34:29',1,0),(291,20,28,'2','18:00','2021-06-20','2023-01-31',4,'2021-06-19 05:15:24',0,1),(253,4,10,'6','16:00','2021-06-01','2021-09-13',4,'2021-05-27 02:40:36',0,1),(294,20,28,'3','19:00','2021-06-20',NULL,4,'2021-06-19 05:15:31',1,0),(279,4,28,'2','18:00','2021-06-17','2021-06-19',4,'2021-06-17 01:15:58',0,1),(278,4,28,'1','19:00','2021-06-17','2021-06-21',4,'2021-06-17 01:15:52',0,1),(257,4,10,'2','16:00','2021-06-01','2021-10-02',4,'2021-05-29 05:44:30',0,1),(258,5,25,'2','17:00','2021-06-01','2021-08-29',4,'2021-05-29 05:54:40',0,1),(259,5,25,'2','18:00','2021-06-01','2021-08-29',4,'2021-05-29 05:54:40',0,1),(260,6,6,'2','21:00','2021-06-01','2022-05-14',4,'2021-05-29 05:55:27',0,1),(293,20,28,'3','18:00','2021-06-20',NULL,4,'2021-06-19 05:15:31',1,0),(262,5,25,'4','17:00','2021-06-01','2021-08-29',4,'2021-05-29 05:57:25',0,1),(263,5,25,'4','18:00','2021-06-01','2021-08-29',4,'2021-05-29 05:57:25',0,1),(264,6,17,'4','20:00','2021-06-01','2021-09-29',4,'2021-05-29 05:57:47',0,1),(265,6,17,'4','21:00','2021-06-01','2021-09-29',4,'2021-05-29 05:57:47',0,1),(266,6,6,'5','20:00','2021-06-01','2021-08-29',4,'2021-05-29 05:58:15',0,1),(267,6,6,'5','21:00','2021-06-01','2021-08-29',4,'2021-05-29 05:58:15',0,1),(288,4,28,'6','19:00','2021-06-17','2021-06-19',4,'2021-06-17 01:16:47',0,1),(287,4,28,'6','18:00','2021-06-17','2021-06-19',4,'2021-06-17 01:16:47',0,1),(268,7,9,'6','16:00','2021-06-01','2021-10-07',4,'2021-05-29 05:58:59',0,1),(269,7,9,'6','17:00','2021-06-01','2021-10-07',4,'2021-05-29 05:58:59',0,1),(270,7,9,'6','18:00','2021-06-01','2021-10-07',4,'2021-05-29 05:58:59',0,1),(286,4,28,'5','19:00','2021-06-17','2021-06-19',4,'2021-06-17 01:16:29',0,1),(285,4,28,'5','18:00','2021-06-17','2021-06-19',4,'2021-06-17 01:16:29',0,1),(284,4,28,'4','19:00','2021-06-17','2021-06-19',4,'2021-06-17 01:16:18',0,1),(271,4,10,'6','17:00','2021-06-01','2021-09-13',4,'2021-05-29 05:59:21',0,1),(280,4,28,'2','19:00','2021-06-17','2021-06-19',4,'2021-06-17 01:15:58',0,1),(272,5,25,'6','19:00','2021-06-01','2021-08-29',4,'2021-05-29 05:59:38',0,1),(273,5,25,'6','20:00','2021-06-01','2021-08-29',4,'2021-05-29 05:59:38',0,1),(274,6,6,'6','21:00','2021-06-01','2022-05-14',4,'2021-05-29 05:59:53',0,1),(281,4,28,'3','18:00','2021-06-17','2021-06-19',4,'2021-06-17 01:16:08',0,1),(282,4,28,'3','19:00','2021-06-17','2021-06-19',4,'2021-06-17 01:16:08',0,1),(275,4,11,'2','15:00','2021-06-01',NULL,4,'2021-05-30 04:11:38',1,0),(276,4,11,'4','13:00','2021-06-01','2021-09-05',4,'2021-05-30 04:11:52',0,1),(277,4,28,'1','18:00','2021-06-17','2021-06-21',4,'2021-06-17 01:15:52',0,1),(432,5,7,'4','20:00','2021-08-29','2023-01-31',4,'2021-08-29 02:18:26',0,1),(433,5,7,'4','21:00','2021-08-29','2023-01-31',4,'2021-08-29 02:18:26',0,1),(434,3,10,'2','19:00','2021-08-29','2021-09-07',4,'2021-08-29 07:30:38',0,1),(435,3,10,'2','20:00','2021-08-29','2021-09-07',4,'2021-08-29 07:30:38',0,1),(436,7,10,'2','13:00','2021-09-05','2021-09-07',18,'2021-09-05 12:45:35',0,1),(437,7,10,'2','14:00','2021-09-05','2021-09-07',18,'2021-09-05 12:45:35',0,1),(438,6,47,'2','15:00','2021-09-01','2023-01-31',4,'2021-09-05 03:24:50',0,1),(439,6,47,'2','16:00','2021-09-01','2023-01-31',4,'2021-09-05 03:24:50',0,1),(440,6,47,'4','15:00','2021-09-01','2023-01-31',4,'2021-09-05 03:25:05',0,1),(441,6,47,'4','16:00','2021-09-01','2023-01-31',4,'2021-09-05 03:25:05',0,1),(442,4,11,'4','15:00','2021-09-05','2021-10-26',4,'2021-09-05 04:35:16',0,1),(443,22,48,'1','14:00','2021-09-06','2023-01-31',4,'2021-09-06 06:04:55',0,1),(444,22,48,'1','15:00','2021-09-06','2023-01-31',4,'2021-09-06 06:04:55',0,1),(445,21,48,'5','13:00','2021-09-06','2023-01-31',4,'2021-09-06 06:05:20',0,1),(446,21,48,'5','14:00','2021-09-06','2023-01-31',4,'2021-09-06 06:05:20',0,1),(447,20,24,'4','15:00','2021-09-06','2021-09-07',4,'2021-09-06 08:30:54',0,1),(448,7,24,'6','13:00','2021-09-09','2021-10-02',18,'2021-09-09 12:29:16',0,1),(449,7,24,'6','14:00','2021-09-09','2021-10-02',18,'2021-09-09 12:29:16',0,1),(450,2,45,'6','12:00','2021-09-11','2021-09-11',18,'2021-09-11 11:21:56',0,1),(451,2,45,'1','12:00','2021-09-11','2021-09-13',18,'2021-09-11 11:23:54',0,1),(452,2,37,'1','14:00','2021-09-11','2021-09-13',18,'2021-09-11 12:04:41',0,1),(453,2,37,'1','15:00','2021-09-11','2021-09-13',18,'2021-09-11 12:04:41',0,1),(454,4,52,'2','20:00','2021-09-12','2021-09-13',4,'2021-09-12 08:07:53',0,1),(455,7,54,'1','16:00','2021-09-13','2025-10-19',4,'2021-09-13 05:31:33',0,1),(456,7,54,'1','17:00','2021-09-13','2025-10-19',4,'2021-09-13 05:31:33',0,1),(457,2,54,'5','18:00','2021-09-13',NULL,4,'2021-09-13 05:32:03',1,0),(458,2,54,'5','19:00','2021-09-13',NULL,4,'2021-09-13 05:32:03',1,0),(459,20,37,'1','14:00','2021-09-13','2021-09-13',4,'2021-09-13 05:33:15',0,1),(460,20,37,'1','15:00','2021-09-13','2021-09-13',4,'2021-09-13 05:33:15',0,1),(461,2,52,'2','17:00','2021-09-13','2021-11-21',4,'2021-09-13 05:34:08',0,1),(462,2,52,'2','18:00','2021-09-13','2021-11-21',4,'2021-09-13 05:34:08',0,1),(463,4,52,'6','17:00','2021-09-13',NULL,4,'2021-09-13 05:34:33',1,0),(464,4,52,'6','18:00','2021-09-13',NULL,4,'2021-09-13 05:34:33',1,0),(465,4,53,'3','19:00','2021-09-13',NULL,4,'2021-09-13 05:38:42',1,0),(466,4,53,'3','20:00','2021-09-13',NULL,4,'2021-09-13 05:38:42',1,0),(467,21,10,'6','17:00','2021-09-16','2021-10-26',4,'2021-09-16 05:23:37',0,1),(468,21,10,'6','18:00','2021-09-16','2021-10-26',4,'2021-09-16 05:23:37',0,1),(469,20,56,'2','14:00','2021-09-19',NULL,4,'2021-09-19 03:24:11',1,0),(470,20,56,'2','15:00','2021-09-19',NULL,4,'2021-09-19 03:24:11',1,0),(471,20,56,'5','14:00','2021-09-19',NULL,4,'2021-09-19 03:24:24',1,0),(472,20,56,'5','15:00','2021-09-19',NULL,4,'2021-09-19 03:24:24',1,0),(473,20,56,'4','14:00','2021-09-19','2021-09-19',4,'2021-09-19 03:24:42',0,1),(474,20,56,'4','15:00','2021-09-19','2021-09-19',4,'2021-09-19 03:24:42',0,1),(475,21,56,'4','13:00','2021-09-19',NULL,4,'2021-09-19 03:25:06',1,0),(476,21,56,'4','14:00','2021-09-19',NULL,4,'2021-09-19 03:25:06',1,0),(477,4,53,'5','19:00','2021-09-20','2023-01-31',4,'2021-09-20 07:18:58',0,1),(478,4,53,'5','20:00','2021-09-20',NULL,4,'2021-09-20 07:18:58',1,0),(479,21,28,'6','15:00','2021-09-30','2021-10-02',4,'2021-09-30 02:07:35',0,1),(480,3,57,'2','15:00','2021-10-02','2022-10-19',4,'2021-10-02 04:29:23',0,1),(481,3,57,'2','16:00','2021-10-02','2022-10-19',4,'2021-10-02 04:29:23',0,1),(482,3,57,'2','17:00','2021-10-02','2022-10-19',4,'2021-10-02 04:29:23',0,1),(483,3,57,'2','18:00','2021-10-02','2022-10-19',4,'2021-10-02 04:29:24',0,1),(484,4,10,'2','18:00','2021-10-02',NULL,4,'2021-10-02 04:31:29',1,0),(485,2,57,'3','15:00','2021-10-02','2021-10-07',4,'2021-10-02 04:33:39',0,1),(486,2,57,'3','16:00','2021-10-02','2021-10-07',4,'2021-10-02 04:33:39',0,1),(487,2,57,'3','17:00','2021-10-02','2021-10-07',4,'2021-10-02 04:33:39',0,1),(488,2,57,'3','18:00','2021-10-02','2021-10-07',4,'2021-10-02 04:33:39',0,1),(489,2,54,'4','18:00','2021-10-02','2021-10-02',4,'2021-10-02 04:36:22',0,1),(490,2,54,'4','19:00','2021-10-02','2021-10-02',4,'2021-10-02 04:36:22',0,1),(491,3,57,'4','15:00','2021-10-02','2022-01-01',4,'2021-10-02 04:36:54',0,1),(492,3,57,'4','16:00','2021-10-02','2022-01-01',4,'2021-10-02 04:36:54',0,1),(493,3,57,'4','17:00','2021-10-02','2022-01-01',4,'2021-10-02 04:36:54',0,1),(494,3,57,'4','18:00','2021-10-02','2022-01-01',4,'2021-10-02 04:36:54',0,1),(495,3,57,'5','15:00','2021-10-02','2022-01-01',4,'2021-10-02 04:37:48',0,1),(496,3,57,'5','16:00','2021-10-02','2022-01-01',4,'2021-10-02 04:37:48',0,1),(497,3,57,'5','17:00','2021-10-02','2022-01-01',4,'2021-10-02 04:37:48',0,1),(498,3,57,'5','18:00','2021-10-02','2022-01-01',4,'2021-10-02 04:37:48',0,1),(499,6,6,'3','12:00','2021-10-04','2022-05-14',4,'2021-10-04 07:53:02',0,1),(500,6,6,'3','13:00','2021-10-04','2022-05-14',4,'2021-10-04 07:53:02',0,1),(501,22,26,'3','18:00','2021-10-04','2022-05-14',4,'2021-10-04 09:35:25',0,1),(502,22,26,'3','19:00','2021-10-04','2022-05-14',4,'2021-10-04 09:35:25',0,1),(503,2,9,'6','17:00','2021-10-07','2021-11-06',4,'2021-10-07 04:29:30',0,1),(504,2,9,'6','18:00','2021-10-07','2021-11-06',4,'2021-10-07 04:29:30',0,1),(505,3,12,'1','16:00','2021-10-07','2025-10-19',4,'2021-10-07 05:31:48',0,1),(506,3,12,'1','17:00','2021-10-07','2025-10-19',4,'2021-10-07 05:31:48',0,1),(507,3,12,'1','18:00','2021-10-07','2025-10-19',4,'2021-10-07 05:31:48',0,1),(508,3,57,'3','15:00','2021-10-07','2023-01-31',4,'2021-10-07 05:32:33',0,1),(509,3,57,'3','16:00','2021-10-07','2023-01-31',4,'2021-10-07 05:32:33',0,1),(510,3,57,'3','17:00','2021-10-07','2023-01-31',4,'2021-10-07 05:32:33',0,1),(511,3,57,'3','18:00','2021-10-07','2023-01-31',4,'2021-10-07 05:32:33',0,1),(512,7,58,'6','16:00','2021-10-07','2021-11-30',4,'2021-10-07 06:13:35',0,1),(513,7,58,'6','17:00','2021-10-07','2021-11-30',4,'2021-10-07 06:13:35',0,1),(514,7,58,'6','18:00','2021-10-07','2021-11-30',4,'2021-10-07 06:13:35',0,1),(515,7,58,'6','19:00','2021-10-07','2021-11-30',4,'2021-10-07 06:13:35',0,1),(516,2,59,'5','15:00','2021-10-07','2021-12-07',4,'2021-10-07 09:23:26',0,1),(517,2,59,'5','16:00','2021-10-07','2021-12-07',4,'2021-10-07 09:23:26',0,1),(518,2,59,'5','17:00','2021-10-07','2021-12-07',4,'2021-10-07 09:23:26',0,1),(519,20,28,'5','17:00','2021-10-09',NULL,4,'2021-10-09 04:06:20',1,0),(520,20,10,'4','14:00','2021-10-10','2021-10-26',4,'2021-10-10 04:13:50',0,1),(521,4,60,'1','16:00','2021-10-11','2021-10-26',4,'2021-10-11 03:39:20',0,1),(522,4,60,'1','17:00','2021-10-11','2024-10-26',4,'2021-10-11 03:39:20',0,1),(523,4,60,'4','16:00','2021-10-11','2021-10-26',4,'2021-10-11 03:39:29',0,1),(524,4,60,'4','17:00','2021-10-11',NULL,4,'2021-10-11 03:39:29',1,0),(525,20,10,'4','15:00','2021-10-12','2021-10-26',18,'2021-10-12 02:00:08',0,1),(526,4,60,'4','18:00','2021-10-26','2021-10-26',4,'2021-10-26 05:50:03',0,1),(527,4,60,'1','18:00','2021-10-26','2021-10-26',4,'2021-10-26 05:50:10',0,1),(528,4,11,'4','16:00','2021-10-26','2021-10-26',4,'2021-10-26 05:50:33',0,1),(529,4,11,'4','14:00','2021-10-26',NULL,4,'2021-10-26 06:07:25',1,0),(530,4,11,'2','16:00','2021-10-26','2021-10-26',4,'2021-10-26 06:12:37',0,1),(531,4,11,'4','13:00','2021-10-26','2021-10-26',4,'2021-10-26 06:14:43',0,1),(532,4,11,'2','14:00','2021-10-26','2021-10-26',4,'2021-10-26 06:15:23',0,1),(533,4,11,'2','16:00','2021-10-26','2021-10-26',4,'2021-10-26 06:19:13',0,1),(534,4,11,'2','14:00','2021-10-26',NULL,4,'2021-10-26 06:19:25',1,0),(535,4,11,'4','15:00','2021-10-26',NULL,4,'2021-10-26 06:19:38',1,0),(536,4,60,'4','16:00','2021-10-26',NULL,4,'2021-10-26 06:23:39',1,0),(537,4,60,'1','16:00','2021-10-26','2024-10-26',4,'2021-10-26 06:26:34',0,1),(538,6,47,'4','17:00','2021-11-06','2023-01-31',4,'2021-11-06 06:30:50',0,1),(539,6,47,'2','17:00','2021-11-07','2023-01-31',4,'2021-11-07 06:28:10',0,1),(540,22,74,'2','13:00','2021-11-09','2022-11-02',4,'2021-11-09 08:07:02',0,1),(541,22,74,'2','14:00','2021-11-09','2022-11-02',4,'2021-11-09 08:07:02',0,1),(542,22,74,'2','15:00','2021-11-09','2022-10-19',4,'2021-11-09 08:07:02',0,1),(543,22,74,'3','13:00','2021-11-09','2023-01-31',4,'2021-11-09 08:07:13',0,1),(544,22,74,'3','14:00','2021-11-09','2023-01-31',4,'2021-11-09 08:07:13',0,1),(545,22,74,'3','15:00','2021-11-09','2023-01-31',4,'2021-11-09 08:07:13',0,1),(546,22,74,'5','14:00','2021-11-09','2023-01-31',4,'2021-11-09 08:07:23',0,1),(547,22,74,'5','15:00','2021-11-09','2023-01-31',4,'2021-11-09 08:07:23',0,1),(548,22,74,'5','16:00','2021-11-09','2023-01-31',4,'2021-11-09 08:07:23',0,1),(549,7,75,'2','15:00','2021-11-21','2023-01-17',4,'2021-11-21 02:22:47',0,1),(550,7,75,'2','16:00','2021-11-21','2023-01-17',4,'2021-11-21 02:22:47',0,1),(551,7,75,'5','15:00','2021-11-21','2023-01-31',4,'2021-11-21 02:22:59',0,1),(552,7,75,'5','16:00','2021-11-21','2023-01-31',4,'2021-11-21 02:23:00',0,1),(553,7,52,'2','17:00','2021-11-21',NULL,4,'2021-11-21 02:23:23',1,0),(554,7,52,'2','18:00','2021-11-21',NULL,4,'2021-11-21 02:23:23',1,0),(555,7,76,'2','19:00','2021-11-30',NULL,4,'2021-11-30 02:36:57',1,0),(556,7,76,'2','20:00','2021-11-30',NULL,4,'2021-11-30 02:36:57',1,0),(557,7,76,'4','19:00','2021-11-30',NULL,4,'2021-11-30 02:37:07',1,0),(558,7,76,'4','20:00','2021-11-30',NULL,4,'2021-11-30 02:37:07',1,0),(559,3,77,'4','19:00','2021-12-05',NULL,4,'2021-12-05 05:54:53',1,0),(560,3,77,'4','20:00','2021-12-05',NULL,4,'2021-12-05 05:54:53',1,0),(561,22,59,'5','17:00','2021-12-07','2021-12-07',4,'2021-12-07 06:40:31',0,1),(562,20,59,'5','16:00','2021-12-07','2021-12-07',4,'2021-12-07 06:40:37',0,1),(563,22,59,'5','17:00','2021-12-07','2022-05-14',4,'2021-12-07 06:40:48',0,1),(564,22,59,'5','18:00','2021-12-07','2022-05-14',4,'2021-12-07 06:40:48',0,1),(565,20,78,'3','12:00','2021-12-16',NULL,4,'2021-12-16 04:46:47',1,0),(566,20,78,'3','13:00','2021-12-16',NULL,4,'2021-12-16 04:46:47',1,0),(567,20,78,'6','12:00','2021-12-16',NULL,4,'2021-12-16 04:46:56',1,0),(568,20,78,'6','13:00','2021-12-16',NULL,4,'2021-12-16 04:46:56',1,0),(569,20,82,'2','20:00','2022-01-25','2023-01-31',18,'2022-01-25 06:22:31',0,1),(570,20,82,'2','21:00','2022-01-25','2023-01-31',18,'2022-01-25 06:22:31',0,1),(571,20,82,'4','16:00','2022-01-25','2023-01-31',18,'2022-01-25 06:22:52',0,1),(572,20,82,'4','17:00','2022-01-25','2023-01-31',18,'2022-01-25 06:22:52',0,1),(573,20,82,'6','16:00','2022-01-25',NULL,18,'2022-01-25 06:23:02',1,0),(574,20,82,'6','17:00','2022-01-25',NULL,18,'2022-01-25 06:23:02',1,0),(575,5,83,'1','12:00','2022-03-05','2022-03-05',18,'2022-03-05 01:55:01',0,1),(576,5,83,'1','13:00','2022-03-05','2022-03-05',18,'2022-03-05 01:55:01',0,1),(577,22,83,'1','12:00','2022-03-05','2025-10-19',18,'2022-03-05 01:55:19',0,1),(578,22,83,'1','13:00','2022-03-05','2025-10-19',18,'2022-03-05 01:55:19',0,1),(579,21,83,'2','12:00','2022-03-05',NULL,18,'2022-03-05 01:55:58',1,0),(580,21,83,'2','13:00','2022-03-05',NULL,18,'2022-03-05 01:55:58',1,0),(581,22,83,'4','12:00','2022-03-05',NULL,18,'2022-03-05 01:56:12',1,0),(582,22,83,'4','13:00','2022-03-05',NULL,18,'2022-03-05 01:56:12',1,0),(583,20,37,'1','14:00','2022-05-14','2023-01-31',18,'2022-05-14 06:08:04',0,1),(584,20,37,'1','15:00','2022-05-14','2023-01-31',18,'2022-05-14 06:08:04',0,1),(585,6,26,'2','20:00','2022-05-14','2023-01-31',18,'2022-05-14 06:10:46',0,1),(586,6,26,'2','21:00','2022-05-14','2023-01-31',18,'2022-05-14 06:10:46',0,1),(587,6,26,'5','20:00','2022-05-14',NULL,18,'2022-05-14 06:11:02',1,0),(588,6,26,'5','21:00','2022-05-14',NULL,18,'2022-05-14 06:11:02',1,0),(589,4,87,'2','12:00','2022-06-02',NULL,18,'2022-06-02 11:45:40',1,0),(590,4,87,'2','13:00','2022-06-02',NULL,18,'2022-06-02 11:45:40',1,0),(591,4,87,'3','14:00','2022-06-02',NULL,18,'2022-06-02 11:46:00',1,0),(592,4,87,'3','15:00','2022-06-02',NULL,18,'2022-06-02 11:46:00',1,0),(593,4,87,'6','14:00','2022-06-02',NULL,18,'2022-06-02 11:46:09',1,0),(594,4,87,'6','15:00','2022-06-02',NULL,18,'2022-06-02 11:46:09',1,0),(595,21,86,'2','20:00','2022-06-02',NULL,18,'2022-06-02 11:55:49',1,0),(596,21,86,'2','21:00','2022-06-02',NULL,18,'2022-06-02 11:55:49',1,0),(597,22,86,'4','19:00','2022-06-02',NULL,18,'2022-06-02 11:56:05',1,0),(598,22,86,'4','20:00','2022-06-02',NULL,18,'2022-06-02 11:56:05',1,0),(599,20,94,'2','20:00','2022-08-03','2023-01-31',18,'2022-08-03 04:34:46',0,1),(600,20,94,'2','21:00','2022-08-03','2023-01-31',18,'2022-08-03 04:34:46',0,1),(601,20,94,'4','16:00','2022-08-03','2023-01-31',18,'2022-08-03 04:35:15',0,1),(602,20,94,'4','17:00','2022-08-03','2023-01-31',18,'2022-08-03 04:35:15',0,1),(603,4,95,'1','18:00','2022-08-08','2023-01-31',18,'2022-08-08 03:58:51',0,1),(604,4,95,'1','19:00','2022-08-08','2023-01-31',18,'2022-08-08 03:58:51',0,1),(605,4,95,'3','16:00','2022-08-08','2023-01-31',18,'2022-08-08 03:59:11',0,1),(606,4,95,'3','17:00','2022-08-08','2023-01-31',18,'2022-08-08 03:59:11',0,1),(607,4,95,'5','21:00','2022-08-08','2022-08-08',18,'2022-08-08 03:59:34',0,1),(608,4,95,'5','22:00','2022-08-08','2022-08-08',18,'2022-08-08 03:59:34',0,1),(609,6,95,'5','18:00','2022-08-08','2022-08-08',18,'2022-08-08 03:59:56',0,1),(610,6,95,'5','19:00','2022-08-08','2022-08-08',18,'2022-08-08 03:59:56',0,1),(611,6,95,'5','16:00','2022-08-08',NULL,18,'2022-08-08 04:00:25',1,0),(612,6,95,'5','17:00','2022-08-08',NULL,18,'2022-08-08 04:00:25',1,0),(613,1,96,'5','14:00','2022-08-10','2022-08-10',18,'2022-08-10 08:47:20',0,1),(614,1,96,'5','15:00','2022-08-10','2022-08-10',18,'2022-08-10 08:47:20',0,1),(615,4,96,'5','14:00','2022-08-10','2022-08-10',18,'2022-08-10 08:47:36',0,1),(616,4,96,'5','15:00','2022-08-10','2022-08-10',18,'2022-08-10 08:47:36',0,1),(617,4,96,'1','20:00','2022-08-10','2023-01-31',18,'2022-08-10 08:51:00',0,1),(618,4,96,'1','21:00','2022-08-10','2023-01-31',18,'2022-08-10 08:51:00',0,1),(619,4,96,'5','14:00','2022-08-10','2023-01-31',18,'2022-08-10 08:51:18',0,1),(620,4,96,'5','15:00','2022-08-10','2023-01-31',18,'2022-08-10 08:51:18',0,1),(621,22,97,'5','18:00','2022-10-05',NULL,18,'2022-10-05 03:48:43',1,0),(622,22,97,'5','19:00','2022-10-05',NULL,18,'2022-10-05 03:48:43',1,0),(623,21,97,'6','12:00','2022-10-05',NULL,18,'2022-10-05 03:48:51',1,0),(624,21,97,'6','13:00','2022-10-05',NULL,18,'2022-10-05 03:48:51',1,0),(625,22,99,'2','15:00','2022-10-19','2022-10-19',18,'2022-10-19 03:13:12',0,1),(626,22,99,'2','16:00','2022-10-19','2022-10-19',18,'2022-10-19 03:13:12',0,1),(627,22,99,'2','17:00','2022-10-19','2022-10-19',18,'2022-10-19 03:13:12',0,1),(628,22,99,'2','15:00','2022-10-19','2022-10-19',18,'2022-10-19 03:13:36',0,1),(629,22,99,'2','16:00','2022-10-19','2022-10-19',18,'2022-10-19 03:13:36',0,1),(630,22,99,'2','17:00','2022-10-19','2022-10-19',18,'2022-10-19 03:13:36',0,1),(631,3,99,'2','15:00','2022-10-19',NULL,18,'2022-10-19 03:17:49',1,0),(632,3,99,'2','16:00','2022-10-19',NULL,18,'2022-10-19 03:17:49',1,0),(633,3,99,'2','17:00','2022-10-19',NULL,18,'2022-10-19 03:17:49',1,0),(634,3,99,'5','15:00','2022-10-19',NULL,18,'2022-10-19 03:18:23',1,0),(635,3,99,'5','16:00','2022-10-19',NULL,18,'2022-10-19 03:18:23',1,0),(636,3,99,'5','17:00','2022-10-19',NULL,18,'2022-10-19 03:18:23',1,0),(637,22,101,'2','12:00','2022-11-02',NULL,18,'2022-11-02 02:12:40',1,0),(638,22,101,'2','13:00','2022-11-02',NULL,18,'2022-11-02 02:12:40',1,0),(639,22,101,'2','14:00','2022-11-02',NULL,18,'2022-11-02 02:12:40',1,0),(640,20,101,'4','12:00','2022-11-02',NULL,18,'2022-11-02 02:12:58',1,0),(641,20,101,'4','13:00','2022-11-02',NULL,18,'2022-11-02 02:12:58',1,0),(642,20,101,'4','14:00','2022-11-02',NULL,18,'2022-11-02 02:12:58',1,0),(643,7,103,'2','12:00','2023-01-17','2023-01-31',18,'2023-01-17 12:26:25',0,1),(644,7,103,'2','13:00','2023-01-17','2023-01-31',18,'2023-01-17 12:26:25',0,1),(645,22,104,'4','14:00','2023-01-31',NULL,18,'2023-01-31 11:33:11',1,0),(646,22,104,'4','15:00','2023-01-31',NULL,18,'2023-01-31 11:33:11',1,0),(647,20,95,'1','14:00','2023-01-31','2025-10-19',18,'2023-01-31 11:35:44',0,1),(648,20,95,'1','15:00','2023-01-31','2025-10-19',18,'2023-01-31 11:35:44',0,1),(649,20,100,'1','16:00','2023-01-31','2025-10-19',18,'2023-01-31 11:36:27',0,1),(650,20,100,'1','17:00','2023-01-31','2025-10-19',18,'2023-01-31 11:36:27',0,1),(651,21,96,'1','18:00','2023-01-31','2025-10-19',18,'2023-01-31 11:36:37',0,1),(652,21,96,'1','19:00','2023-01-31','2025-10-19',18,'2023-01-31 11:36:37',0,1),(653,21,29,'1','14:00','2023-01-31','2025-10-19',18,'2023-01-31 11:38:19',0,1),(654,21,102,'1','20:00','2023-01-31','2025-10-19',18,'2023-01-31 11:39:24',0,1),(655,21,102,'1','21:00','2023-01-31','2025-10-19',18,'2023-01-31 11:39:24',0,1),(656,20,89,'1','20:00','2023-01-31','2025-10-19',18,'2023-01-31 11:40:04',0,1),(657,20,103,'2','12:00','2023-01-31',NULL,18,'2023-01-31 11:53:36',1,0),(658,20,103,'2','13:00','2023-01-31',NULL,18,'2023-01-31 11:53:36',1,0),(659,20,28,'2','16:00','2023-01-31',NULL,18,'2023-01-31 11:54:37',1,0),(660,20,28,'2','17:00','2023-01-31',NULL,18,'2023-01-31 11:54:37',1,0),(661,20,94,'2','18:00','2023-01-31',NULL,18,'2023-01-31 11:54:54',1,0),(662,20,94,'2','19:00','2023-01-31',NULL,18,'2023-01-31 11:54:54',1,0),(663,4,10,'2','19:00','2023-01-31',NULL,18,'2023-01-31 11:55:53',1,0),(664,22,27,'2','19:00','2023-01-31',NULL,18,'2023-01-31 11:57:20',1,0),(665,22,27,'2','20:00','2023-01-31',NULL,18,'2023-01-31 11:57:20',1,0),(666,22,33,'2','15:00','2023-01-31',NULL,18,'2023-01-31 11:58:30',1,0),(667,6,39,'2','16:00','2023-01-31',NULL,18,'2023-01-31 12:01:08',1,0),(668,6,39,'2','17:00','2023-01-31',NULL,18,'2023-01-31 12:01:08',1,0),(669,6,52,'3','19:00','2023-01-31',NULL,18,'2023-01-31 12:06:51',1,0),(670,6,52,'3','20:00','2023-01-31',NULL,18,'2023-01-31 12:06:51',1,0),(671,20,95,'3','16:00','2023-01-31',NULL,18,'2023-01-31 12:07:20',1,0),(672,20,95,'3','17:00','2023-01-31',NULL,18,'2023-01-31 12:07:20',1,0),(673,21,96,'3','14:00','2023-01-31',NULL,18,'2023-01-31 12:07:35',1,0),(674,21,96,'3','15:00','2023-01-31',NULL,18,'2023-01-31 12:07:35',1,0),(675,22,100,'3','14:00','2023-01-31',NULL,18,'2023-01-31 12:07:40',1,0),(676,22,100,'3','15:00','2023-01-31',NULL,18,'2023-01-31 12:07:40',1,0),(677,21,33,'3','12:00','2023-01-31',NULL,18,'2023-01-31 12:08:45',1,0),(678,21,33,'3','13:00','2023-01-31',NULL,18,'2023-01-31 12:08:45',1,0),(679,3,26,'3','20:00','2023-01-31',NULL,18,'2023-01-31 12:09:20',1,0),(680,3,26,'3','21:00','2023-01-31',NULL,18,'2023-01-31 12:09:20',1,0),(681,20,35,'3','14:00','2023-01-31',NULL,18,'2023-01-31 12:11:04',1,0),(682,20,35,'3','15:00','2023-01-31',NULL,18,'2023-01-31 12:11:04',1,0),(683,21,102,'2','14:00','2023-01-31',NULL,18,'2023-01-31 12:12:11',1,0),(684,21,102,'2','15:00','2023-01-31',NULL,18,'2023-01-31 12:12:11',1,0),(685,3,61,'4','13:00','2023-01-31',NULL,18,'2023-01-31 12:16:20',1,0),(686,3,61,'4','14:00','2023-01-31',NULL,18,'2023-01-31 12:16:20',1,0),(687,6,52,'4','20:00','2023-01-31',NULL,18,'2023-01-31 12:16:55',1,0),(688,5,29,'4','14:00','2023-01-31',NULL,18,'2023-01-31 12:18:36',1,0),(689,20,28,'4','16:00','2023-01-31',NULL,18,'2023-01-31 12:20:31',1,0),(690,20,28,'4','17:00','2023-01-31',NULL,18,'2023-01-31 12:20:31',1,0),(691,20,94,'4','18:00','2023-01-31',NULL,18,'2023-01-31 12:20:49',1,0),(692,20,94,'4','19:00','2023-01-31',NULL,18,'2023-01-31 12:20:49',1,0),(693,5,52,'5','21:00','2023-01-31',NULL,18,'2023-01-31 12:26:31',1,0),(694,4,87,'5','12:00','2023-01-31',NULL,18,'2023-01-31 12:27:16',1,0),(695,4,87,'5','13:00','2023-01-31',NULL,18,'2023-01-31 12:27:16',1,0),(696,21,95,'5','16:00','2023-01-31',NULL,18,'2023-01-31 12:28:23',1,0),(697,21,95,'5','17:00','2023-01-31',NULL,18,'2023-01-31 12:28:23',1,0),(698,21,96,'5','14:00','2023-01-31',NULL,18,'2023-01-31 12:28:41',1,0),(699,21,96,'5','15:00','2023-01-31',NULL,18,'2023-01-31 12:28:41',1,0),(700,22,100,'5','14:00','2023-01-31',NULL,18,'2023-01-31 12:29:05',1,0),(701,22,100,'5','15:00','2023-01-31',NULL,18,'2023-01-31 12:29:05',1,0),(702,4,53,'5','21:00','2023-01-31',NULL,18,'2023-01-31 12:29:47',1,0),(703,4,10,'5','19:00','2023-01-31',NULL,18,'2023-01-31 12:30:06',1,0),(704,7,39,'5','16:00','2023-01-31',NULL,18,'2023-01-31 12:33:29',1,0),(705,21,27,'5','19:00','2023-01-31',NULL,18,'2023-01-31 12:33:54',1,0),(706,21,27,'5','20:00','2023-01-31',NULL,18,'2023-01-31 12:33:54',1,0),(707,20,33,'5','13:00','2023-01-31',NULL,18,'2023-01-31 12:34:10',1,0),(708,20,102,'5','20:00','2023-01-31',NULL,18,'2023-01-31 12:35:35',1,0),(709,20,102,'5','21:00','2023-01-31',NULL,18,'2023-01-31 12:35:35',1,0),(710,20,102,'6','20:00','2023-01-31',NULL,18,'2023-01-31 12:36:17',1,0),(711,20,102,'6','21:00','2023-01-31',NULL,18,'2023-01-31 12:36:17',1,0),(712,3,6,'7','13:00','2023-08-27','2023-08-27',1,'2023-08-27 12:15:33',0,1),(713,3,6,'7','14:00','2023-08-27','2023-08-27',1,'2023-08-27 12:15:33',0,1),(714,3,6,'7','15:00','2023-08-27','2023-08-27',1,'2023-08-27 12:15:33',0,1),(715,4,23,'6','19:00','2024-10-26','2024-10-26',18,'2024-10-26 03:12:39',0,1),(716,1,8,'1','14:00','2025-10-19','2025-10-19',4,'2025-10-19 09:28:02',0,1),(717,1,8,'1','15:00','2025-10-19','2025-10-19',4,'2025-10-19 09:28:08',0,1),(718,7,8,'1','14:00','2025-10-19','2025-10-19',4,'2025-10-19 09:28:49',0,1),(719,7,8,'1','15:00','2025-10-19','2025-10-19',4,'2025-10-19 09:28:49',0,1),(720,7,8,'1','20:00','2025-10-19',NULL,4,'2025-10-19 09:29:25',1,0),(721,7,8,'1','21:00','2025-10-19',NULL,4,'2025-10-19 09:29:25',1,0);

--
-- Table structure for table `clinic_rooms`
--

CREATE TABLE `clinic_rooms` (
  `id` int(11) NOT NULL AUTO_INCREMENT,
  `name` varchar(255) CHARACTER SET utf8mb4 DEFAULT NULL,
  `dept_id` int(11) DEFAULT NULL,
  `deleted` int(11) DEFAULT '0',
  `is_active` int(11) DEFAULT '1',
  PRIMARY KEY (`id`)
) ENGINE=MyISAM AUTO_INCREMENT=27 DEFAULT CHARSET=latin1;

--
-- Dumping data for table `clinic_rooms`
--

INSERT INTO `clinic_rooms` VALUES (1,'عيادة 1',4,0,1),(2,'عيادة 2',4,0,1),(3,'عيادة 3',4,0,1),(4,'عيادة 4',4,0,1),(5,'عيادة 5',4,0,1),(6,'عيادة 6',10,0,1),(7,'عيادة 7',10,0,1),(23,NULL,0,0,1),(20,'عيادة A',0,0,1),(21,'عيادة B',0,0,1),(22,'عيادة C',0,0,1),(24,NULL,0,0,1),(25,NULL,0,0,1),(26,NULL,0,0,1);

--
-- Table structure for table `complaint`
--

CREATE TABLE `complaint` (
  `id` int(11) NOT NULL AUTO_INCREMENT,
  `name` varchar(255) NOT NULL,
  `conditions` int(11) NOT NULL,
  PRIMARY KEY (`id`) USING BTREE
) ENGINE=InnoDB AUTO_INCREMENT=5 DEFAULT CHARSET=latin1 ROW_FORMAT=COMPACT;

--
-- Dumping data for table `complaint`
--

INSERT INTO `complaint` VALUES (1,'Headech',0),(2,'Bleeding',0),(3,'',0),(4,'Complaint',0);

--
-- Table structure for table `complaintant`
--

CREATE TABLE `complaintant` (
  `id` int(11) NOT NULL AUTO_INCREMENT,
  `name` varchar(255) NOT NULL,
  `conditions` int(11) NOT NULL,
  PRIMARY KEY (`id`) USING BTREE
) ENGINE=InnoDB DEFAULT CHARSET=latin1 ROW_FORMAT=COMPACT;

--
-- Dumping data for table `complaintant`
--


--
-- Table structure for table `councilstaff`
--

CREATE TABLE `councilstaff` (
  `id` int(11) NOT NULL AUTO_INCREMENT,
  `userid` int(11) NOT NULL,
  `status` int(11) NOT NULL COMMENT '0  head  , 1  amin  ,  2  member',
  PRIMARY KEY (`id`) USING BTREE
) ENGINE=InnoDB DEFAULT CHARSET=latin1 ROW_FORMAT=COMPACT;

--
-- Dumping data for table `councilstaff`
--


--
-- Table structure for table `cross_abo`
--

CREATE TABLE `cross_abo` (
  `id` int(11) NOT NULL AUTO_INCREMENT,
  `name` varchar(255) CHARACTER SET utf8mb4 DEFAULT NULL,
  `deleted` int(11) DEFAULT '0',
  PRIMARY KEY (`id`)
) ENGINE=MyISAM AUTO_INCREMENT=11 DEFAULT CHARSET=latin1;

--
-- Dumping data for table `cross_abo`
--

INSERT INTO `cross_abo` VALUES (1,'A',0),(2,'B',0),(3,'C',0),(4,'D',0),(5,'E',0),(6,'f',0),(7,'( A ) ',0),(8,'( B )',0),(9,'gsfsfsfs',0),(10,'ddd',0);

--
-- Table structure for table `cross_compatibility`
--

CREATE TABLE `cross_compatibility` (
  `id` int(11) NOT NULL AUTO_INCREMENT,
  `name` varchar(255) CHARACTER SET utf8mb4 DEFAULT NULL,
  `deleted` int(11) DEFAULT '0',
  PRIMARY KEY (`id`)
) ENGINE=MyISAM AUTO_INCREMENT=5 DEFAULT CHARSET=latin1;

--
-- Dumping data for table `cross_compatibility`
--

INSERT INTO `cross_compatibility` VALUES (1,'Compatibility',0),(2,'c1',0),(3,'c2',0),(4,'c3',0);

--
-- Table structure for table `cross_hbsag`
--

CREATE TABLE `cross_hbsag` (
  `id` int(11) NOT NULL AUTO_INCREMENT,
  `name` varchar(255) CHARACTER SET utf8mb4 DEFAULT NULL,
  `deleted` int(11) DEFAULT '0',
  PRIMARY KEY (`id`)
) ENGINE=MyISAM AUTO_INCREMENT=4 DEFAULT CHARSET=latin1;

--
-- Dumping data for table `cross_hbsag`
--

INSERT INTO `cross_hbsag` VALUES (1,'positive',0),(2,'hb2',0),(3,'weak positive',0);

--
-- Table structure for table `cross_hcv`
--

CREATE TABLE `cross_hcv` (
  `id` int(11) NOT NULL AUTO_INCREMENT,
  `name` varchar(255) CHARACTER SET utf8mb4 DEFAULT NULL,
  `deleted` int(11) DEFAULT '0',
  PRIMARY KEY (`id`)
) ENGINE=MyISAM AUTO_INCREMENT=4 DEFAULT CHARSET=latin1;

--
-- Dumping data for table `cross_hcv`
--

INSERT INTO `cross_hcv` VALUES (1,'positive',0),(2,'h2',0),(3,'weak positive',0);

--
-- Table structure for table `cross_hv`
--

CREATE TABLE `cross_hv` (
  `id` int(11) NOT NULL AUTO_INCREMENT,
  `name` varchar(255) CHARACTER SET utf8mb4 DEFAULT NULL,
  `deleted` int(11) DEFAULT '0',
  PRIMARY KEY (`id`)
) ENGINE=MyISAM AUTO_INCREMENT=3 DEFAULT CHARSET=latin1;

--
-- Dumping data for table `cross_hv`
--

INSERT INTO `cross_hv` VALUES (1,'week positive',0),(2,'hv2',0);

--
-- Table structure for table `cross_rh`
--

CREATE TABLE `cross_rh` (
  `id` int(11) NOT NULL AUTO_INCREMENT,
  `name` varchar(255) CHARACTER SET utf8mb4 DEFAULT NULL,
  `deleted` int(11) DEFAULT '0',
  PRIMARY KEY (`id`)
) ENGINE=MyISAM AUTO_INCREMENT=3 DEFAULT CHARSET=latin1;

--
-- Dumping data for table `cross_rh`
--

INSERT INTO `cross_rh` VALUES (1,'Positive',0),(2,'negative',0);

--
-- Table structure for table `culture_colony_count`
--

CREATE TABLE `culture_colony_count` (
  `id` int(11) NOT NULL AUTO_INCREMENT,
  `name` varchar(255) CHARACTER SET utf8mb4 DEFAULT NULL,
  `deleted` int(11) DEFAULT '0',
  PRIMARY KEY (`id`)
) ENGINE=MyISAM AUTO_INCREMENT=2 DEFAULT CHARSET=latin1;

--
-- Dumping data for table `culture_colony_count`
--

INSERT INTO `culture_colony_count` VALUES (1,'Colony Count',0);

--
-- Table structure for table `culture_condition`
--

CREATE TABLE `culture_condition` (
  `id` int(11) NOT NULL AUTO_INCREMENT,
  `name` varchar(255) CHARACTER SET utf8mb4 DEFAULT NULL,
  `deleted` int(11) DEFAULT '0',
  PRIMARY KEY (`id`)
) ENGINE=MyISAM AUTO_INCREMENT=2 DEFAULT CHARSET=latin1;

--
-- Dumping data for table `culture_condition`
--

INSERT INTO `culture_condition` VALUES (1,'Culture Condition',0);

--
-- Table structure for table `culture_condition1`
--

CREATE TABLE `culture_condition1` (
  `id` int(11) NOT NULL AUTO_INCREMENT,
  `name` varchar(255) CHARACTER SET utf8mb4 DEFAULT NULL,
  `deleted` int(11) DEFAULT '0',
  PRIMARY KEY (`id`)
) ENGINE=MyISAM AUTO_INCREMENT=2 DEFAULT CHARSET=latin1;

--
-- Dumping data for table `culture_condition1`
--

INSERT INTO `culture_condition1` VALUES (1,'Culture Condition1',0);

--
-- Table structure for table `culture_organism_a`
--

CREATE TABLE `culture_organism_a` (
  `id` int(11) NOT NULL AUTO_INCREMENT,
  `name` varchar(255) CHARACTER SET utf8mb4 DEFAULT NULL,
  `deleted` int(11) DEFAULT '0',
  PRIMARY KEY (`id`)
) ENGINE=MyISAM AUTO_INCREMENT=2 DEFAULT CHARSET=latin1;

--
-- Dumping data for table `culture_organism_a`
--

INSERT INTO `culture_organism_a` VALUES (1,'Organism A',0);

--
-- Table structure for table `culture_organism_b`
--

CREATE TABLE `culture_organism_b` (
  `id` int(11) NOT NULL AUTO_INCREMENT,
  `name` varchar(255) CHARACTER SET utf8mb4 DEFAULT NULL,
  `deleted` int(11) DEFAULT '0',
  PRIMARY KEY (`id`)
) ENGINE=MyISAM AUTO_INCREMENT=2 DEFAULT CHARSET=latin1;

--
-- Dumping data for table `culture_organism_b`
--

INSERT INTO `culture_organism_b` VALUES (1,'Organism B',0);

--
-- Table structure for table `culture_organism_c`
--

CREATE TABLE `culture_organism_c` (
  `id` int(11) NOT NULL AUTO_INCREMENT,
  `name` varchar(255) CHARACTER SET utf8mb4 DEFAULT NULL,
  `deleted` int(11) DEFAULT '0',
  PRIMARY KEY (`id`)
) ENGINE=MyISAM AUTO_INCREMENT=2 DEFAULT CHARSET=latin1;

--
-- Dumping data for table `culture_organism_c`
--

INSERT INTO `culture_organism_c` VALUES (1,'Organism C',0);

--
-- Table structure for table `culture_sample`
--

CREATE TABLE `culture_sample` (
  `id` int(11) NOT NULL AUTO_INCREMENT,
  `name` varchar(255) CHARACTER SET utf8mb4 DEFAULT NULL,
  `deleted` int(11) DEFAULT '0',
  PRIMARY KEY (`id`)
) ENGINE=MyISAM AUTO_INCREMENT=4 DEFAULT CHARSET=latin1;

--
-- Dumping data for table `culture_sample`
--

INSERT INTO `culture_sample` VALUES (1,'Sample 1',0),(2,'Mid Stream Urine ',0),(3,'s3',0);

--
-- Table structure for table `culture_sensitivity_cat`
--

CREATE TABLE `culture_sensitivity_cat` (
  `id` int(11) NOT NULL AUTO_INCREMENT,
  `name` varchar(255) CHARACTER SET utf8mb4 DEFAULT NULL,
  `deleted` int(11) DEFAULT '0',
  PRIMARY KEY (`id`)
) ENGINE=MyISAM AUTO_INCREMENT=3 DEFAULT CHARSET=latin1;

--
-- Dumping data for table `culture_sensitivity_cat`
--

INSERT INTO `culture_sensitivity_cat` VALUES (1,'organism A',0),(2,'s333',0);

--
-- Table structure for table `day_times`
--

CREATE TABLE `day_times` (
  `id` int(11) NOT NULL AUTO_INCREMENT,
  `time_from` varchar(11) CHARACTER SET utf8mb4 DEFAULT NULL,
  `time_to` varchar(11) CHARACTER SET utf8mb4 DEFAULT NULL,
  PRIMARY KEY (`id`)
) ENGINE=MyISAM AUTO_INCREMENT=97 DEFAULT CHARSET=latin1;

--
-- Dumping data for table `day_times`
--

INSERT INTO `day_times` VALUES (1,'00:00:00','00:15:00'),(2,'00:15:00','00:30:00'),(3,'00:30:00','00:45:00'),(4,'00:45:00','01:00:00'),(5,'01:00:00','01:15:00'),(6,'01:15:00','01:30:00'),(7,'01:30:00','01:45:00'),(8,'01:45:00','02:00:00'),(9,'02:00:00','02:15:00'),(10,'02:15:00','02:30:00'),(11,'02:30:00','02:45:00'),(12,'02:45:00','03:00:00'),(13,'03:00:00','03:15:00'),(14,'03:15:00','03:30:00'),(15,'03:30:00','03:45:00'),(16,'03:45:00','04:00:00'),(17,'04:00:00','04:15:00'),(18,'04:15:00','04:30:00'),(19,'04:30:00','04:45:00'),(20,'04:45:00','05:00:00'),(21,'05:00:00','05:15:00'),(22,'05:15:00','05:30:00'),(23,'05:30:00','05:45:00'),(24,'05:45:00','06:00:00'),(25,'06:00:00','06:15:00'),(26,'06:15:00','06:30:00'),(27,'06:30:00','06:45:00'),(28,'06:45:00','07:00:00'),(29,'07:00:00','07:15:00'),(30,'07:15:00','07:30:00'),(31,'07:30:00','07:45:00'),(32,'07:45:00','08:00:00'),(33,'08:00:00','08:15:00'),(34,'08:15:00','08:30:00'),(35,'08:30:00','08:45:00'),(36,'08:45:00','09:00:00'),(37,'09:00:00','09:15:00'),(38,'09:15:00','09:30:00'),(39,'09:30:00','09:45:00'),(40,'09:45:00','10:00:00'),(41,'10:00:00','10:15:00'),(42,'10:15:00','10:30:00'),(43,'10:30:00','10:45:00'),(44,'10:45:00','11:00:00'),(45,'11:00:00','11:15:00'),(46,'11:15:00','11:30:00'),(47,'11:30:00','11:45:00'),(48,'11:45:00','12:00:00'),(49,'12:00:00','12:15:00'),(50,'12:15:00','12:30:00'),(51,'12:30:00','12:45:00'),(52,'12:45:00','13:00:00'),(53,'13:00:00','13:15:00'),(54,'13:15:00','13:30:00'),(55,'13:30:00','13:45:00'),(56,'13:45:00','14:00:00'),(57,'14:00:00','14:15:00'),(58,'14:15:00','14:30:00'),(59,'14:30:00','14:45:00'),(60,'14:45:00','15:00:00'),(61,'15:00:00','15:15:00'),(62,'15:15:00','15:30:00'),(63,'15:30:00','15:45:00'),(64,'15:45:00','16:00:00'),(65,'16:00:00','16:15:00'),(66,'16:15:00','16:30:00'),(67,'16:30:00','16:45:00'),(68,'16:45:00','17:00:00'),(69,'17:00:00','17:15:00'),(70,'17:15:00','17:30:00'),(71,'17:30:00','17:45:00'),(72,'17:45:00','18:00:00'),(73,'18:00:00','18:15:00'),(74,'18:15:00','18:30:00'),(75,'18:30:00','18:45:00'),(76,'18:45:00','19:00:00'),(77,'19:00:00','19:15:00'),(78,'19:15:00','19:30:00'),(79,'19:30:00','19:45:00'),(80,'19:45:00','20:00:00'),(81,'20:00:00','20:15:00'),(82,'20:15:00','20:30:00'),(83,'20:30:00','20:45:00'),(84,'20:45:00','21:00:00'),(85,'21:00:00','21:15:00'),(86,'21:15:00','21:30:00'),(87,'21:30:00','21:45:00'),(88,'21:45:00','22:00:00'),(89,'22:00:00','22:15:00'),(90,'22:15:00','22:30:00'),(91,'22:30:00','22:45:00'),(92,'22:45:00','23:00:00'),(93,'23:00:00','23:15:00'),(94,'23:15:00','23:30:00'),(95,'23:30:00','23:45:00'),(96,'23:45:00','00:00:00');

--
